{"id":87,"date":"2018-10-24T23:50:34","date_gmt":"2018-10-25T02:50:34","guid":{"rendered":"http:\/\/franciscanos.org.br\/vocacional\/?page_id=87"},"modified":"2020-03-05T07:43:29","modified_gmt":"2020-03-05T10:43:29","slug":"juventudes","status":"publish","type":"page","link":"https:\/\/franciscanos.org.br\/vocacional\/juventudes\/","title":{"rendered":"Juventudes"},"content":{"rendered":"<p>[vc_row][vc_column][vc_row_inner][vc_column_inner width=&#8221;1\/2&#8243;][vc_column_text]Em 2011, o Secretariado Provincial para a Evangeliza\u00e7\u00e3o realizou\u00a0 um encontro com 76 jovens procedentes de todas as Frentes de Evangeliza\u00e7\u00e3o. \u201cPara nossa alegria, entre tantas outras quest\u00f5es, os jovens falaram dos seus anseios e medos, de como gostariam que fossem vistos pela Igreja, do seu protagonismo na forma\u00e7\u00e3o dos pr\u00f3prios jovens, daquilo que poderia ser uma orienta\u00e7\u00e3o sadia para as juventudes no mundo de hoje\u201d, afirma Frei Fid\u00eancio, Ministro Provincial.<\/p>\n<p>Frei Toni Michels relembra que a motiva\u00e7\u00e3o inicial para o encontro era a prepara\u00e7\u00e3o da delega\u00e7\u00e3o da Prov\u00edncia para o Encontro Nacional de Jovens, promovido pelo Secretariado Interprovincial Franciscano de Evangeliza\u00e7\u00e3o e Miss\u00e3o (Sifem), que aconteceu no Santu\u00e1rio de Canind\u00e9 (CE) e tamb\u00e9m uma resposta aos apelos do Congresso Mission\u00e1rio Franciscano realizado em 2008, em C\u00f3rdoba, Argentina, quando a Ordem dos Frades Menores pediu uma maior aproxima\u00e7\u00e3o entre os frades e os jovens.<\/p>\n<p>Desde ent\u00e3o, surgiu uma bonita aproxima\u00e7\u00e3o com os jovens. Em janeiro de 2014, 36 jovens foram convidados a viver uma experi\u00eancia de supera\u00e7\u00e3o e desprendimento, caminhando em 2 dias cerca de 60km, de Taubat\u00e9 a Guaratinguet\u00e1 (SP). Desde ent\u00e3o, as Caminhadas Franciscanas da Juventude tornaram-se uma atividade assumida pelo SAV (Servi\u00e7o de Anima\u00e7\u00e3o Vocacional), reunindo nas sete edi\u00e7\u00f5es mais de 3.000 pessoas, em todo o territ\u00f3rio da Prov\u00edncia. Al\u00e9m dos participantes, milhares de pessoas participam indiretamente, seja na acolhida dos jovens, nas comunidades e na organiza\u00e7\u00e3o da atividade. A \u00faltima edi\u00e7\u00e3o da Caminhada Franciscana da Juventude aconteceu na cidade de Curitibanos (SC).[\/vc_column_text][\/vc_column_inner][vc_column_inner width=&#8221;1\/2&#8243;][vc_empty_space height=&#8221;30px&#8221;][vc_single_image image=&#8221;4926&#8243; img_size=&#8221;810&#215;610&#8243; alignment=&#8221;center&#8221; css_animation=&#8221;flipInX&#8221;][\/vc_column_inner][\/vc_row_inner][vc_empty_space height=&#8221;20px&#8221;][\/vc_column][\/vc_row][vc_section full_width=&#8221;stretch_row_content&#8221; css=&#8221;.vc_custom_1541513617727{margin-bottom: -50px !important;background-image: url(http:\/\/franciscanos.org.br\/vocacional\/wp-content\/uploads\/2018\/11\/bg-juventudes.jpg?id=4921) !important;background-position: center !important;background-repeat: no-repeat !important;background-size: cover !important;}&#8221;][vc_row][vc_column width=&#8221;1\/2&#8243; css=&#8221;.vc_custom_1541513597851{padding-left: 100px !important;}&#8221;][vc_empty_space height=&#8221;70px&#8221;][vc_custom_heading text=&#8221;Peregrinos e Mission\u00e1rios&#8221; font_container=&#8221;tag:h2|font_size:30px|text_align:left|color:%23a34725|line_height:30px&#8221; google_fonts=&#8221;font_family:Playfair%20Display%3Aregular%2Citalic%2C700%2C700italic%2C900%2C900italic|font_style:700%20bold%20regular%3A700%3Anormal&#8221;][vc_column_text]Al\u00e9m das Caminhadas, as Miss\u00f5es Franciscanas da Juventude, que teve sua primeira edi\u00e7\u00e3o em 2014, foi outro momento de reunir os jovens da Prov\u00edncia, desta vez para realizar uma experi\u00eancia de encontro com o pr\u00f3ximo. A primeira experi\u00eancia aconteceu em 2014, no Semin\u00e1rio S\u00e3o Francisco, em Ituporanga (SC) e reuniu 90 pessoas. A primeira edi\u00e7\u00e3o das Miss\u00f5es Franciscanas foi apenas para jovens dos estados do Paran\u00e1 e Santa Catarina. J\u00e1 a segunda edi\u00e7\u00e3o, que aconteceu em Conc\u00f3rdia (SC), reuniu mais de 210 jovens dos cinco estados da Prov\u00edncia. Na \u00faltima edi\u00e7\u00e3o, em 2020, realizada em Xaxim (SC), 800 jovens disseram sim ao apelo da Prov\u00edncia para serem mission\u00e1rios. Na ocasi\u00e3o, foi realizada conjuntamente a terceira edi\u00e7\u00e3o da <em>Serata Laudato Si&#8217;<\/em>, um evento\u00a0 cultural da Ordem dos Frades Menores que promove a mensagem da Enc\u00edclica <em>Laudato Si\u2019<\/em> sobre o cuidado da Casa Comum, escrita pelo Papa Francisco.<\/p>\n<p>Al\u00e9m das atividades j\u00e1 consolidadas no trabalho com juventude, duas outras atividades nasceram a partir do desejo dos jovens de buscar e encontrar o desejo de Deus para suas vidas e conhecerem mais sobre a Espiritualidade Franciscana. Uma delas \u00e9 o Acampamento Franciscano da Juventude e o Encontro de Forma\u00e7\u00e3o Franciscana Alverne, organizado pelos pr\u00f3prios jovens, com apoio do SAV.<\/p>\n<p>\u201cO trabalho com os jovens n\u00e3o escolhe dia, hora ou local. Atrav\u00e9s das m\u00eddias sociais e dos meios de comunica\u00e7\u00e3o, a proximidade com a vida concreta de nossos jovens \u00e9 muito intensa. Tenho consci\u00eancia de que muitos deles procuram em n\u00f3s, frades, um referencial para suas escolhas, decis\u00f5es, buscas e inquieta\u00e7\u00f5es. \u00c9 uma grande alegria perceber a ades\u00e3o cada vez maior de nossos frades, que participam, interagem, fazem amizades e se aproximam dos nossos jovens. Tudo isso me faz perceber o quanto a juventude tamb\u00e9m pode contribuir para a renova\u00e7\u00e3o de nossa vida franciscana. Sempre digo que toda essa movimenta\u00e7\u00e3o nos motiva a darmos uma resposta atualizada e juvenil de nosso carisma\u201d, afirma Frei Diego Melo, coordenador do SAV.<\/p>\n<p>Em 2019, O Conselho Provincial de Juventudes definiu um Plano de A\u00e7\u00e3o, que foi dividido em dois grupos de trabalho: Itiner\u00e1rio e forma\u00e7\u00e3o.[\/vc_column_text][vc_empty_space height=&#8221;70px&#8221;][\/vc_column][vc_column width=&#8221;1\/2&#8243;][\/vc_column][\/vc_row][\/vc_section]<\/p>\n","protected":false},"excerpt":{"rendered":"<p>[vc_row][vc_column][vc_row_inner][vc_column_inner width=&#8221;1\/2&#8243;][vc_column_text]Em 2011, o Secretariado Provincial para a Evangeliza\u00e7\u00e3o realizou\u00a0 um encontro com 76 jovens procedentes de todas as Frentes de Evangeliza\u00e7\u00e3o. \u201cPara nossa alegria, entre tantas outras quest\u00f5es, os jovens falaram dos seus anseios e medos, de como gostariam que fossem vistos pela Igreja, do seu protagonismo na forma\u00e7\u00e3o dos pr\u00f3prios jovens, daquilo que [&hellip;]<\/p>\n","protected":false},"author":1,"featured_media":4867,"parent":0,"menu_order":0,"comment_status":"closed","ping_status":"closed","template":"","meta":{"footnotes":""},"yoast_head":"<!-- This site is optimized with the Yoast SEO plugin v19.2 - https:\/\/yoast.com\/wordpress\/plugins\/seo\/ -->\n<title>Juventudes - Vocacional - Franciscanos<\/title>\n<meta name=\"robots\" content=\"index, follow, max-snippet:-1, max-image-preview:large, max-video-preview:-1\" \/>\n<link rel=\"canonical\" href=\"https:\/\/franciscanos.org.br\/vocacional\/juventudes\/\" \/>\n<meta property=\"og:locale\" content=\"pt_BR\" \/>\n<meta property=\"og:type\" content=\"article\" \/>\n<meta property=\"og:title\" content=\"Juventudes - Vocacional - Franciscanos\" \/>\n<meta property=\"og:description\" content=\"[vc_row][vc_column][vc_row_inner][vc_column_inner width=&#8221;1\/2&#8243;][vc_column_text]Em 2011, o Secretariado Provincial para a Evangeliza\u00e7\u00e3o realizou\u00a0 um encontro com 76 jovens procedentes de todas as Frentes de Evangeliza\u00e7\u00e3o. \u201cPara nossa alegria, entre tantas outras quest\u00f5es, os jovens falaram dos seus anseios e medos, de como gostariam que fossem vistos pela Igreja, do seu protagonismo na forma\u00e7\u00e3o dos pr\u00f3prios jovens, daquilo que [&hellip;]\" \/>\n<meta property=\"og:url\" content=\"https:\/\/franciscanos.org.br\/vocacional\/juventudes\/\" \/>\n<meta property=\"og:site_name\" content=\"Vocacional - Franciscanos\" \/>\n<meta property=\"article:modified_time\" content=\"2020-03-05T10:43:29+00:00\" \/>\n<meta property=\"og:image\" content=\"https:\/\/franciscanos.org.br\/vocacional\/wp-content\/uploads\/2018\/11\/juventude_051118-dest.jpg\" \/>\n\t<meta property=\"og:image:width\" content=\"332\" \/>\n\t<meta property=\"og:image:height\" content=\"233\" \/>\n\t<meta property=\"og:image:type\" content=\"image\/jpeg\" \/>\n<meta name=\"author\" content=\"admin\" \/>\n<meta name=\"twitter:card\" content=\"summary_large_image\" \/>\n<meta name=\"twitter:label1\" content=\"Est. tempo de leitura\" \/>\n\t<meta name=\"twitter:data1\" content=\"4 minutos\" \/>\n<script type=\"application\/ld+json\" class=\"yoast-schema-graph\">{\"@context\":\"https:\/\/schema.org\",\"@graph\":[{\"@type\":\"WebSite\",\"@id\":\"https:\/\/franciscanos.org.br\/vocacional\/#website\",\"url\":\"https:\/\/franciscanos.org.br\/vocacional\/\",\"name\":\"Vocacional - Franciscanos\",\"description\":\"Prov\u00edncia Franciscana da Imaculada Concei\u00e7\u00e3o do Brasil - Ordem dos Frades Menores\",\"potentialAction\":[{\"@type\":\"SearchAction\",\"target\":{\"@type\":\"EntryPoint\",\"urlTemplate\":\"https:\/\/franciscanos.org.br\/vocacional\/?s={search_term_string}\"},\"query-input\":\"required name=search_term_string\"}],\"inLanguage\":\"pt-BR\"},{\"@type\":\"ImageObject\",\"inLanguage\":\"pt-BR\",\"@id\":\"https:\/\/franciscanos.org.br\/vocacional\/juventudes\/#primaryimage\",\"url\":\"https:\/\/franciscanos.org.br\/vocacional\/wp-content\/uploads\/2018\/11\/juventude_051118-dest.jpg\",\"contentUrl\":\"https:\/\/franciscanos.org.br\/vocacional\/wp-content\/uploads\/2018\/11\/juventude_051118-dest.jpg\",\"width\":332,\"height\":233},{\"@type\":\"WebPage\",\"@id\":\"https:\/\/franciscanos.org.br\/vocacional\/juventudes\/#webpage\",\"url\":\"https:\/\/franciscanos.org.br\/vocacional\/juventudes\/\",\"name\":\"Juventudes - Vocacional - Franciscanos\",\"isPartOf\":{\"@id\":\"https:\/\/franciscanos.org.br\/vocacional\/#website\"},\"primaryImageOfPage\":{\"@id\":\"https:\/\/franciscanos.org.br\/vocacional\/juventudes\/#primaryimage\"},\"datePublished\":\"2018-10-25T02:50:34+00:00\",\"dateModified\":\"2020-03-05T10:43:29+00:00\",\"breadcrumb\":{\"@id\":\"https:\/\/franciscanos.org.br\/vocacional\/juventudes\/#breadcrumb\"},\"inLanguage\":\"pt-BR\",\"potentialAction\":[{\"@type\":\"ReadAction\",\"target\":[\"https:\/\/franciscanos.org.br\/vocacional\/juventudes\/\"]}]},{\"@type\":\"BreadcrumbList\",\"@id\":\"https:\/\/franciscanos.org.br\/vocacional\/juventudes\/#breadcrumb\",\"itemListElement\":[{\"@type\":\"ListItem\",\"position\":1,\"name\":\"Home\",\"item\":\"https:\/\/franciscanos.org.br\/vocacional\/\"},{\"@type\":\"ListItem\",\"position\":2,\"name\":\"Juventudes\"}]}]}<\/script>\n<!-- \/ Yoast SEO plugin. -->","yoast_head_json":{"title":"Juventudes - Vocacional - Franciscanos","robots":{"index":"index","follow":"follow","max-snippet":"max-snippet:-1","max-image-preview":"max-image-preview:large","max-video-preview":"max-video-preview:-1"},"canonical":"https:\/\/franciscanos.org.br\/vocacional\/juventudes\/","og_locale":"pt_BR","og_type":"article","og_title":"Juventudes - Vocacional - Franciscanos","og_description":"[vc_row][vc_column][vc_row_inner][vc_column_inner width=&#8221;1\/2&#8243;][vc_column_text]Em 2011, o Secretariado Provincial para a Evangeliza\u00e7\u00e3o realizou\u00a0 um encontro com 76 jovens procedentes de todas as Frentes de Evangeliza\u00e7\u00e3o. \u201cPara nossa alegria, entre tantas outras quest\u00f5es, os jovens falaram dos seus anseios e medos, de como gostariam que fossem vistos pela Igreja, do seu protagonismo na forma\u00e7\u00e3o dos pr\u00f3prios jovens, daquilo que [&hellip;]","og_url":"https:\/\/franciscanos.org.br\/vocacional\/juventudes\/","og_site_name":"Vocacional - Franciscanos","article_modified_time":"2020-03-05T10:43:29+00:00","og_image":[{"width":332,"height":233,"url":"https:\/\/franciscanos.org.br\/vocacional\/wp-content\/uploads\/2018\/11\/juventude_051118-dest.jpg","type":"image\/jpeg"}],"author":"admin","twitter_card":"summary_large_image","twitter_misc":{"Est. tempo de leitura":"4 minutos"},"schema":{"@context":"https:\/\/schema.org","@graph":[{"@type":"WebSite","@id":"https:\/\/franciscanos.org.br\/vocacional\/#website","url":"https:\/\/franciscanos.org.br\/vocacional\/","name":"Vocacional - Franciscanos","description":"Prov\u00edncia Franciscana da Imaculada Concei\u00e7\u00e3o do Brasil - Ordem dos Frades Menores","potentialAction":[{"@type":"SearchAction","target":{"@type":"EntryPoint","urlTemplate":"https:\/\/franciscanos.org.br\/vocacional\/?s={search_term_string}"},"query-input":"required name=search_term_string"}],"inLanguage":"pt-BR"},{"@type":"ImageObject","inLanguage":"pt-BR","@id":"https:\/\/franciscanos.org.br\/vocacional\/juventudes\/#primaryimage","url":"https:\/\/franciscanos.org.br\/vocacional\/wp-content\/uploads\/2018\/11\/juventude_051118-dest.jpg","contentUrl":"https:\/\/franciscanos.org.br\/vocacional\/wp-content\/uploads\/2018\/11\/juventude_051118-dest.jpg","width":332,"height":233},{"@type":"WebPage","@id":"https:\/\/franciscanos.org.br\/vocacional\/juventudes\/#webpage","url":"https:\/\/franciscanos.org.br\/vocacional\/juventudes\/","name":"Juventudes - Vocacional - Franciscanos","isPartOf":{"@id":"https:\/\/franciscanos.org.br\/vocacional\/#website"},"primaryImageOfPage":{"@id":"https:\/\/franciscanos.org.br\/vocacional\/juventudes\/#primaryimage"},"datePublished":"2018-10-25T02:50:34+00:00","dateModified":"2020-03-05T10:43:29+00:00","breadcrumb":{"@id":"https:\/\/franciscanos.org.br\/vocacional\/juventudes\/#breadcrumb"},"inLanguage":"pt-BR","potentialAction":[{"@type":"ReadAction","target":["https:\/\/franciscanos.org.br\/vocacional\/juventudes\/"]}]},{"@type":"BreadcrumbList","@id":"https:\/\/franciscanos.org.br\/vocacional\/juventudes\/#breadcrumb","itemListElement":[{"@type":"ListItem","position":1,"name":"Home","item":"https:\/\/franciscanos.org.br\/vocacional\/"},{"@type":"ListItem","position":2,"name":"Juventudes"}]}]}},"_links":{"self":[{"href":"https:\/\/franciscanos.org.br\/vocacional\/wp-json\/wp\/v2\/pages\/87"}],"collection":[{"href":"https:\/\/franciscanos.org.br\/vocacional\/wp-json\/wp\/v2\/pages"}],"about":[{"href":"https:\/\/franciscanos.org.br\/vocacional\/wp-json\/wp\/v2\/types\/page"}],"author":[{"embeddable":true,"href":"https:\/\/franciscanos.org.br\/vocacional\/wp-json\/wp\/v2\/users\/1"}],"replies":[{"embeddable":true,"href":"https:\/\/franciscanos.org.br\/vocacional\/wp-json\/wp\/v2\/comments?post=87"}],"version-history":[{"count":2,"href":"https:\/\/franciscanos.org.br\/vocacional\/wp-json\/wp\/v2\/pages\/87\/revisions"}],"predecessor-version":[{"id":5622,"href":"https:\/\/franciscanos.org.br\/vocacional\/wp-json\/wp\/v2\/pages\/87\/revisions\/5622"}],"wp:featuredmedia":[{"embeddable":true,"href":"https:\/\/franciscanos.org.br\/vocacional\/wp-json\/wp\/v2\/media\/4867"}],"wp:attachment":[{"href":"https:\/\/franciscanos.org.br\/vocacional\/wp-json\/wp\/v2\/media?parent=87"}],"curies":[{"name":"wp","href":"https:\/\/api.w.org\/{rel}","templated":true}]}}