{"version":"1.0","provider_name":"Not\u00edcias - Franciscanos","provider_url":"https:\/\/franciscanos.org.br\/noticias","author_name":"freiaugusto","author_url":"https:\/\/franciscanos.org.br\/noticias\/author\/freiaugusto","title":"Sobre Frei Harada - Not\u00edcias - Franciscanos","type":"rich","width":600,"height":338,"html":"<blockquote class=\"wp-embedded-content\" data-secret=\"J1v6Ha1qWN\"><a href=\"https:\/\/franciscanos.org.br\/noticias\/sobre-frei-harada.html\">Sobre Frei Harada<\/a><\/blockquote><iframe sandbox=\"allow-scripts\" security=\"restricted\" src=\"https:\/\/franciscanos.org.br\/noticias\/sobre-frei-harada.html\/embed#?secret=J1v6Ha1qWN\" width=\"600\" height=\"338\" title=\"&#8220;Sobre Frei Harada&#8221; &#8212; Not\u00edcias - Franciscanos\" data-secret=\"J1v6Ha1qWN\" frameborder=\"0\" marginwidth=\"0\" marginheight=\"0\" scrolling=\"no\" class=\"wp-embedded-content\"><\/iframe><script type=\"text\/javascript\">\n\/*! This file is auto-generated *\/\n!function(c,l){\"use strict\";var e=!1,o=!1;if(l.querySelector)if(c.addEventListener)e=!0;if(c.wp=c.wp||{},c.wp.receiveEmbedMessage);else if(c.wp.receiveEmbedMessage=function(e){var t=e.data;if(!t);else if(!(t.secret||t.message||t.value));else if(\/[^a-zA-Z0-9]\/.test(t.secret));else{for(var r,s,a,i=l.querySelectorAll('iframe[data-secret=\"'+t.secret+'\"]'),n=l.querySelectorAll('blockquote[data-secret=\"'+t.secret+'\"]'),o=0;o<n.length;o++)n[o].style.display=\"none\";for(o=0;o<i.length;o++)if(r=i[o],e.source!==r.contentWindow);else{if(r.removeAttribute(\"style\"),\"height\"===t.message){if(1e3<(s=parseInt(t.value,10)))s=1e3;else if(~~s<200)s=200;r.height=s}if(\"link\"===t.message)if(s=l.createElement(\"a\"),a=l.createElement(\"a\"),s.href=r.getAttribute(\"src\"),a.href=t.value,a.host===s.host)if(l.activeElement===r)c.top.location.href=t.value}}},e)c.addEventListener(\"message\",c.wp.receiveEmbedMessage,!1),l.addEventListener(\"DOMContentLoaded\",t,!1),c.addEventListener(\"load\",t,!1);function t(){if(o);else{o=!0;for(var e,t,r,s=-1!==navigator.appVersion.indexOf(\"MSIE 10\"),a=!!navigator.userAgent.match(\/Trident.*rv:11\\.\/),i=l.querySelectorAll(\"iframe.wp-embedded-content\"),n=0;n<i.length;n++){if(!(r=(t=i[n]).getAttribute(\"data-secret\")))r=Math.random().toString(36).substr(2,10),t.src+=\"#?secret=\"+r,t.setAttribute(\"data-secret\",r);if(s||a)(e=t.cloneNode(!0)).removeAttribute(\"security\"),t.parentNode.replaceChild(e,t);t.contentWindow.postMessage({message:\"ready\",secret:r},\"*\")}}}}(window,document);\n<\/script>\n","thumbnail_url":"https:\/\/franciscanos.org.br\/noticias\/wp-content\/uploads\/2018\/07\/harada_frei.jpg","thumbnail_width":330,"thumbnail_height":219,"description":"O FRADE MENOR Frei Herm\u00f3genes Harada nasceu em Miyasaki, Jap\u00e3o, no dia 2 de outubro de 1928. Seu pai, Kampei Harada, e sua m\u00e3e, Sunao Kubo, eram budistas convertidos ao cristianismo protestante. Segundo Frei Harada, eles se encontraram ao trabalharem numa obra social de assist\u00eancia \u00e0s crian\u00e7as abandonadas. Mais tarde se converteram ao catolicismo sob [&hellip;]"}

Notícias - Franciscanos

Sobre Frei Harada - Notícias - Franciscanos

<blockquote class="wp-embedded-content" data-secret="J1v6Ha1qWN"><a href="https://franciscanos.org.br/noticias/sobre-frei-harada.html">Sobre Frei Harada</a></blockquote><iframe sandbox="allow-scripts" security="restricted" src="https://franciscanos.org.br/noticias/sobre-frei-harada.html/embed#?secret=J1v6Ha1qWN" width="600" height="338" title="&#8220;Sobre Frei Harada&#8221; &#8212; Notícias - Franciscanos" data-secret="J1v6Ha1qWN" frameborder="0" marginwidth="0" marginheight="0" scrolling="no" class="wp-embedded-content"></iframe><script type="text/javascript">
/*! This file is auto-generated */
!function(c,l){"use strict";var e=!1,o=!1;if(l.querySelector)if(c.addEventListener)e=!0;if(c.wp=c.wp||{},c.wp.receiveEmbedMessage);else if(c.wp.receiveEmbedMessage=function(e){var t=e.data;if(!t);else if(!(t.secret||t.message||t.value));else if(/[^a-zA-Z0-9]/.test(t.secret));else{for(var r,s,a,i=l.querySelectorAll('iframe[data-secret="'+t.secret+'"]'),n=l.querySelectorAll('blockquote[data-secret="'+t.secret+'"]'),o=0;o<n.length;o++)n[o].style.display="none";for(o=0;o<i.length;o++)if(r=i[o],e.source!==r.contentWindow);else{if(r.removeAttribute("style"),"height"===t.message){if(1e3<(s=parseInt(t.value,10)))s=1e3;else if(~~s<200)s=200;r.height=s}if("link"===t.message)if(s=l.createElement("a"),a=l.createElement("a"),s.href=r.getAttribute("src"),a.href=t.value,a.host===s.host)if(l.activeElement===r)c.top.location.href=t.value}}},e)c.addEventListener("message",c.wp.receiveEmbedMessage,!1),l.addEventListener("DOMContentLoaded",t,!1),c.addEventListener("load",t,!1);function t(){if(o);else{o=!0;for(var e,t,r,s=-1!==navigator.appVersion.indexOf("MSIE 10"),a=!!navigator.userAgent.match(/Trident.*rv:11\./),i=l.querySelectorAll("iframe.wp-embedded-content"),n=0;n<i.length;n++){if(!(r=(t=i[n]).getAttribute("data-secret")))r=Math.random().toString(36).substr(2,10),t.src+="#?secret="+r,t.setAttribute("data-secret",r);if(s||a)(e=t.cloneNode(!0)).removeAttribute("security"),t.parentNode.replaceChild(e,t);t.contentWindow.postMessage({message:"ready",secret:r},"*")}}}}(window,document);
</script>

O FRADE MENOR Frei Hermógenes Harada nasceu em Miyasaki, Japão, no dia 2 de outubro de 1928. Seu pai, Kampei Harada, e sua mãe, Sunao Kubo, eram budistas convertidos ao cristianismo protestante. Segundo Frei Harada, eles se encontraram ao trabalharem numa obra social de assistência às crianças abandonadas. Mais tarde se converteram ao catolicismo sob [&hellip;]
