{"version":"1.0","provider_name":"Not\u00edcias - Franciscanos","provider_url":"https:\/\/franciscanos.org.br\/noticias","author_name":"moacir","author_url":"https:\/\/franciscanos.org.br\/noticias\/author\/moacir","title":"\"Melhor professor do mundo\" \u00e9 franciscano - Not\u00edcias - Franciscanos","type":"rich","width":600,"height":338,"html":"<blockquote class=\"wp-embedded-content\" data-secret=\"6fpdnFUPeD\"><a href=\"https:\/\/franciscanos.org.br\/noticias\/melhor-professor-do-mundo-e-franciscano.html\">&#8220;Melhor professor do mundo&#8221; \u00e9 franciscano<\/a><\/blockquote><iframe sandbox=\"allow-scripts\" security=\"restricted\" src=\"https:\/\/franciscanos.org.br\/noticias\/melhor-professor-do-mundo-e-franciscano.html\/embed#?secret=6fpdnFUPeD\" width=\"600\" height=\"338\" title=\"&#8220;&#8220;Melhor professor do mundo&#8221; \u00e9 franciscano&#8221; &#8212; Not\u00edcias - Franciscanos\" data-secret=\"6fpdnFUPeD\" frameborder=\"0\" marginwidth=\"0\" marginheight=\"0\" scrolling=\"no\" class=\"wp-embedded-content\"><\/iframe><script type=\"text\/javascript\">\n\/*! This file is auto-generated *\/\n!function(c,l){\"use strict\";var e=!1,o=!1;if(l.querySelector)if(c.addEventListener)e=!0;if(c.wp=c.wp||{},c.wp.receiveEmbedMessage);else if(c.wp.receiveEmbedMessage=function(e){var t=e.data;if(!t);else if(!(t.secret||t.message||t.value));else if(\/[^a-zA-Z0-9]\/.test(t.secret));else{for(var r,s,a,i=l.querySelectorAll('iframe[data-secret=\"'+t.secret+'\"]'),n=l.querySelectorAll('blockquote[data-secret=\"'+t.secret+'\"]'),o=0;o<n.length;o++)n[o].style.display=\"none\";for(o=0;o<i.length;o++)if(r=i[o],e.source!==r.contentWindow);else{if(r.removeAttribute(\"style\"),\"height\"===t.message){if(1e3<(s=parseInt(t.value,10)))s=1e3;else if(~~s<200)s=200;r.height=s}if(\"link\"===t.message)if(s=l.createElement(\"a\"),a=l.createElement(\"a\"),s.href=r.getAttribute(\"src\"),a.href=t.value,a.host===s.host)if(l.activeElement===r)c.top.location.href=t.value}}},e)c.addEventListener(\"message\",c.wp.receiveEmbedMessage,!1),l.addEventListener(\"DOMContentLoaded\",t,!1),c.addEventListener(\"load\",t,!1);function t(){if(o);else{o=!0;for(var e,t,r,s=-1!==navigator.appVersion.indexOf(\"MSIE 10\"),a=!!navigator.userAgent.match(\/Trident.*rv:11\\.\/),i=l.querySelectorAll(\"iframe.wp-embedded-content\"),n=0;n<i.length;n++){if(!(r=(t=i[n]).getAttribute(\"data-secret\")))r=Math.random().toString(36).substr(2,10),t.src+=\"#?secret=\"+r,t.setAttribute(\"data-secret\",r);if(s||a)(e=t.cloneNode(!0)).removeAttribute(\"security\"),t.parentNode.replaceChild(e,t);t.contentWindow.postMessage({message:\"ready\",secret:r},\"*\")}}}}(window,document);\n<\/script>\n","thumbnail_url":"https:\/\/franciscanos.org.br\/noticias\/wp-content\/uploads\/2019\/03\/professor_2503d.jpg","thumbnail_width":273,"thumbnail_height":181,"description":"Peter Tabichi, religioso franciscano, ganhou o Global Teacher Prize de 2019, conferido pela Funda\u00e7\u00e3o Varkey, organiza\u00e7\u00e3o de caridade dedicada \u00e0 melhoria da educa\u00e7\u00e3o para crian\u00e7as carentes. Tabichi foi elogiado por suas realiza\u00e7\u00f5es em uma escola sem infraestrutura, em meio a classes lotadas e poucos livros did\u00e1ticos. Ele quer que os alunos vejam &#8220;a ci\u00eancia \u00e9 [&hellip;]"}

Notícias - Franciscanos

"Melhor professor do mundo" é franciscano - Notícias - Franciscanos

<blockquote class="wp-embedded-content" data-secret="6fpdnFUPeD"><a href="https://franciscanos.org.br/noticias/melhor-professor-do-mundo-e-franciscano.html">&#8220;Melhor professor do mundo&#8221; é franciscano</a></blockquote><iframe sandbox="allow-scripts" security="restricted" src="https://franciscanos.org.br/noticias/melhor-professor-do-mundo-e-franciscano.html/embed#?secret=6fpdnFUPeD" width="600" height="338" title="&#8220;&#8220;Melhor professor do mundo&#8221; é franciscano&#8221; &#8212; Notícias - Franciscanos" data-secret="6fpdnFUPeD" frameborder="0" marginwidth="0" marginheight="0" scrolling="no" class="wp-embedded-content"></iframe><script type="text/javascript">
/*! This file is auto-generated */
!function(c,l){"use strict";var e=!1,o=!1;if(l.querySelector)if(c.addEventListener)e=!0;if(c.wp=c.wp||{},c.wp.receiveEmbedMessage);else if(c.wp.receiveEmbedMessage=function(e){var t=e.data;if(!t);else if(!(t.secret||t.message||t.value));else if(/[^a-zA-Z0-9]/.test(t.secret));else{for(var r,s,a,i=l.querySelectorAll('iframe[data-secret="'+t.secret+'"]'),n=l.querySelectorAll('blockquote[data-secret="'+t.secret+'"]'),o=0;o<n.length;o++)n[o].style.display="none";for(o=0;o<i.length;o++)if(r=i[o],e.source!==r.contentWindow);else{if(r.removeAttribute("style"),"height"===t.message){if(1e3<(s=parseInt(t.value,10)))s=1e3;else if(~~s<200)s=200;r.height=s}if("link"===t.message)if(s=l.createElement("a"),a=l.createElement("a"),s.href=r.getAttribute("src"),a.href=t.value,a.host===s.host)if(l.activeElement===r)c.top.location.href=t.value}}},e)c.addEventListener("message",c.wp.receiveEmbedMessage,!1),l.addEventListener("DOMContentLoaded",t,!1),c.addEventListener("load",t,!1);function t(){if(o);else{o=!0;for(var e,t,r,s=-1!==navigator.appVersion.indexOf("MSIE 10"),a=!!navigator.userAgent.match(/Trident.*rv:11\./),i=l.querySelectorAll("iframe.wp-embedded-content"),n=0;n<i.length;n++){if(!(r=(t=i[n]).getAttribute("data-secret")))r=Math.random().toString(36).substr(2,10),t.src+="#?secret="+r,t.setAttribute("data-secret",r);if(s||a)(e=t.cloneNode(!0)).removeAttribute("security"),t.parentNode.replaceChild(e,t);t.contentWindow.postMessage({message:"ready",secret:r},"*")}}}}(window,document);
</script>

Peter Tabichi, religioso franciscano, ganhou o Global Teacher Prize de 2019, conferido pela Fundação Varkey, organização de caridade dedicada à melhoria da educação para crianças carentes. Tabichi foi elogiado por suas realizações em uma escola sem infraestrutura, em meio a classes lotadas e poucos livros didáticos. Ele quer que os alunos vejam &#8220;a ciência é [&hellip;]
