{"version":"1.0","provider_name":"Not\u00edcias - Franciscanos","provider_url":"https:\/\/franciscanos.org.br\/noticias","author_name":"jovenal","author_url":"https:\/\/franciscanos.org.br\/noticias\/author\/jovenal","title":"Frei Hip\u00f3lito Martendal: No \u201cCaminho da F\u00e9\u201d - Not\u00edcias - Franciscanos","type":"rich","width":600,"height":338,"html":"<blockquote class=\"wp-embedded-content\" data-secret=\"RliPEnaL3l\"><a href=\"https:\/\/franciscanos.org.br\/noticias\/frei-hipolito-martendal-no-caminho-da-fe.html\">Frei Hip\u00f3lito Martendal: No \u201cCaminho da F\u00e9\u201d<\/a><\/blockquote><iframe sandbox=\"allow-scripts\" security=\"restricted\" src=\"https:\/\/franciscanos.org.br\/noticias\/frei-hipolito-martendal-no-caminho-da-fe.html\/embed#?secret=RliPEnaL3l\" width=\"600\" height=\"338\" title=\"&#8220;Frei Hip\u00f3lito Martendal: No \u201cCaminho da F\u00e9\u201d&#8221; &#8212; Not\u00edcias - Franciscanos\" data-secret=\"RliPEnaL3l\" frameborder=\"0\" marginwidth=\"0\" marginheight=\"0\" scrolling=\"no\" class=\"wp-embedded-content\"><\/iframe><script type=\"text\/javascript\">\n\/*! This file is auto-generated *\/\n!function(c,l){\"use strict\";var e=!1,o=!1;if(l.querySelector)if(c.addEventListener)e=!0;if(c.wp=c.wp||{},c.wp.receiveEmbedMessage);else if(c.wp.receiveEmbedMessage=function(e){var t=e.data;if(!t);else if(!(t.secret||t.message||t.value));else if(\/[^a-zA-Z0-9]\/.test(t.secret));else{for(var r,s,a,i=l.querySelectorAll('iframe[data-secret=\"'+t.secret+'\"]'),n=l.querySelectorAll('blockquote[data-secret=\"'+t.secret+'\"]'),o=0;o<n.length;o++)n[o].style.display=\"none\";for(o=0;o<i.length;o++)if(r=i[o],e.source!==r.contentWindow);else{if(r.removeAttribute(\"style\"),\"height\"===t.message){if(1e3<(s=parseInt(t.value,10)))s=1e3;else if(~~s<200)s=200;r.height=s}if(\"link\"===t.message)if(s=l.createElement(\"a\"),a=l.createElement(\"a\"),s.href=r.getAttribute(\"src\"),a.href=t.value,a.host===s.host)if(l.activeElement===r)c.top.location.href=t.value}}},e)c.addEventListener(\"message\",c.wp.receiveEmbedMessage,!1),l.addEventListener(\"DOMContentLoaded\",t,!1),c.addEventListener(\"load\",t,!1);function t(){if(o);else{o=!0;for(var e,t,r,s=-1!==navigator.appVersion.indexOf(\"MSIE 10\"),a=!!navigator.userAgent.match(\/Trident.*rv:11\\.\/),i=l.querySelectorAll(\"iframe.wp-embedded-content\"),n=0;n<i.length;n++){if(!(r=(t=i[n]).getAttribute(\"data-secret\")))r=Math.random().toString(36).substr(2,10),t.src+=\"#?secret=\"+r,t.setAttribute(\"data-secret\",r);if(s||a)(e=t.cloneNode(!0)).removeAttribute(\"security\"),t.parentNode.replaceChild(e,t);t.contentWindow.postMessage({message:\"ready\",secret:r},\"*\")}}}}(window,document);\n<\/script>\n","thumbnail_url":"https:\/\/franciscanos.org.br\/noticias\/wp-content\/uploads\/2019\/01\/frei-hipolito-191218-1200.jpg","thumbnail_width":800,"thumbnail_height":600,"description":"Frei Hip\u00f3lito Martendal nasceu em Santo Amaro da Imperatriz (SC), no dia 13 de agosto de 1937. O ca\u00e7ula de 10 irm\u00e3os, filho de um franciscano da OFS, foi para o Semin\u00e1rio aos 13 anos. Ele afirma que a voca\u00e7\u00e3o franciscana, assim como outros cap\u00edtulos em sua hist\u00f3ria, surgiu casualmente. Estudioso, \u00e9 formado em Filosofia, [&hellip;]"}

Notícias - Franciscanos

Frei Hipólito Martendal: No “Caminho da Fé” - Notícias - Franciscanos

<blockquote class="wp-embedded-content" data-secret="RliPEnaL3l"><a href="https://franciscanos.org.br/noticias/frei-hipolito-martendal-no-caminho-da-fe.html">Frei Hipólito Martendal: No “Caminho da Fé”</a></blockquote><iframe sandbox="allow-scripts" security="restricted" src="https://franciscanos.org.br/noticias/frei-hipolito-martendal-no-caminho-da-fe.html/embed#?secret=RliPEnaL3l" width="600" height="338" title="&#8220;Frei Hipólito Martendal: No “Caminho da Fé”&#8221; &#8212; Notícias - Franciscanos" data-secret="RliPEnaL3l" frameborder="0" marginwidth="0" marginheight="0" scrolling="no" class="wp-embedded-content"></iframe><script type="text/javascript">
/*! This file is auto-generated */
!function(c,l){"use strict";var e=!1,o=!1;if(l.querySelector)if(c.addEventListener)e=!0;if(c.wp=c.wp||{},c.wp.receiveEmbedMessage);else if(c.wp.receiveEmbedMessage=function(e){var t=e.data;if(!t);else if(!(t.secret||t.message||t.value));else if(/[^a-zA-Z0-9]/.test(t.secret));else{for(var r,s,a,i=l.querySelectorAll('iframe[data-secret="'+t.secret+'"]'),n=l.querySelectorAll('blockquote[data-secret="'+t.secret+'"]'),o=0;o<n.length;o++)n[o].style.display="none";for(o=0;o<i.length;o++)if(r=i[o],e.source!==r.contentWindow);else{if(r.removeAttribute("style"),"height"===t.message){if(1e3<(s=parseInt(t.value,10)))s=1e3;else if(~~s<200)s=200;r.height=s}if("link"===t.message)if(s=l.createElement("a"),a=l.createElement("a"),s.href=r.getAttribute("src"),a.href=t.value,a.host===s.host)if(l.activeElement===r)c.top.location.href=t.value}}},e)c.addEventListener("message",c.wp.receiveEmbedMessage,!1),l.addEventListener("DOMContentLoaded",t,!1),c.addEventListener("load",t,!1);function t(){if(o);else{o=!0;for(var e,t,r,s=-1!==navigator.appVersion.indexOf("MSIE 10"),a=!!navigator.userAgent.match(/Trident.*rv:11\./),i=l.querySelectorAll("iframe.wp-embedded-content"),n=0;n<i.length;n++){if(!(r=(t=i[n]).getAttribute("data-secret")))r=Math.random().toString(36).substr(2,10),t.src+="#?secret="+r,t.setAttribute("data-secret",r);if(s||a)(e=t.cloneNode(!0)).removeAttribute("security"),t.parentNode.replaceChild(e,t);t.contentWindow.postMessage({message:"ready",secret:r},"*")}}}}(window,document);
</script>

Frei Hipólito Martendal nasceu em Santo Amaro da Imperatriz (SC), no dia 13 de agosto de 1937. O caçula de 10 irmãos, filho de um franciscano da OFS, foi para o Seminário aos 13 anos. Ele afirma que a vocação franciscana, assim como outros capítulos em sua história, surgiu casualmente. Estudioso, é formado em Filosofia, [&hellip;]
