{"id":187897,"date":"2023-04-14T07:30:06","date_gmt":"2023-04-14T10:30:06","guid":{"rendered":"https:\/\/franciscanos.org.br\/hospedaria\/?page_id=187897"},"modified":"2023-04-28T11:16:58","modified_gmt":"2023-04-28T14:16:58","slug":"rondinha-casadeencontro","status":"publish","type":"page","link":"https:\/\/franciscanos.org.br\/hospedaria\/rondinha-casadeencontro\/","title":{"rendered":"Casa de Encontro"},"content":{"rendered":"<p>[vc_row][vc_column][vc_single_image image=&#8221;188673&#8243; img_size=&#8221;full&#8221; alignment=&#8221;center&#8221; css_animation=&#8221;flipInX&#8221;][vc_empty_space][vc_column_text]<\/p>\n<h1>Conhe\u00e7a o espa\u00e7o do Convento S\u00e3o Boaventura!<\/h1>\n<p>[\/vc_column_text][vc_empty_space][\/vc_column][\/vc_row][vc_row][vc_column][vc_tta_tabs][vc_tta_section title=&#8221;Capela&#8221; tab_id=&#8221;1682689972101-fa43a1aa-d263&#8243;][vc_column_text]<em>&#8220;E Deus armou a sua tenda&#8230;&#8221;<\/em> Essa foi a motiva\u00e7\u00e3o de nossos confrades e artistas que pensaram a estrutura da capela do Convento S\u00e3o Boaventura. N\u00e3o h\u00e1 quem n\u00e3o se encante com sua beleza singular e sua infinidade de s\u00edmbolos a serem meditados.<\/p>\n<p>Nada nesta \u201ctenda\u201d \u00e9 um puro acaso\u2026 os vitrais, os formatos, os mosaicos, enfim, tudo aquilo que os olhos podem ver, as m\u00e3os tocarem e os p\u00e9s pisarem, podem ser levados ao cora\u00e7\u00e3o e ali perceber tra\u00e7os da a\u00e7\u00e3o de Deus no mundo e na espiritualidade franciscana.<\/p>\n<p>N\u00e3o \u00e9 simplesmente uma bela obra de arte. Afinal, revela a profundidade de um Carisma e uma Forma de Vida.[\/vc_column_text][vc_images_carousel images=&#8221;188674,188675,188676,188677,188678,188679&#8243; img_size=&#8221;full&#8221;][\/vc_tta_section][vc_tta_section title=&#8221;M\u00f3dulos Centrais&#8221; tab_id=&#8221;1682689972107-e37064b3-230e&#8221;][vc_column_text]Os m\u00f3dulos (casas) s\u00e3o pr\u00f3prios para tais finalidades e s\u00e3o equipados com quartos individuais, sala para palestras, refeit\u00f3rio, cozinha e banheiro. Tamb\u00e9m disp\u00f5e do Sal\u00e3o S\u00e3o Boaventura, totalmente equipado com som, microfones, <em>data show<\/em>, ar-condicionado, com capacidade m\u00e1xima de 120 pessoas.[\/vc_column_text][vc_images_carousel images=&#8221;188681,188682,188683,188684,188685,188686&#8243; img_size=&#8221;full&#8221;][\/vc_tta_section][vc_tta_section title=&#8221;Jardins e Grutas&#8221; tab_id=&#8221;1682690020295-af38dd27-0ede&#8221;][vc_column_text]A Casa de Encontros se encontra num espa\u00e7o prop\u00edcio e privilegiado de tranquilidade e profundo contato com a natureza. Com grandes jardins, coloridas flores, gruta de Nossa Senhora Imaculada Concei\u00e7\u00e3o e um acolhedor e silencioso bosque, os h\u00f3spedes podem se encantar com as belezas da M\u00e3e Terra, fazendo a experi\u00eancia de Francisco de Assis, que via em tudo um motivo para Louvar a Deus. E, ao entrar no espa\u00e7o do Convento, os h\u00f3spedes s\u00e3o recepcionados por uma bel\u00edssima imagem de S\u00e3o Francisco de Assis.[\/vc_column_text][vc_images_carousel images=&#8221;188687,188688,188689,188690,188691,188692,188693,188694&#8243; img_size=&#8221;full&#8221;][\/vc_tta_section][\/vc_tta_tabs][\/vc_column][\/vc_row]<\/p>\n","protected":false},"excerpt":{"rendered":"<p>[vc_row][vc_column][vc_single_image image=&#8221;188673&#8243; img_size=&#8221;full&#8221; alignment=&#8221;center&#8221; css_animation=&#8221;flipInX&#8221;][vc_empty_space][vc_column_text] Conhe\u00e7a o espa\u00e7o do Convento S\u00e3o Boaventura! [\/vc_column_text][vc_empty_space][\/vc_column][\/vc_row][vc_row][vc_column][vc_tta_tabs][vc_tta_section title=&#8221;Capela&#8221; tab_id=&#8221;1682689972101-fa43a1aa-d263&#8243;][vc_column_text]&#8220;E Deus armou a sua tenda&#8230;&#8221; Essa foi a motiva\u00e7\u00e3o de nossos confrades e artistas que pensaram a estrutura da capela do Convento S\u00e3o Boaventura. N\u00e3o h\u00e1 quem n\u00e3o se encante com sua beleza singular e sua infinidade de s\u00edmbolos a [&hellip;]<\/p>\n","protected":false},"author":3,"featured_media":0,"parent":0,"menu_order":0,"comment_status":"closed","ping_status":"closed","template":"","meta":[],"yoast_head":"<!-- This site is optimized with the Yoast SEO plugin v19.4 - https:\/\/yoast.com\/wordpress\/plugins\/seo\/ -->\n<title>Casa de Encontro - Hospedaria - Franciscanos<\/title>\n<meta name=\"robots\" content=\"index, follow, max-snippet:-1, max-image-preview:large, max-video-preview:-1\" \/>\n<link rel=\"canonical\" href=\"https:\/\/franciscanos.org.br\/hospedaria\/rondinha-casadeencontro\/\" \/>\n<meta property=\"og:locale\" content=\"pt_BR\" \/>\n<meta property=\"og:type\" content=\"article\" \/>\n<meta property=\"og:title\" content=\"Casa de Encontro - Hospedaria - Franciscanos\" \/>\n<meta property=\"og:description\" content=\"[vc_row][vc_column][vc_single_image image=&#8221;188673&#8243; img_size=&#8221;full&#8221; alignment=&#8221;center&#8221; css_animation=&#8221;flipInX&#8221;][vc_empty_space][vc_column_text] Conhe\u00e7a o espa\u00e7o do Convento S\u00e3o Boaventura! [\/vc_column_text][vc_empty_space][\/vc_column][\/vc_row][vc_row][vc_column][vc_tta_tabs][vc_tta_section title=&#8221;Capela&#8221; tab_id=&#8221;1682689972101-fa43a1aa-d263&#8243;][vc_column_text]&#8220;E Deus armou a sua tenda&#8230;&#8221; Essa foi a motiva\u00e7\u00e3o de nossos confrades e artistas que pensaram a estrutura da capela do Convento S\u00e3o Boaventura. N\u00e3o h\u00e1 quem n\u00e3o se encante com sua beleza singular e sua infinidade de s\u00edmbolos a [&hellip;]\" \/>\n<meta property=\"og:url\" content=\"https:\/\/franciscanos.org.br\/hospedaria\/rondinha-casadeencontro\/\" \/>\n<meta property=\"og:site_name\" content=\"Hospedaria - Franciscanos\" \/>\n<meta property=\"article:modified_time\" content=\"2023-04-28T14:16:58+00:00\" \/>\n<meta name=\"twitter:card\" content=\"summary_large_image\" \/>\n<meta name=\"twitter:label1\" content=\"Est. tempo de leitura\" \/>\n\t<meta name=\"twitter:data1\" content=\"2 minutos\" \/>\n<script type=\"application\/ld+json\" class=\"yoast-schema-graph\">{\"@context\":\"https:\/\/schema.org\",\"@graph\":[{\"@type\":\"WebSite\",\"@id\":\"https:\/\/franciscanos.org.br\/hospedaria\/#website\",\"url\":\"https:\/\/franciscanos.org.br\/hospedaria\/\",\"name\":\"Hospedaria - Franciscanos\",\"description\":\"Prov\u00edncia Franciscana da Imaculada Concei\u00e7\u00e3o do Brasil - Ordem dos Frades Menores\",\"potentialAction\":[{\"@type\":\"SearchAction\",\"target\":{\"@type\":\"EntryPoint\",\"urlTemplate\":\"https:\/\/franciscanos.org.br\/hospedaria\/?s={search_term_string}\"},\"query-input\":\"required name=search_term_string\"}],\"inLanguage\":\"pt-BR\"},{\"@type\":\"WebPage\",\"@id\":\"https:\/\/franciscanos.org.br\/hospedaria\/rondinha-casadeencontro\/\",\"url\":\"https:\/\/franciscanos.org.br\/hospedaria\/rondinha-casadeencontro\/\",\"name\":\"Casa de Encontro - Hospedaria - Franciscanos\",\"isPartOf\":{\"@id\":\"https:\/\/franciscanos.org.br\/hospedaria\/#website\"},\"datePublished\":\"2023-04-14T10:30:06+00:00\",\"dateModified\":\"2023-04-28T14:16:58+00:00\",\"breadcrumb\":{\"@id\":\"https:\/\/franciscanos.org.br\/hospedaria\/rondinha-casadeencontro\/#breadcrumb\"},\"inLanguage\":\"pt-BR\",\"potentialAction\":[{\"@type\":\"ReadAction\",\"target\":[\"https:\/\/franciscanos.org.br\/hospedaria\/rondinha-casadeencontro\/\"]}]},{\"@type\":\"BreadcrumbList\",\"@id\":\"https:\/\/franciscanos.org.br\/hospedaria\/rondinha-casadeencontro\/#breadcrumb\",\"itemListElement\":[{\"@type\":\"ListItem\",\"position\":1,\"name\":\"Home\",\"item\":\"https:\/\/franciscanos.org.br\/hospedaria\/\"},{\"@type\":\"ListItem\",\"position\":2,\"name\":\"Casa de Encontro\"}]}]}<\/script>\n<!-- \/ Yoast SEO plugin. -->","yoast_head_json":{"title":"Casa de Encontro - Hospedaria - Franciscanos","robots":{"index":"index","follow":"follow","max-snippet":"max-snippet:-1","max-image-preview":"max-image-preview:large","max-video-preview":"max-video-preview:-1"},"canonical":"https:\/\/franciscanos.org.br\/hospedaria\/rondinha-casadeencontro\/","og_locale":"pt_BR","og_type":"article","og_title":"Casa de Encontro - Hospedaria - Franciscanos","og_description":"[vc_row][vc_column][vc_single_image image=&#8221;188673&#8243; img_size=&#8221;full&#8221; alignment=&#8221;center&#8221; css_animation=&#8221;flipInX&#8221;][vc_empty_space][vc_column_text] Conhe\u00e7a o espa\u00e7o do Convento S\u00e3o Boaventura! [\/vc_column_text][vc_empty_space][\/vc_column][\/vc_row][vc_row][vc_column][vc_tta_tabs][vc_tta_section title=&#8221;Capela&#8221; tab_id=&#8221;1682689972101-fa43a1aa-d263&#8243;][vc_column_text]&#8220;E Deus armou a sua tenda&#8230;&#8221; Essa foi a motiva\u00e7\u00e3o de nossos confrades e artistas que pensaram a estrutura da capela do Convento S\u00e3o Boaventura. N\u00e3o h\u00e1 quem n\u00e3o se encante com sua beleza singular e sua infinidade de s\u00edmbolos a [&hellip;]","og_url":"https:\/\/franciscanos.org.br\/hospedaria\/rondinha-casadeencontro\/","og_site_name":"Hospedaria - Franciscanos","article_modified_time":"2023-04-28T14:16:58+00:00","twitter_card":"summary_large_image","twitter_misc":{"Est. tempo de leitura":"2 minutos"},"schema":{"@context":"https:\/\/schema.org","@graph":[{"@type":"WebSite","@id":"https:\/\/franciscanos.org.br\/hospedaria\/#website","url":"https:\/\/franciscanos.org.br\/hospedaria\/","name":"Hospedaria - Franciscanos","description":"Prov\u00edncia Franciscana da Imaculada Concei\u00e7\u00e3o do Brasil - Ordem dos Frades Menores","potentialAction":[{"@type":"SearchAction","target":{"@type":"EntryPoint","urlTemplate":"https:\/\/franciscanos.org.br\/hospedaria\/?s={search_term_string}"},"query-input":"required name=search_term_string"}],"inLanguage":"pt-BR"},{"@type":"WebPage","@id":"https:\/\/franciscanos.org.br\/hospedaria\/rondinha-casadeencontro\/","url":"https:\/\/franciscanos.org.br\/hospedaria\/rondinha-casadeencontro\/","name":"Casa de Encontro - Hospedaria - Franciscanos","isPartOf":{"@id":"https:\/\/franciscanos.org.br\/hospedaria\/#website"},"datePublished":"2023-04-14T10:30:06+00:00","dateModified":"2023-04-28T14:16:58+00:00","breadcrumb":{"@id":"https:\/\/franciscanos.org.br\/hospedaria\/rondinha-casadeencontro\/#breadcrumb"},"inLanguage":"pt-BR","potentialAction":[{"@type":"ReadAction","target":["https:\/\/franciscanos.org.br\/hospedaria\/rondinha-casadeencontro\/"]}]},{"@type":"BreadcrumbList","@id":"https:\/\/franciscanos.org.br\/hospedaria\/rondinha-casadeencontro\/#breadcrumb","itemListElement":[{"@type":"ListItem","position":1,"name":"Home","item":"https:\/\/franciscanos.org.br\/hospedaria\/"},{"@type":"ListItem","position":2,"name":"Casa de Encontro"}]}]}},"_links":{"self":[{"href":"https:\/\/franciscanos.org.br\/hospedaria\/wp-json\/wp\/v2\/pages\/187897"}],"collection":[{"href":"https:\/\/franciscanos.org.br\/hospedaria\/wp-json\/wp\/v2\/pages"}],"about":[{"href":"https:\/\/franciscanos.org.br\/hospedaria\/wp-json\/wp\/v2\/types\/page"}],"author":[{"embeddable":true,"href":"https:\/\/franciscanos.org.br\/hospedaria\/wp-json\/wp\/v2\/users\/3"}],"replies":[{"embeddable":true,"href":"https:\/\/franciscanos.org.br\/hospedaria\/wp-json\/wp\/v2\/comments?post=187897"}],"version-history":[{"count":6,"href":"https:\/\/franciscanos.org.br\/hospedaria\/wp-json\/wp\/v2\/pages\/187897\/revisions"}],"predecessor-version":[{"id":188695,"href":"https:\/\/franciscanos.org.br\/hospedaria\/wp-json\/wp\/v2\/pages\/187897\/revisions\/188695"}],"wp:attachment":[{"href":"https:\/\/franciscanos.org.br\/hospedaria\/wp-json\/wp\/v2\/media?parent=187897"}],"curies":[{"name":"wp","href":"https:\/\/api.w.org\/{rel}","templated":true}]}}