{"id":187200,"date":"2020-09-08T15:28:36","date_gmt":"2020-09-08T18:28:36","guid":{"rendered":"https:\/\/franciscanos.org.br\/hospedaria\/?page_id=187200"},"modified":"2023-04-28T15:09:33","modified_gmt":"2023-04-28T18:09:33","slug":"sf-contatos","status":"publish","type":"page","link":"https:\/\/franciscanos.org.br\/hospedaria\/sf-contatos\/","title":{"rendered":"Entre em contato"},"content":{"rendered":"<p>[vc_row][vc_column width=&#8221;1\/2&#8243;][vc_column_text css_animation=&#8221;fadeInLeft&#8221;]<em>Para mais informa\u00e7\u00f5es e or\u00e7amentos para realiza\u00e7\u00e3o de eventos em grupos, contate-nos atrav\u00e9s dos canais:<\/em><\/p>\n<h4>Convento S\u00e3o Francisco de Assis<\/h4>\n<p>Largo S\u00e3o Francisco, 133<br \/>\nCentro Hist\u00f3rico de S\u00e3o Paulo<br \/>\nS\u00e3o Paulo &#8211; SP<br \/>\n01005-010<\/p>\n<p><strong>Telefone:<\/strong> (11) 3291-2436<\/p>\n<p><strong>WhatsApp:<\/strong> (11) 3291-2436<\/p>\n<p><strong>E-mail:<\/strong> hospedaria.saofrancisco@franciscanos.org.br<\/p>\n<p><strong>Redes Sociais:<br \/>\n<\/strong>facebook.com\/santuariosaofranciscosp<br \/>\ninstagram.com\/santuariosaofrancisco\/<br \/>\nyoutube.com\/@SantuarioSaoFrancisco<strong><br \/>\n<\/strong>[\/vc_column_text][\/vc_column][vc_column width=&#8221;1\/2&#8243;][vc_gmaps link=&#8221;#E-8_JTNDaWZyYW1lJTIwc3JjJTNEJTIyaHR0cHMlM0ElMkYlMkZ3d3cuZ29vZ2xlLmNvbSUyRm1hcHMlMkZlbWJlZCUzRnBiJTNEJTIxMW0xOCUyMTFtMTIlMjExbTMlMjExZDM2NTcuNTA1OTk5MDQ3NzA5MyUyMTJkLTQ2LjYzODA4Njg4MjU1NjE2JTIxM2QtMjMuNTUwMjYzODAwMDAwMDAzJTIxMm0zJTIxMWYwJTIxMmYwJTIxM2YwJTIxM20yJTIxMWkxMDI0JTIxMmk3NjglMjE0ZjEzLjElMjEzbTMlMjExbTIlMjExczB4OTRjZTU5YWNhNTdlNjFiMSUyNTNBMHhlNjhlZmUyYjZhYmVhMTg5JTIxMnNQYXIlMjVDMyUyNUIzcXVpYSUyNTIwUyUyNUMzJTI1QTNvJTI1MjBGcmFuY2lzY28lMjUyMGRlJTI1MjBBc3NpcyUyMTVlMCUyMTNtMiUyMTFzcHQtQlIlMjEyc2JyJTIxNHYxNjgxNDE4MzgwMDAwJTIxNW0yJTIxMXNwdC1CUiUyMTJzYnIlMjIlMjB3aWR0aCUzRCUyMjYwMCUyMiUyMGhlaWdodCUzRCUyMjQ1MCUyMiUyMHN0eWxlJTNEJTIyYm9yZGVyJTNBMCUzQiUyMiUyMGFsbG93ZnVsbHNjcmVlbiUzRCUyMiUyMiUyMGxvYWRpbmclM0QlMjJsYXp5JTIyJTIwcmVmZXJyZXJwb2xpY3klM0QlMjJuby1yZWZlcnJlci13aGVuLWRvd25ncmFkZSUyMiUzRSUzQyUyRmlmcmFtZSUzRQ==&#8221; css_animation=&#8221;fadeInRight&#8221;][\/vc_column][\/vc_row][vc_row][vc_column][vc_single_image image=&#8221;188549&#8243; img_size=&#8221;full&#8221; alignment=&#8221;center&#8221; css_animation=&#8221;bounceIn&#8221;][\/vc_column][\/vc_row]<\/p>\n","protected":false},"excerpt":{"rendered":"<p>[vc_row][vc_column width=&#8221;1\/2&#8243;][vc_column_text css_animation=&#8221;fadeInLeft&#8221;]Para mais informa\u00e7\u00f5es e or\u00e7amentos para realiza\u00e7\u00e3o de eventos em grupos, contate-nos atrav\u00e9s dos canais: Convento S\u00e3o Francisco de Assis Largo S\u00e3o Francisco, 133 Centro Hist\u00f3rico de S\u00e3o Paulo S\u00e3o Paulo &#8211; SP 01005-010 Telefone: (11) 3291-2436 WhatsApp: (11) 3291-2436 E-mail: hospedaria.saofrancisco@franciscanos.org.br Redes Sociais: facebook.com\/santuariosaofranciscosp instagram.com\/santuariosaofrancisco\/ youtube.com\/@SantuarioSaoFrancisco [\/vc_column_text][\/vc_column][vc_column width=&#8221;1\/2&#8243;][vc_gmaps link=&#8221;#E-8_JTNDaWZyYW1lJTIwc3JjJTNEJTIyaHR0cHMlM0ElMkYlMkZ3d3cuZ29vZ2xlLmNvbSUyRm1hcHMlMkZlbWJlZCUzRnBiJTNEJTIxMW0xOCUyMTFtMTIlMjExbTMlMjExZDM2NTcuNTA1OTk5MDQ3NzA5MyUyMTJkLTQ2LjYzODA4Njg4MjU1NjE2JTIxM2QtMjMuNTUwMjYzODAwMDAwMDAzJTIxMm0zJTIxMWYwJTIxMmYwJTIxM2YwJTIxM20yJTIxMWkxMDI0JTIxMmk3NjglMjE0ZjEzLjElMjEzbTMlMjExbTIlMjExczB4OTRjZTU5YWNhNTdlNjFiMSUyNTNBMHhlNjhlZmUyYjZhYmVhMTg5JTIxMnNQYXIlMjVDMyUyNUIzcXVpYSUyNTIwUyUyNUMzJTI1QTNvJTI1MjBGcmFuY2lzY28lMjUyMGRlJTI1MjBBc3NpcyUyMTVlMCUyMTNtMiUyMTFzcHQtQlIlMjEyc2JyJTIxNHYxNjgxNDE4MzgwMDAwJTIxNW0yJTIxMXNwdC1CUiUyMTJzYnIlMjIlMjB3aWR0aCUzRCUyMjYwMCUyMiUyMGhlaWdodCUzRCUyMjQ1MCUyMiUyMHN0eWxlJTNEJTIyYm9yZGVyJTNBMCUzQiUyMiUyMGFsbG93ZnVsbHNjcmVlbiUzRCUyMiUyMiUyMGxvYWRpbmclM0QlMjJsYXp5JTIyJTIwcmVmZXJyZXJwb2xpY3klM0QlMjJuby1yZWZlcnJlci13aGVuLWRvd25ncmFkZSUyMiUzRSUzQyUyRmlmcmFtZSUzRQ==&#8221; css_animation=&#8221;fadeInRight&#8221;][\/vc_column][\/vc_row][vc_row][vc_column][vc_single_image image=&#8221;188549&#8243; img_size=&#8221;full&#8221; [&hellip;]<\/p>\n","protected":false},"author":2,"featured_media":0,"parent":0,"menu_order":0,"comment_status":"closed","ping_status":"closed","template":"","meta":[],"yoast_head":"<!-- This site is optimized with the Yoast SEO plugin v19.4 - https:\/\/yoast.com\/wordpress\/plugins\/seo\/ -->\n<title>Entre em contato - Hospedaria - Franciscanos<\/title>\n<meta name=\"robots\" content=\"index, follow, max-snippet:-1, max-image-preview:large, max-video-preview:-1\" \/>\n<link rel=\"canonical\" href=\"https:\/\/franciscanos.org.br\/hospedaria\/sf-contatos\/\" \/>\n<meta property=\"og:locale\" content=\"pt_BR\" \/>\n<meta property=\"og:type\" content=\"article\" \/>\n<meta property=\"og:title\" content=\"Entre em contato - Hospedaria - Franciscanos\" \/>\n<meta property=\"og:description\" content=\"[vc_row][vc_column width=&#8221;1\/2&#8243;][vc_column_text css_animation=&#8221;fadeInLeft&#8221;]Para mais informa\u00e7\u00f5es e or\u00e7amentos para realiza\u00e7\u00e3o de eventos em grupos, contate-nos atrav\u00e9s dos canais: Convento S\u00e3o Francisco de Assis Largo S\u00e3o Francisco, 133 Centro Hist\u00f3rico de S\u00e3o Paulo S\u00e3o Paulo &#8211; SP 01005-010 Telefone: (11) 3291-2436 WhatsApp: (11) 3291-2436 E-mail: hospedaria.saofrancisco@franciscanos.org.br Redes Sociais: facebook.com\/santuariosaofranciscosp instagram.com\/santuariosaofrancisco\/ youtube.com\/@SantuarioSaoFrancisco [\/vc_column_text][\/vc_column][vc_column width=&#8221;1\/2&#8243;][vc_gmaps link=&#8221;#E-8_JTNDaWZyYW1lJTIwc3JjJTNEJTIyaHR0cHMlM0ElMkYlMkZ3d3cuZ29vZ2xlLmNvbSUyRm1hcHMlMkZlbWJlZCUzRnBiJTNEJTIxMW0xOCUyMTFtMTIlMjExbTMlMjExZDM2NTcuNTA1OTk5MDQ3NzA5MyUyMTJkLTQ2LjYzODA4Njg4MjU1NjE2JTIxM2QtMjMuNTUwMjYzODAwMDAwMDAzJTIxMm0zJTIxMWYwJTIxMmYwJTIxM2YwJTIxM20yJTIxMWkxMDI0JTIxMmk3NjglMjE0ZjEzLjElMjEzbTMlMjExbTIlMjExczB4OTRjZTU5YWNhNTdlNjFiMSUyNTNBMHhlNjhlZmUyYjZhYmVhMTg5JTIxMnNQYXIlMjVDMyUyNUIzcXVpYSUyNTIwUyUyNUMzJTI1QTNvJTI1MjBGcmFuY2lzY28lMjUyMGRlJTI1MjBBc3NpcyUyMTVlMCUyMTNtMiUyMTFzcHQtQlIlMjEyc2JyJTIxNHYxNjgxNDE4MzgwMDAwJTIxNW0yJTIxMXNwdC1CUiUyMTJzYnIlMjIlMjB3aWR0aCUzRCUyMjYwMCUyMiUyMGhlaWdodCUzRCUyMjQ1MCUyMiUyMHN0eWxlJTNEJTIyYm9yZGVyJTNBMCUzQiUyMiUyMGFsbG93ZnVsbHNjcmVlbiUzRCUyMiUyMiUyMGxvYWRpbmclM0QlMjJsYXp5JTIyJTIwcmVmZXJyZXJwb2xpY3klM0QlMjJuby1yZWZlcnJlci13aGVuLWRvd25ncmFkZSUyMiUzRSUzQyUyRmlmcmFtZSUzRQ==&#8221; css_animation=&#8221;fadeInRight&#8221;][\/vc_column][\/vc_row][vc_row][vc_column][vc_single_image image=&#8221;188549&#8243; img_size=&#8221;full&#8221; [&hellip;]\" \/>\n<meta property=\"og:url\" content=\"https:\/\/franciscanos.org.br\/hospedaria\/sf-contatos\/\" \/>\n<meta property=\"og:site_name\" content=\"Hospedaria - Franciscanos\" \/>\n<meta property=\"article:modified_time\" content=\"2023-04-28T18:09:33+00:00\" \/>\n<meta name=\"twitter:card\" content=\"summary_large_image\" \/>\n<meta name=\"twitter:label1\" content=\"Est. tempo de leitura\" \/>\n\t<meta name=\"twitter:data1\" content=\"1 minuto\" \/>\n<script type=\"application\/ld+json\" class=\"yoast-schema-graph\">{\"@context\":\"https:\/\/schema.org\",\"@graph\":[{\"@type\":\"WebSite\",\"@id\":\"https:\/\/franciscanos.org.br\/hospedaria\/#website\",\"url\":\"https:\/\/franciscanos.org.br\/hospedaria\/\",\"name\":\"Hospedaria - Franciscanos\",\"description\":\"Prov\u00edncia Franciscana da Imaculada Concei\u00e7\u00e3o do Brasil - Ordem dos Frades Menores\",\"potentialAction\":[{\"@type\":\"SearchAction\",\"target\":{\"@type\":\"EntryPoint\",\"urlTemplate\":\"https:\/\/franciscanos.org.br\/hospedaria\/?s={search_term_string}\"},\"query-input\":\"required name=search_term_string\"}],\"inLanguage\":\"pt-BR\"},{\"@type\":\"WebPage\",\"@id\":\"https:\/\/franciscanos.org.br\/hospedaria\/sf-contatos\/\",\"url\":\"https:\/\/franciscanos.org.br\/hospedaria\/sf-contatos\/\",\"name\":\"Entre em contato - Hospedaria - Franciscanos\",\"isPartOf\":{\"@id\":\"https:\/\/franciscanos.org.br\/hospedaria\/#website\"},\"datePublished\":\"2020-09-08T18:28:36+00:00\",\"dateModified\":\"2023-04-28T18:09:33+00:00\",\"breadcrumb\":{\"@id\":\"https:\/\/franciscanos.org.br\/hospedaria\/sf-contatos\/#breadcrumb\"},\"inLanguage\":\"pt-BR\",\"potentialAction\":[{\"@type\":\"ReadAction\",\"target\":[\"https:\/\/franciscanos.org.br\/hospedaria\/sf-contatos\/\"]}]},{\"@type\":\"BreadcrumbList\",\"@id\":\"https:\/\/franciscanos.org.br\/hospedaria\/sf-contatos\/#breadcrumb\",\"itemListElement\":[{\"@type\":\"ListItem\",\"position\":1,\"name\":\"Home\",\"item\":\"https:\/\/franciscanos.org.br\/hospedaria\/\"},{\"@type\":\"ListItem\",\"position\":2,\"name\":\"Entre em contato\"}]}]}<\/script>\n<!-- \/ Yoast SEO plugin. -->","yoast_head_json":{"title":"Entre em contato - Hospedaria - Franciscanos","robots":{"index":"index","follow":"follow","max-snippet":"max-snippet:-1","max-image-preview":"max-image-preview:large","max-video-preview":"max-video-preview:-1"},"canonical":"https:\/\/franciscanos.org.br\/hospedaria\/sf-contatos\/","og_locale":"pt_BR","og_type":"article","og_title":"Entre em contato - Hospedaria - Franciscanos","og_description":"[vc_row][vc_column width=&#8221;1\/2&#8243;][vc_column_text css_animation=&#8221;fadeInLeft&#8221;]Para mais informa\u00e7\u00f5es e or\u00e7amentos para realiza\u00e7\u00e3o de eventos em grupos, contate-nos atrav\u00e9s dos canais: Convento S\u00e3o Francisco de Assis Largo S\u00e3o Francisco, 133 Centro Hist\u00f3rico de S\u00e3o Paulo S\u00e3o Paulo &#8211; SP 01005-010 Telefone: (11) 3291-2436 WhatsApp: (11) 3291-2436 E-mail: hospedaria.saofrancisco@franciscanos.org.br Redes Sociais: facebook.com\/santuariosaofranciscosp instagram.com\/santuariosaofrancisco\/ youtube.com\/@SantuarioSaoFrancisco [\/vc_column_text][\/vc_column][vc_column width=&#8221;1\/2&#8243;][vc_gmaps link=&#8221;#E-8_JTNDaWZyYW1lJTIwc3JjJTNEJTIyaHR0cHMlM0ElMkYlMkZ3d3cuZ29vZ2xlLmNvbSUyRm1hcHMlMkZlbWJlZCUzRnBiJTNEJTIxMW0xOCUyMTFtMTIlMjExbTMlMjExZDM2NTcuNTA1OTk5MDQ3NzA5MyUyMTJkLTQ2LjYzODA4Njg4MjU1NjE2JTIxM2QtMjMuNTUwMjYzODAwMDAwMDAzJTIxMm0zJTIxMWYwJTIxMmYwJTIxM2YwJTIxM20yJTIxMWkxMDI0JTIxMmk3NjglMjE0ZjEzLjElMjEzbTMlMjExbTIlMjExczB4OTRjZTU5YWNhNTdlNjFiMSUyNTNBMHhlNjhlZmUyYjZhYmVhMTg5JTIxMnNQYXIlMjVDMyUyNUIzcXVpYSUyNTIwUyUyNUMzJTI1QTNvJTI1MjBGcmFuY2lzY28lMjUyMGRlJTI1MjBBc3NpcyUyMTVlMCUyMTNtMiUyMTFzcHQtQlIlMjEyc2JyJTIxNHYxNjgxNDE4MzgwMDAwJTIxNW0yJTIxMXNwdC1CUiUyMTJzYnIlMjIlMjB3aWR0aCUzRCUyMjYwMCUyMiUyMGhlaWdodCUzRCUyMjQ1MCUyMiUyMHN0eWxlJTNEJTIyYm9yZGVyJTNBMCUzQiUyMiUyMGFsbG93ZnVsbHNjcmVlbiUzRCUyMiUyMiUyMGxvYWRpbmclM0QlMjJsYXp5JTIyJTIwcmVmZXJyZXJwb2xpY3klM0QlMjJuby1yZWZlcnJlci13aGVuLWRvd25ncmFkZSUyMiUzRSUzQyUyRmlmcmFtZSUzRQ==&#8221; css_animation=&#8221;fadeInRight&#8221;][\/vc_column][\/vc_row][vc_row][vc_column][vc_single_image image=&#8221;188549&#8243; img_size=&#8221;full&#8221; [&hellip;]","og_url":"https:\/\/franciscanos.org.br\/hospedaria\/sf-contatos\/","og_site_name":"Hospedaria - Franciscanos","article_modified_time":"2023-04-28T18:09:33+00:00","twitter_card":"summary_large_image","twitter_misc":{"Est. tempo de leitura":"1 minuto"},"schema":{"@context":"https:\/\/schema.org","@graph":[{"@type":"WebSite","@id":"https:\/\/franciscanos.org.br\/hospedaria\/#website","url":"https:\/\/franciscanos.org.br\/hospedaria\/","name":"Hospedaria - Franciscanos","description":"Prov\u00edncia Franciscana da Imaculada Concei\u00e7\u00e3o do Brasil - Ordem dos Frades Menores","potentialAction":[{"@type":"SearchAction","target":{"@type":"EntryPoint","urlTemplate":"https:\/\/franciscanos.org.br\/hospedaria\/?s={search_term_string}"},"query-input":"required name=search_term_string"}],"inLanguage":"pt-BR"},{"@type":"WebPage","@id":"https:\/\/franciscanos.org.br\/hospedaria\/sf-contatos\/","url":"https:\/\/franciscanos.org.br\/hospedaria\/sf-contatos\/","name":"Entre em contato - Hospedaria - Franciscanos","isPartOf":{"@id":"https:\/\/franciscanos.org.br\/hospedaria\/#website"},"datePublished":"2020-09-08T18:28:36+00:00","dateModified":"2023-04-28T18:09:33+00:00","breadcrumb":{"@id":"https:\/\/franciscanos.org.br\/hospedaria\/sf-contatos\/#breadcrumb"},"inLanguage":"pt-BR","potentialAction":[{"@type":"ReadAction","target":["https:\/\/franciscanos.org.br\/hospedaria\/sf-contatos\/"]}]},{"@type":"BreadcrumbList","@id":"https:\/\/franciscanos.org.br\/hospedaria\/sf-contatos\/#breadcrumb","itemListElement":[{"@type":"ListItem","position":1,"name":"Home","item":"https:\/\/franciscanos.org.br\/hospedaria\/"},{"@type":"ListItem","position":2,"name":"Entre em contato"}]}]}},"_links":{"self":[{"href":"https:\/\/franciscanos.org.br\/hospedaria\/wp-json\/wp\/v2\/pages\/187200"}],"collection":[{"href":"https:\/\/franciscanos.org.br\/hospedaria\/wp-json\/wp\/v2\/pages"}],"about":[{"href":"https:\/\/franciscanos.org.br\/hospedaria\/wp-json\/wp\/v2\/types\/page"}],"author":[{"embeddable":true,"href":"https:\/\/franciscanos.org.br\/hospedaria\/wp-json\/wp\/v2\/users\/2"}],"replies":[{"embeddable":true,"href":"https:\/\/franciscanos.org.br\/hospedaria\/wp-json\/wp\/v2\/comments?post=187200"}],"version-history":[{"count":28,"href":"https:\/\/franciscanos.org.br\/hospedaria\/wp-json\/wp\/v2\/pages\/187200\/revisions"}],"predecessor-version":[{"id":188719,"href":"https:\/\/franciscanos.org.br\/hospedaria\/wp-json\/wp\/v2\/pages\/187200\/revisions\/188719"}],"wp:attachment":[{"href":"https:\/\/franciscanos.org.br\/hospedaria\/wp-json\/wp\/v2\/media?parent=187200"}],"curies":[{"name":"wp","href":"https:\/\/api.w.org\/{rel}","templated":true}]}}