{"version":"1.0","provider_name":"Hospedaria - Franciscanos","provider_url":"https:\/\/franciscanos.org.br\/hospedaria","author_name":"webmaster","author_url":"https:\/\/franciscanos.org.br\/hospedaria\/author\/webmaster\/","title":"Conjunto Arquitet\u00f4nico - Hospedaria - Franciscanos","type":"rich","width":600,"height":338,"html":"<blockquote class=\"wp-embedded-content\" data-secret=\"KqG34lOD0R\"><a href=\"https:\/\/franciscanos.org.br\/hospedaria\/agudos-conjarq\/\">Conjunto Arquitet\u00f4nico<\/a><\/blockquote><iframe sandbox=\"allow-scripts\" security=\"restricted\" src=\"https:\/\/franciscanos.org.br\/hospedaria\/agudos-conjarq\/embed\/#?secret=KqG34lOD0R\" width=\"600\" height=\"338\" title=\"&#8220;Conjunto Arquitet\u00f4nico&#8221; &#8212; Hospedaria - Franciscanos\" data-secret=\"KqG34lOD0R\" frameborder=\"0\" marginwidth=\"0\" marginheight=\"0\" scrolling=\"no\" class=\"wp-embedded-content\"><\/iframe><script type=\"text\/javascript\">\n\/*! This file is auto-generated *\/\n!function(c,l){\"use strict\";var e=!1,o=!1;if(l.querySelector)if(c.addEventListener)e=!0;if(c.wp=c.wp||{},c.wp.receiveEmbedMessage);else if(c.wp.receiveEmbedMessage=function(e){var t=e.data;if(!t);else if(!(t.secret||t.message||t.value));else if(\/[^a-zA-Z0-9]\/.test(t.secret));else{for(var r,s,a,i=l.querySelectorAll('iframe[data-secret=\"'+t.secret+'\"]'),n=l.querySelectorAll('blockquote[data-secret=\"'+t.secret+'\"]'),o=0;o<n.length;o++)n[o].style.display=\"none\";for(o=0;o<i.length;o++)if(r=i[o],e.source!==r.contentWindow);else{if(r.removeAttribute(\"style\"),\"height\"===t.message){if(1e3<(s=parseInt(t.value,10)))s=1e3;else if(~~s<200)s=200;r.height=s}if(\"link\"===t.message)if(s=l.createElement(\"a\"),a=l.createElement(\"a\"),s.href=r.getAttribute(\"src\"),a.href=t.value,a.host===s.host)if(l.activeElement===r)c.top.location.href=t.value}}},e)c.addEventListener(\"message\",c.wp.receiveEmbedMessage,!1),l.addEventListener(\"DOMContentLoaded\",t,!1),c.addEventListener(\"load\",t,!1);function t(){if(o);else{o=!0;for(var e,t,r,s=-1!==navigator.appVersion.indexOf(\"MSIE 10\"),a=!!navigator.userAgent.match(\/Trident.*rv:11\\.\/),i=l.querySelectorAll(\"iframe.wp-embedded-content\"),n=0;n<i.length;n++){if(!(r=(t=i[n]).getAttribute(\"data-secret\")))r=Math.random().toString(36).substr(2,10),t.src+=\"#?secret=\"+r,t.setAttribute(\"data-secret\",r);if(s||a)(e=t.cloneNode(!0)).removeAttribute(\"security\"),t.parentNode.replaceChild(e,t);t.contentWindow.postMessage({message:\"ready\",secret:r},\"*\")}}}}(window,document);\n<\/script>\n","description":"[vc_row][vc_column][vc_single_image image=&#8221;188616&#8243; img_size=&#8221;full&#8221; alignment=&#8221;center&#8221; css_animation=&#8221;flipInX&#8221;][vc_column_text]O Semin\u00e1rio Santo Ant\u00f4nio oferece uma infraestrutura completa para Retiros, Encontros, Simp\u00f3sio, entre outros eventos. Possui xm\u00b2, divididos entre tr\u00eas alas, igreja, salas de encontro, su\u00edtes e quartos coletivos para acomoda\u00e7\u00f5es, audit\u00f3rio e um boque. \u00c9 o maior semin\u00e1rio da Am\u00e9rica Latina.[\/vc_column_text][vc_empty_space][vc_images_carousel images=&#8221;188621,188623,188624,188625,188607&#8243; img_size=&#8221;full&#8221;][\/vc_column][\/vc_row]"}

Conjunto Arquitetônico - Hospedaria - Franciscanos

<blockquote class="wp-embedded-content" data-secret="KqG34lOD0R"><a href="https://franciscanos.org.br/hospedaria/agudos-conjarq/">Conjunto Arquitetônico</a></blockquote><iframe sandbox="allow-scripts" security="restricted" src="https://franciscanos.org.br/hospedaria/agudos-conjarq/embed/#?secret=KqG34lOD0R" width="600" height="338" title="&#8220;Conjunto Arquitetônico&#8221; &#8212; Hospedaria - Franciscanos" data-secret="KqG34lOD0R" frameborder="0" marginwidth="0" marginheight="0" scrolling="no" class="wp-embedded-content"></iframe><script type="text/javascript">
/*! This file is auto-generated */
!function(c,l){"use strict";var e=!1,o=!1;if(l.querySelector)if(c.addEventListener)e=!0;if(c.wp=c.wp||{},c.wp.receiveEmbedMessage);else if(c.wp.receiveEmbedMessage=function(e){var t=e.data;if(!t);else if(!(t.secret||t.message||t.value));else if(/[^a-zA-Z0-9]/.test(t.secret));else{for(var r,s,a,i=l.querySelectorAll('iframe[data-secret="'+t.secret+'"]'),n=l.querySelectorAll('blockquote[data-secret="'+t.secret+'"]'),o=0;o<n.length;o++)n[o].style.display="none";for(o=0;o<i.length;o++)if(r=i[o],e.source!==r.contentWindow);else{if(r.removeAttribute("style"),"height"===t.message){if(1e3<(s=parseInt(t.value,10)))s=1e3;else if(~~s<200)s=200;r.height=s}if("link"===t.message)if(s=l.createElement("a"),a=l.createElement("a"),s.href=r.getAttribute("src"),a.href=t.value,a.host===s.host)if(l.activeElement===r)c.top.location.href=t.value}}},e)c.addEventListener("message",c.wp.receiveEmbedMessage,!1),l.addEventListener("DOMContentLoaded",t,!1),c.addEventListener("load",t,!1);function t(){if(o);else{o=!0;for(var e,t,r,s=-1!==navigator.appVersion.indexOf("MSIE 10"),a=!!navigator.userAgent.match(/Trident.*rv:11\./),i=l.querySelectorAll("iframe.wp-embedded-content"),n=0;n<i.length;n++){if(!(r=(t=i[n]).getAttribute("data-secret")))r=Math.random().toString(36).substr(2,10),t.src+="#?secret="+r,t.setAttribute("data-secret",r);if(s||a)(e=t.cloneNode(!0)).removeAttribute("security"),t.parentNode.replaceChild(e,t);t.contentWindow.postMessage({message:"ready",secret:r},"*")}}}}(window,document);
</script>

[vc_row][vc_column][vc_single_image image=&#8221;188616&#8243; img_size=&#8221;full&#8221; alignment=&#8221;center&#8221; css_animation=&#8221;flipInX&#8221;][vc_column_text]O Seminário Santo Antônio oferece uma infraestrutura completa para Retiros, Encontros, Simpósio, entre outros eventos. Possui xm², divididos entre três alas, igreja, salas de encontro, suítes e quartos coletivos para acomodações, auditório e um boque. É o maior seminário da América Latina.[/vc_column_text][vc_empty_space][vc_images_carousel images=&#8221;188621,188623,188624,188625,188607&#8243; img_size=&#8221;full&#8221;][/vc_column][/vc_row]
