{"id":187223,"date":"2020-09-08T15:31:17","date_gmt":"2020-09-08T18:31:17","guid":{"rendered":"https:\/\/franciscanos.org.br\/conventosantoantonio\/?page_id=187223"},"modified":"2020-09-23T15:04:24","modified_gmt":"2020-09-23T18:04:24","slug":"fale-conosco","status":"publish","type":"page","link":"https:\/\/franciscanos.org.br\/conventosantoantonio\/fale-conosco\/","title":{"rendered":"Fale Conosco"},"content":{"rendered":"\n<div class=\"wpcf7 no-js\" id=\"wpcf7-f13556-o1\" lang=\"pt-BR\" dir=\"ltr\">\n<div class=\"screen-reader-response\"><p role=\"status\" aria-live=\"polite\" aria-atomic=\"true\"><\/p> <ul><\/ul><\/div>\n<form action=\"\/conventosantoantonio\/wp-json\/wp\/v2\/pages\/187223#wpcf7-f13556-o1\" method=\"post\" class=\"wpcf7-form init\" aria-label=\"Formul\u00e1rios de contato\" novalidate=\"novalidate\" data-status=\"init\">\n<div style=\"display: none;\">\n<input type=\"hidden\" name=\"_wpcf7\" value=\"13556\" \/>\n<input type=\"hidden\" name=\"_wpcf7_version\" value=\"5.7.7\" \/>\n<input type=\"hidden\" name=\"_wpcf7_locale\" value=\"pt_BR\" \/>\n<input type=\"hidden\" name=\"_wpcf7_unit_tag\" value=\"wpcf7-f13556-o1\" \/>\n<input type=\"hidden\" name=\"_wpcf7_container_post\" value=\"0\" \/>\n<input type=\"hidden\" name=\"_wpcf7_posted_data_hash\" value=\"\" \/>\n<\/div>\n<div style=\"max-width: 400px;\">\n\t<p><span class=\"wpcf7-form-control-wrap\" data-name=\"your-name\"><input size=\"40\" class=\"wpcf7-form-control wpcf7-text\" aria-invalid=\"false\" placeholder=\"Nome\" value=\"\" type=\"text\" name=\"your-name\" \/><\/span>\n\t<\/p>\n\t<p><span class=\"wpcf7-form-control-wrap\" data-name=\"your-email\"><input size=\"40\" class=\"wpcf7-form-control wpcf7-text wpcf7-email wpcf7-validates-as-email\" aria-invalid=\"false\" placeholder=\"E-mail\" value=\"\" type=\"email\" name=\"your-email\" \/><\/span>\n\t<\/p>\n\t<p><span class=\"wpcf7-form-control-wrap\" data-name=\"assunto\"><input size=\"40\" class=\"wpcf7-form-control wpcf7-text\" aria-invalid=\"false\" placeholder=\"Assunto\" value=\"\" type=\"text\" name=\"assunto\" \/><\/span>\n\t<\/p>\n\t<p><span class=\"wpcf7-form-control-wrap\" data-name=\"your-message\"><textarea cols=\"40\" rows=\"3\" class=\"wpcf7-form-control wpcf7-textarea wpcf7-validates-as-required\" aria-required=\"true\" aria-invalid=\"false\" placeholder=\"Mensagem\" name=\"your-message\"><\/textarea><\/span>\n\t<\/p>\n\t<p>* campos obrigat\u00f3rios.<br \/>\n<input class=\"wpcf7-form-control has-spinner wpcf7-submit btn btn-clean t-transform-u\" type=\"submit\" value=\"Enviar\" \/>\n\t<\/p>\n<\/div><div class=\"wpcf7-response-output\" aria-hidden=\"true\"><\/div>\n<\/form>\n<\/div>\n\n","protected":false},"excerpt":{"rendered":"* campos obrigat\u00f3rios.","protected":false},"author":2,"featured_media":0,"parent":0,"menu_order":0,"comment_status":"closed","ping_status":"closed","template":"","meta":[],"yoast_head":"<!-- This site is optimized with the Yoast SEO plugin v19.4 - https:\/\/yoast.com\/wordpress\/plugins\/seo\/ -->\n<title>Fale Conosco - Convento Santo Ant\u00f4nio- Franciscanos<\/title>\n<meta name=\"robots\" content=\"index, follow, max-snippet:-1, max-image-preview:large, max-video-preview:-1\" \/>\n<link rel=\"canonical\" href=\"https:\/\/franciscanos.org.br\/conventosantoantonio\/fale-conosco\/\" \/>\n<meta property=\"og:locale\" content=\"pt_BR\" \/>\n<meta property=\"og:type\" content=\"article\" \/>\n<meta property=\"og:title\" content=\"Fale Conosco - Convento Santo Ant\u00f4nio- Franciscanos\" \/>\n<meta property=\"og:url\" content=\"https:\/\/franciscanos.org.br\/conventosantoantonio\/fale-conosco\/\" \/>\n<meta property=\"og:site_name\" content=\"Convento Santo Ant\u00f4nio- Franciscanos\" \/>\n<meta property=\"article:modified_time\" content=\"2020-09-23T18:04:24+00:00\" \/>\n<meta name=\"twitter:card\" content=\"summary_large_image\" \/>\n<script type=\"application\/ld+json\" class=\"yoast-schema-graph\">{\"@context\":\"https:\/\/schema.org\",\"@graph\":[{\"@type\":\"WebSite\",\"@id\":\"https:\/\/franciscanos.org.br\/conventosantoantonio\/#website\",\"url\":\"https:\/\/franciscanos.org.br\/conventosantoantonio\/\",\"name\":\"Convento Santo Ant\u00f4nio- Franciscanos\",\"description\":\"Prov\u00edncia Franciscana da Imaculada Concei\u00e7\u00e3o do Brasil - Ordem dos Frades Menores\",\"potentialAction\":[{\"@type\":\"SearchAction\",\"target\":{\"@type\":\"EntryPoint\",\"urlTemplate\":\"https:\/\/franciscanos.org.br\/conventosantoantonio\/?s={search_term_string}\"},\"query-input\":\"required name=search_term_string\"}],\"inLanguage\":\"pt-BR\"},{\"@type\":\"WebPage\",\"@id\":\"https:\/\/franciscanos.org.br\/conventosantoantonio\/fale-conosco\/\",\"url\":\"https:\/\/franciscanos.org.br\/conventosantoantonio\/fale-conosco\/\",\"name\":\"Fale Conosco - Convento Santo Ant\u00f4nio- Franciscanos\",\"isPartOf\":{\"@id\":\"https:\/\/franciscanos.org.br\/conventosantoantonio\/#website\"},\"datePublished\":\"2020-09-08T18:31:17+00:00\",\"dateModified\":\"2020-09-23T18:04:24+00:00\",\"breadcrumb\":{\"@id\":\"https:\/\/franciscanos.org.br\/conventosantoantonio\/fale-conosco\/#breadcrumb\"},\"inLanguage\":\"pt-BR\",\"potentialAction\":[{\"@type\":\"ReadAction\",\"target\":[\"https:\/\/franciscanos.org.br\/conventosantoantonio\/fale-conosco\/\"]}]},{\"@type\":\"BreadcrumbList\",\"@id\":\"https:\/\/franciscanos.org.br\/conventosantoantonio\/fale-conosco\/#breadcrumb\",\"itemListElement\":[{\"@type\":\"ListItem\",\"position\":1,\"name\":\"Home\",\"item\":\"https:\/\/franciscanos.org.br\/conventosantoantonio\/\"},{\"@type\":\"ListItem\",\"position\":2,\"name\":\"Fale Conosco\"}]}]}<\/script>\n<!-- \/ Yoast SEO plugin. -->","yoast_head_json":{"title":"Fale Conosco - Convento Santo Ant\u00f4nio- Franciscanos","robots":{"index":"index","follow":"follow","max-snippet":"max-snippet:-1","max-image-preview":"max-image-preview:large","max-video-preview":"max-video-preview:-1"},"canonical":"https:\/\/franciscanos.org.br\/conventosantoantonio\/fale-conosco\/","og_locale":"pt_BR","og_type":"article","og_title":"Fale Conosco - Convento Santo Ant\u00f4nio- Franciscanos","og_url":"https:\/\/franciscanos.org.br\/conventosantoantonio\/fale-conosco\/","og_site_name":"Convento Santo Ant\u00f4nio- Franciscanos","article_modified_time":"2020-09-23T18:04:24+00:00","twitter_card":"summary_large_image","schema":{"@context":"https:\/\/schema.org","@graph":[{"@type":"WebSite","@id":"https:\/\/franciscanos.org.br\/conventosantoantonio\/#website","url":"https:\/\/franciscanos.org.br\/conventosantoantonio\/","name":"Convento Santo Ant\u00f4nio- Franciscanos","description":"Prov\u00edncia Franciscana da Imaculada Concei\u00e7\u00e3o do Brasil - Ordem dos Frades Menores","potentialAction":[{"@type":"SearchAction","target":{"@type":"EntryPoint","urlTemplate":"https:\/\/franciscanos.org.br\/conventosantoantonio\/?s={search_term_string}"},"query-input":"required name=search_term_string"}],"inLanguage":"pt-BR"},{"@type":"WebPage","@id":"https:\/\/franciscanos.org.br\/conventosantoantonio\/fale-conosco\/","url":"https:\/\/franciscanos.org.br\/conventosantoantonio\/fale-conosco\/","name":"Fale Conosco - Convento Santo Ant\u00f4nio- Franciscanos","isPartOf":{"@id":"https:\/\/franciscanos.org.br\/conventosantoantonio\/#website"},"datePublished":"2020-09-08T18:31:17+00:00","dateModified":"2020-09-23T18:04:24+00:00","breadcrumb":{"@id":"https:\/\/franciscanos.org.br\/conventosantoantonio\/fale-conosco\/#breadcrumb"},"inLanguage":"pt-BR","potentialAction":[{"@type":"ReadAction","target":["https:\/\/franciscanos.org.br\/conventosantoantonio\/fale-conosco\/"]}]},{"@type":"BreadcrumbList","@id":"https:\/\/franciscanos.org.br\/conventosantoantonio\/fale-conosco\/#breadcrumb","itemListElement":[{"@type":"ListItem","position":1,"name":"Home","item":"https:\/\/franciscanos.org.br\/conventosantoantonio\/"},{"@type":"ListItem","position":2,"name":"Fale Conosco"}]}]}},"_links":{"self":[{"href":"https:\/\/franciscanos.org.br\/conventosantoantonio\/wp-json\/wp\/v2\/pages\/187223"}],"collection":[{"href":"https:\/\/franciscanos.org.br\/conventosantoantonio\/wp-json\/wp\/v2\/pages"}],"about":[{"href":"https:\/\/franciscanos.org.br\/conventosantoantonio\/wp-json\/wp\/v2\/types\/page"}],"author":[{"embeddable":true,"href":"https:\/\/franciscanos.org.br\/conventosantoantonio\/wp-json\/wp\/v2\/users\/2"}],"replies":[{"embeddable":true,"href":"https:\/\/franciscanos.org.br\/conventosantoantonio\/wp-json\/wp\/v2\/comments?post=187223"}],"version-history":[{"count":2,"href":"https:\/\/franciscanos.org.br\/conventosantoantonio\/wp-json\/wp\/v2\/pages\/187223\/revisions"}],"predecessor-version":[{"id":187488,"href":"https:\/\/franciscanos.org.br\/conventosantoantonio\/wp-json\/wp\/v2\/pages\/187223\/revisions\/187488"}],"wp:attachment":[{"href":"https:\/\/franciscanos.org.br\/conventosantoantonio\/wp-json\/wp\/v2\/media?parent=187223"}],"curies":[{"name":"wp","href":"https:\/\/api.w.org\/{rel}","templated":true}]}}

<div class="wpcf7 no-js" id="wpcf7-f13556-o1" lang="pt-BR" dir="ltr">
<div class="screen-reader-response"><p role="status" aria-live="polite" aria-atomic="true"></p> <ul></ul></div>
<form action="/conventosantoantonio/wp-json/wp/v2/pages/187223#wpcf7-f13556-o1" method="post" class="wpcf7-form init" aria-label="Formulários de contato" novalidate="novalidate" data-status="init">
<div style="display: none;">
<input type="hidden" name="_wpcf7" value="13556" />
<input type="hidden" name="_wpcf7_version" value="5.7.7" />
<input type="hidden" name="_wpcf7_locale" value="pt_BR" />
<input type="hidden" name="_wpcf7_unit_tag" value="wpcf7-f13556-o1" />
<input type="hidden" name="_wpcf7_container_post" value="0" />
<input type="hidden" name="_wpcf7_posted_data_hash" value="" />
</div>
<div style="max-width: 400px;">
	<p><span class="wpcf7-form-control-wrap" data-name="your-name"><input size="40" class="wpcf7-form-control wpcf7-text" aria-invalid="false" placeholder="Nome" value="" type="text" name="your-name" /></span>
	</p>
	<p><span class="wpcf7-form-control-wrap" data-name="your-email"><input size="40" class="wpcf7-form-control wpcf7-text wpcf7-email wpcf7-validates-as-email" aria-invalid="false" placeholder="E-mail" value="" type="email" name="your-email" /></span>
	</p>
	<p><span class="wpcf7-form-control-wrap" data-name="assunto"><input size="40" class="wpcf7-form-control wpcf7-text" aria-invalid="false" placeholder="Assunto" value="" type="text" name="assunto" /></span>
	</p>
	<p><span class="wpcf7-form-control-wrap" data-name="your-message"><textarea cols="40" rows="3" class="wpcf7-form-control wpcf7-textarea wpcf7-validates-as-required" aria-required="true" aria-invalid="false" placeholder="Mensagem" name="your-message"></textarea></span>
	</p>
	<p>* campos obrigatórios.<br />
<input class="wpcf7-form-control has-spinner wpcf7-submit btn btn-clean t-transform-u" type="submit" value="Enviar" />
	</p>
</div><div class="wpcf7-response-output" aria-hidden="true"></div>
</form>
</div>

* campos obrigatórios.

<!-- This site is optimized with the Yoast SEO plugin v19.4 - https://yoast.com/wordpress/plugins/seo/ -->
<title>Fale Conosco - Convento Santo Antônio- Franciscanos</title>
<meta name="robots" content="index, follow, max-snippet:-1, max-image-preview:large, max-video-preview:-1" />
<link rel="canonical" href="https://franciscanos.org.br/conventosantoantonio/fale-conosco/" />
<meta property="og:locale" content="pt_BR" />
<meta property="og:type" content="article" />
<meta property="og:title" content="Fale Conosco - Convento Santo Antônio- Franciscanos" />
<meta property="og:url" content="https://franciscanos.org.br/conventosantoantonio/fale-conosco/" />
<meta property="og:site_name" content="Convento Santo Antônio- Franciscanos" />
<meta property="article:modified_time" content="2020-09-23T18:04:24+00:00" />
<meta name="twitter:card" content="summary_large_image" />
<script type="application/ld+json" class="yoast-schema-graph">{"@context":"https://schema.org","@graph":[{"@type":"WebSite","@id":"https://franciscanos.org.br/conventosantoantonio/#website","url":"https://franciscanos.org.br/conventosantoantonio/","name":"Convento Santo Antônio- Franciscanos","description":"Província Franciscana da Imaculada Conceição do Brasil - Ordem dos Frades Menores","potentialAction":[{"@type":"SearchAction","target":{"@type":"EntryPoint","urlTemplate":"https://franciscanos.org.br/conventosantoantonio/?s={search_term_string}"},"query-input":"required name=search_term_string"}],"inLanguage":"pt-BR"},{"@type":"WebPage","@id":"https://franciscanos.org.br/conventosantoantonio/fale-conosco/","url":"https://franciscanos.org.br/conventosantoantonio/fale-conosco/","name":"Fale Conosco - Convento Santo Antônio- Franciscanos","isPartOf":{"@id":"https://franciscanos.org.br/conventosantoantonio/#website"},"datePublished":"2020-09-08T18:31:17+00:00","dateModified":"2020-09-23T18:04:24+00:00","breadcrumb":{"@id":"https://franciscanos.org.br/conventosantoantonio/fale-conosco/#breadcrumb"},"inLanguage":"pt-BR","potentialAction":[{"@type":"ReadAction","target":["https://franciscanos.org.br/conventosantoantonio/fale-conosco/"]}]},{"@type":"BreadcrumbList","@id":"https://franciscanos.org.br/conventosantoantonio/fale-conosco/#breadcrumb","itemListElement":[{"@type":"ListItem","position":1,"name":"Home","item":"https://franciscanos.org.br/conventosantoantonio/"},{"@type":"ListItem","position":2,"name":"Fale Conosco"}]}]}</script>
<!-- / Yoast SEO plugin. -->

Fale Conosco - Convento Santo Antônio- Franciscanos

Convento Santo Antônio- Franciscanos

Província Franciscana da Imaculada Conceição do Brasil - Ordem dos Frades Menores
