{"id":187212,"date":"2020-09-08T15:29:51","date_gmt":"2020-09-08T18:29:51","guid":{"rendered":"https:\/\/franciscanos.org.br\/conventosantoantonio\/?page_id=187212"},"modified":"2021-09-23T14:50:52","modified_gmt":"2021-09-23T17:50:52","slug":"cronologia","status":"publish","type":"page","link":"https:\/\/franciscanos.org.br\/conventosantoantonio\/cronologia\/","title":{"rendered":"Cronologia"},"content":{"rendered":"<p>[vc_row][vc_column width=&#8221;1\/2&#8243;][vc_column_text]<\/p>\n<h1>Acompanhe os passos de Santo Ant\u00f4nio<\/h1>\n<p>[\/vc_column_text][vc_single_image image=&#8221;187852&#8243; img_size=&#8221;full&#8221; css_animation=&#8221;flipInX&#8221;][vc_column_text]1195 \u2013 Segundo a tradi\u00e7\u00e3o mais corrente, nasce em Lisboa, filho de Martim Afonso e Maria. De fam\u00edlia \u201cnobre e poderosa\u201d. Batizado com o nome de Fernando.<\/p>\n<p>1202-1209 \u2013 Durante aproximadamente sete anos, estuda na escola episcopal anexa \u00e0 Catedral de Lisboa.<\/p>\n<p>1210 (?) \u2013 Ingressa no Mosteiro de S\u00e3o Vicente, dos C\u00f4negos Regulares de Santo Agostinho, nos arredores de Lisboa.<\/p>\n<p>1212 (?) \u2013 Passa para o Mosteiro da Santa Cruz, pertencente tamb\u00e9m aos C\u00f4negos Regulares de Santo Agostinho. O mosteiro atendia a uma par\u00f3quia na cidade e a outra no meio rural, dirigia dois hospitais, dava hospedagem e tinha outros trabalhos pastorais e assistenciais.<\/p>\n<p>1220 \u2013 \u00c9 ordenado sacerdote. Como encarregado da hospedaria, recebe os primeiros franciscanos provenientes de Assis que o impressionaram profundamente. Pouco depois, estes s\u00e3o martirizados em Marrakesh, no Marrocos, e seus restos mortais s\u00e3o sepultados na Igreja dos C\u00f4negos de Santa Cruz. Deixa a Ordem Agostiniana para ingressar na Ordem Franciscana, mudando de nome: chamar-se-\u00e1 Frei Ant\u00f4nio. Pelo fim do ano, viaja a Marrocos. Apenas chega, adoece gravemente.<\/p>\n<p>1221 \u2013 Na primavera, embarca de regresso a Portugal para tratar da sa\u00fade, mas um furac\u00e3o arrasta a nave, e Frei Ant\u00f4nio desembarca na Sic\u00edlia, sendo hospedado pelos franciscanos de Messina. Em maio, viaja para Assis, onde participa do famoso \u201cCap\u00edtulo das Esteiras\u201d. Encontra S\u00e3o Francisco, que havia renunciado ao governo da Ordem, e ouve suas edmoesta\u00e7\u00f5es. Ao final do Cap\u00edtulo, Frei Graciano, \u201cMinistro e Servo\u201d dos irm\u00e3os menores da Romanha, leva Frei Ant\u00f4nio consigo e o envia ao Eremit\u00e9rio de Monte Paolo, nos arredores de Forli, para celebrar a missa, fazer a limpeza e participar do of\u00edcio coral. Permanece ali uns quinze meses.[\/vc_column_text][vc_column_text][\/vc_column_text][\/vc_column][vc_column width=&#8221;1\/2&#8243;][vc_column_text]1223 \u2013 Em setembro, por ocasi\u00e3o da ordena\u00e7\u00e3o sacra de alguns irm\u00e3os, Frei Ant\u00f4nio revela sua doutrina b\u00edblica, seu ardor e sua arte orat\u00f3ria. A partir deste momento, \u00e9 destinado \u00e0 prega\u00e7\u00e3o itinerante e \u00e0 forma\u00e7\u00e3o teol\u00f3gica dos irm\u00e3os. Pelo final do ano ou in\u00edcio do ano seguinte, recebe um bilhete de S\u00e3o Francisco, que o autoriza a ensinar a sagrada Teologia em Bolonha.<\/p>\n<p>1224 (?) \u2013 Encontramos Frei Ant\u00f4nio em Vercelli.<\/p>\n<p>1225 (?) \u2013 Passa para a Fran\u00e7a e prega em Montpeilier, Aries, Toulouse, Limoges e Bourges.<\/p>\n<p>1226 \u2013 \u00c9 nomeado \u201cCust\u00f3dio\u201d dos frades menores da regi\u00e3o de Limoges, guiando-os na dif\u00edcil tarefa da evangeliza\u00e7\u00e3o, do trabalho pastoral e do combate \u00e0 heresia. Dedica-se ainda ao ensino teol\u00f3gico e \u00e0 reda\u00e7\u00e3o de subs\u00eddios para a prega\u00e7\u00e3o. Entrega-se a uma intensa vida contemplativa.<\/p>\n<p>1227 \u2013 No fim deste ano ou no princ\u00edpio do ano seguinte, est\u00e1 novamente na It\u00e1lia, exercendo o cargo de \u201cMinistro Provincial\u201d das regi\u00f5es setentrionais.<\/p>\n<p>1229-1230 \u2013 Prega\u00e7\u00e3o itinerante de Frei Ant\u00f4nio na Marca de Treviso e em P\u00e1dua, onde redige os Serm\u00f5es dominicais, marianos e festivos.<\/p>\n<p>1230 \u2013 Participa do Cap\u00edtulo Geral de Assis, no fim do qual, com outros irm\u00e3os, se dirige a Roma para expor ao Papa os problemas da Ordem, que estava em plena crise de identidade, crescimento e adapta\u00e7\u00e3o.<\/p>\n<p>1231 \u2013 Prega a famosa quaresma de 1231, que foi uma refunda\u00e7\u00e3o crist\u00e3 de P\u00e1dua. Prega\u00e7\u00e3o catequ\u00e9tica di\u00e1ria e confiss\u00f5es em massa. Esta prega\u00e7\u00e3o-catequese foi o in\u00edcio de uma imponente evangeliza\u00e7\u00e3o da cidade e de seus arredores. Sua sa\u00fade est\u00e1 irremediavelmente comprometida. Em fins de maio, est\u00e1 em Camposampiero, onde completa alguns manuscritos e se dedica \u00e0 contempla\u00e7\u00e3o. Ao meio-dia de 13 de junho, sofre um colapso. Quer regressar a P\u00e1dua, mas durante a viagem teve que se deter em Arcella, onde morre.<\/p>\n<p>1232 \u2013 O Papa Greg\u00f3rio IX canoniza-o no dia 30 de maio, na catedral de Espoleto. \u00c9 venerado com o t\u00edtulo de Doutor da Igreja at\u00e9 1568, tradi\u00e7\u00e3o que \u00e9 confirmada pelo Papa Pio XII no dia 16 de janeiro de 1946. Seu t\u00edtulo lit\u00fargico \u00e9 Doctor Evangel\u00edcus.[\/vc_column_text][vc_column_text][\/vc_column_text][vc_single_image image=&#8221;187854&#8243; img_size=&#8221;full&#8221;][\/vc_column][\/vc_row]<\/p>\n","protected":false},"excerpt":{"rendered":"<p>[vc_row][vc_column width=&#8221;1\/2&#8243;][vc_column_text] Acompanhe os passos de Santo Ant\u00f4nio [\/vc_column_text][vc_single_image image=&#8221;187852&#8243; img_size=&#8221;full&#8221; css_animation=&#8221;flipInX&#8221;][vc_column_text]1195 \u2013 Segundo a tradi\u00e7\u00e3o mais corrente, nasce em Lisboa, filho de Martim Afonso e Maria. De fam\u00edlia \u201cnobre e poderosa\u201d. Batizado com o nome de Fernando. 1202-1209 \u2013 Durante aproximadamente sete anos, estuda na escola episcopal anexa \u00e0 Catedral de Lisboa. 1210 (?) [&hellip;]<\/p>\n","protected":false},"author":2,"featured_media":0,"parent":0,"menu_order":0,"comment_status":"closed","ping_status":"closed","template":"","meta":[],"yoast_head":"<!-- This site is optimized with the Yoast SEO plugin v19.4 - https:\/\/yoast.com\/wordpress\/plugins\/seo\/ -->\n<title>Cronologia - Convento Santo Ant\u00f4nio- Franciscanos<\/title>\n<meta name=\"robots\" content=\"index, follow, max-snippet:-1, max-image-preview:large, max-video-preview:-1\" \/>\n<link rel=\"canonical\" href=\"https:\/\/franciscanos.org.br\/conventosantoantonio\/cronologia\/\" \/>\n<meta property=\"og:locale\" content=\"pt_BR\" \/>\n<meta property=\"og:type\" content=\"article\" \/>\n<meta property=\"og:title\" content=\"Cronologia - Convento Santo Ant\u00f4nio- Franciscanos\" \/>\n<meta property=\"og:description\" content=\"[vc_row][vc_column width=&#8221;1\/2&#8243;][vc_column_text] Acompanhe os passos de Santo Ant\u00f4nio [\/vc_column_text][vc_single_image image=&#8221;187852&#8243; img_size=&#8221;full&#8221; css_animation=&#8221;flipInX&#8221;][vc_column_text]1195 \u2013 Segundo a tradi\u00e7\u00e3o mais corrente, nasce em Lisboa, filho de Martim Afonso e Maria. De fam\u00edlia \u201cnobre e poderosa\u201d. Batizado com o nome de Fernando. 1202-1209 \u2013 Durante aproximadamente sete anos, estuda na escola episcopal anexa \u00e0 Catedral de Lisboa. 1210 (?) [&hellip;]\" \/>\n<meta property=\"og:url\" content=\"https:\/\/franciscanos.org.br\/conventosantoantonio\/cronologia\/\" \/>\n<meta property=\"og:site_name\" content=\"Convento Santo Ant\u00f4nio- Franciscanos\" \/>\n<meta property=\"article:modified_time\" content=\"2021-09-23T17:50:52+00:00\" \/>\n<meta name=\"twitter:card\" content=\"summary_large_image\" \/>\n<meta name=\"twitter:label1\" content=\"Est. tempo de leitura\" \/>\n\t<meta name=\"twitter:data1\" content=\"4 minutos\" \/>\n<script type=\"application\/ld+json\" class=\"yoast-schema-graph\">{\"@context\":\"https:\/\/schema.org\",\"@graph\":[{\"@type\":\"WebSite\",\"@id\":\"https:\/\/franciscanos.org.br\/conventosantoantonio\/#website\",\"url\":\"https:\/\/franciscanos.org.br\/conventosantoantonio\/\",\"name\":\"Convento Santo Ant\u00f4nio- Franciscanos\",\"description\":\"Prov\u00edncia Franciscana da Imaculada Concei\u00e7\u00e3o do Brasil - Ordem dos Frades Menores\",\"potentialAction\":[{\"@type\":\"SearchAction\",\"target\":{\"@type\":\"EntryPoint\",\"urlTemplate\":\"https:\/\/franciscanos.org.br\/conventosantoantonio\/?s={search_term_string}\"},\"query-input\":\"required name=search_term_string\"}],\"inLanguage\":\"pt-BR\"},{\"@type\":\"WebPage\",\"@id\":\"https:\/\/franciscanos.org.br\/conventosantoantonio\/cronologia\/\",\"url\":\"https:\/\/franciscanos.org.br\/conventosantoantonio\/cronologia\/\",\"name\":\"Cronologia - Convento Santo Ant\u00f4nio- Franciscanos\",\"isPartOf\":{\"@id\":\"https:\/\/franciscanos.org.br\/conventosantoantonio\/#website\"},\"datePublished\":\"2020-09-08T18:29:51+00:00\",\"dateModified\":\"2021-09-23T17:50:52+00:00\",\"breadcrumb\":{\"@id\":\"https:\/\/franciscanos.org.br\/conventosantoantonio\/cronologia\/#breadcrumb\"},\"inLanguage\":\"pt-BR\",\"potentialAction\":[{\"@type\":\"ReadAction\",\"target\":[\"https:\/\/franciscanos.org.br\/conventosantoantonio\/cronologia\/\"]}]},{\"@type\":\"BreadcrumbList\",\"@id\":\"https:\/\/franciscanos.org.br\/conventosantoantonio\/cronologia\/#breadcrumb\",\"itemListElement\":[{\"@type\":\"ListItem\",\"position\":1,\"name\":\"Home\",\"item\":\"https:\/\/franciscanos.org.br\/conventosantoantonio\/\"},{\"@type\":\"ListItem\",\"position\":2,\"name\":\"Cronologia\"}]}]}<\/script>\n<!-- \/ Yoast SEO plugin. -->","yoast_head_json":{"title":"Cronologia - Convento Santo Ant\u00f4nio- Franciscanos","robots":{"index":"index","follow":"follow","max-snippet":"max-snippet:-1","max-image-preview":"max-image-preview:large","max-video-preview":"max-video-preview:-1"},"canonical":"https:\/\/franciscanos.org.br\/conventosantoantonio\/cronologia\/","og_locale":"pt_BR","og_type":"article","og_title":"Cronologia - Convento Santo Ant\u00f4nio- Franciscanos","og_description":"[vc_row][vc_column width=&#8221;1\/2&#8243;][vc_column_text] Acompanhe os passos de Santo Ant\u00f4nio [\/vc_column_text][vc_single_image image=&#8221;187852&#8243; img_size=&#8221;full&#8221; css_animation=&#8221;flipInX&#8221;][vc_column_text]1195 \u2013 Segundo a tradi\u00e7\u00e3o mais corrente, nasce em Lisboa, filho de Martim Afonso e Maria. De fam\u00edlia \u201cnobre e poderosa\u201d. Batizado com o nome de Fernando. 1202-1209 \u2013 Durante aproximadamente sete anos, estuda na escola episcopal anexa \u00e0 Catedral de Lisboa. 1210 (?) [&hellip;]","og_url":"https:\/\/franciscanos.org.br\/conventosantoantonio\/cronologia\/","og_site_name":"Convento Santo Ant\u00f4nio- Franciscanos","article_modified_time":"2021-09-23T17:50:52+00:00","twitter_card":"summary_large_image","twitter_misc":{"Est. tempo de leitura":"4 minutos"},"schema":{"@context":"https:\/\/schema.org","@graph":[{"@type":"WebSite","@id":"https:\/\/franciscanos.org.br\/conventosantoantonio\/#website","url":"https:\/\/franciscanos.org.br\/conventosantoantonio\/","name":"Convento Santo Ant\u00f4nio- Franciscanos","description":"Prov\u00edncia Franciscana da Imaculada Concei\u00e7\u00e3o do Brasil - Ordem dos Frades Menores","potentialAction":[{"@type":"SearchAction","target":{"@type":"EntryPoint","urlTemplate":"https:\/\/franciscanos.org.br\/conventosantoantonio\/?s={search_term_string}"},"query-input":"required name=search_term_string"}],"inLanguage":"pt-BR"},{"@type":"WebPage","@id":"https:\/\/franciscanos.org.br\/conventosantoantonio\/cronologia\/","url":"https:\/\/franciscanos.org.br\/conventosantoantonio\/cronologia\/","name":"Cronologia - Convento Santo Ant\u00f4nio- Franciscanos","isPartOf":{"@id":"https:\/\/franciscanos.org.br\/conventosantoantonio\/#website"},"datePublished":"2020-09-08T18:29:51+00:00","dateModified":"2021-09-23T17:50:52+00:00","breadcrumb":{"@id":"https:\/\/franciscanos.org.br\/conventosantoantonio\/cronologia\/#breadcrumb"},"inLanguage":"pt-BR","potentialAction":[{"@type":"ReadAction","target":["https:\/\/franciscanos.org.br\/conventosantoantonio\/cronologia\/"]}]},{"@type":"BreadcrumbList","@id":"https:\/\/franciscanos.org.br\/conventosantoantonio\/cronologia\/#breadcrumb","itemListElement":[{"@type":"ListItem","position":1,"name":"Home","item":"https:\/\/franciscanos.org.br\/conventosantoantonio\/"},{"@type":"ListItem","position":2,"name":"Cronologia"}]}]}},"_links":{"self":[{"href":"https:\/\/franciscanos.org.br\/conventosantoantonio\/wp-json\/wp\/v2\/pages\/187212"}],"collection":[{"href":"https:\/\/franciscanos.org.br\/conventosantoantonio\/wp-json\/wp\/v2\/pages"}],"about":[{"href":"https:\/\/franciscanos.org.br\/conventosantoantonio\/wp-json\/wp\/v2\/types\/page"}],"author":[{"embeddable":true,"href":"https:\/\/franciscanos.org.br\/conventosantoantonio\/wp-json\/wp\/v2\/users\/2"}],"replies":[{"embeddable":true,"href":"https:\/\/franciscanos.org.br\/conventosantoantonio\/wp-json\/wp\/v2\/comments?post=187212"}],"version-history":[{"count":7,"href":"https:\/\/franciscanos.org.br\/conventosantoantonio\/wp-json\/wp\/v2\/pages\/187212\/revisions"}],"predecessor-version":[{"id":187856,"href":"https:\/\/franciscanos.org.br\/conventosantoantonio\/wp-json\/wp\/v2\/pages\/187212\/revisions\/187856"}],"wp:attachment":[{"href":"https:\/\/franciscanos.org.br\/conventosantoantonio\/wp-json\/wp\/v2\/media?parent=187212"}],"curies":[{"name":"wp","href":"https:\/\/api.w.org\/{rel}","templated":true}]}}

<p>[vc_row][vc_column width=&#8221;1/2&#8243;][vc_column_text]</p>
<h1>Acompanhe os passos de Santo Antônio</h1>
<p>[/vc_column_text][vc_single_image image=&#8221;187852&#8243; img_size=&#8221;full&#8221; css_animation=&#8221;flipInX&#8221;][vc_column_text]1195 – Segundo a tradição mais corrente, nasce em Lisboa, filho de Martim Afonso e Maria. De família “nobre e poderosa”. Batizado com o nome de Fernando.</p>
<p>1202-1209 – Durante aproximadamente sete anos, estuda na escola episcopal anexa à Catedral de Lisboa.</p>
<p>1210 (?) – Ingressa no Mosteiro de São Vicente, dos Cônegos Regulares de Santo Agostinho, nos arredores de Lisboa.</p>
<p>1212 (?) – Passa para o Mosteiro da Santa Cruz, pertencente também aos Cônegos Regulares de Santo Agostinho. O mosteiro atendia a uma paróquia na cidade e a outra no meio rural, dirigia dois hospitais, dava hospedagem e tinha outros trabalhos pastorais e assistenciais.</p>
<p>1220 – É ordenado sacerdote. Como encarregado da hospedaria, recebe os primeiros franciscanos provenientes de Assis que o impressionaram profundamente. Pouco depois, estes são martirizados em Marrakesh, no Marrocos, e seus restos mortais são sepultados na Igreja dos Cônegos de Santa Cruz. Deixa a Ordem Agostiniana para ingressar na Ordem Franciscana, mudando de nome: chamar-se-á Frei Antônio. Pelo fim do ano, viaja a Marrocos. Apenas chega, adoece gravemente.</p>
<p>1221 – Na primavera, embarca de regresso a Portugal para tratar da saúde, mas um furacão arrasta a nave, e Frei Antônio desembarca na Sicília, sendo hospedado pelos franciscanos de Messina. Em maio, viaja para Assis, onde participa do famoso “Capítulo das Esteiras”. Encontra São Francisco, que havia renunciado ao governo da Ordem, e ouve suas edmoestações. Ao final do Capítulo, Frei Graciano, “Ministro e Servo” dos irmãos menores da Romanha, leva Frei Antônio consigo e o envia ao Eremitério de Monte Paolo, nos arredores de Forli, para celebrar a missa, fazer a limpeza e participar do ofício coral. Permanece ali uns quinze meses.[/vc_column_text][vc_column_text][/vc_column_text][/vc_column][vc_column width=&#8221;1/2&#8243;][vc_column_text]1223 – Em setembro, por ocasião da ordenação sacra de alguns irmãos, Frei Antônio revela sua doutrina bíblica, seu ardor e sua arte oratória. A partir deste momento, é destinado à pregação itinerante e à formação teológica dos irmãos. Pelo final do ano ou início do ano seguinte, recebe um bilhete de São Francisco, que o autoriza a ensinar a sagrada Teologia em Bolonha.</p>
<p>1224 (?) – Encontramos Frei Antônio em Vercelli.</p>
<p>1225 (?) – Passa para a França e prega em Montpeilier, Aries, Toulouse, Limoges e Bourges.</p>
<p>1226 – É nomeado “Custódio” dos frades menores da região de Limoges, guiando-os na difícil tarefa da evangelização, do trabalho pastoral e do combate à heresia. Dedica-se ainda ao ensino teológico e à redação de subsídios para a pregação. Entrega-se a uma intensa vida contemplativa.</p>
<p>1227 – No fim deste ano ou no princípio do ano seguinte, está novamente na Itália, exercendo o cargo de “Ministro Provincial” das regiões setentrionais.</p>
<p>1229-1230 – Pregação itinerante de Frei Antônio na Marca de Treviso e em Pádua, onde redige os Sermões dominicais, marianos e festivos.</p>
<p>1230 – Participa do Capítulo Geral de Assis, no fim do qual, com outros irmãos, se dirige a Roma para expor ao Papa os problemas da Ordem, que estava em plena crise de identidade, crescimento e adaptação.</p>
<p>1231 – Prega a famosa quaresma de 1231, que foi uma refundação cristã de Pádua. Pregação catequética diária e confissões em massa. Esta pregação-catequese foi o início de uma imponente evangelização da cidade e de seus arredores. Sua saúde está irremediavelmente comprometida. Em fins de maio, está em Camposampiero, onde completa alguns manuscritos e se dedica à contemplação. Ao meio-dia de 13 de junho, sofre um colapso. Quer regressar a Pádua, mas durante a viagem teve que se deter em Arcella, onde morre.</p>
<p>1232 – O Papa Gregório IX canoniza-o no dia 30 de maio, na catedral de Espoleto. É venerado com o título de Doutor da Igreja até 1568, tradição que é confirmada pelo Papa Pio XII no dia 16 de janeiro de 1946. Seu título litúrgico é Doctor Evangelícus.[/vc_column_text][vc_column_text][/vc_column_text][vc_single_image image=&#8221;187854&#8243; img_size=&#8221;full&#8221;][/vc_column][/vc_row]</p>

<p>[vc_row][vc_column width=&#8221;1/2&#8243;][vc_column_text] Acompanhe os passos de Santo Antônio [/vc_column_text][vc_single_image image=&#8221;187852&#8243; img_size=&#8221;full&#8221; css_animation=&#8221;flipInX&#8221;][vc_column_text]1195 – Segundo a tradição mais corrente, nasce em Lisboa, filho de Martim Afonso e Maria. De família “nobre e poderosa”. Batizado com o nome de Fernando. 1202-1209 – Durante aproximadamente sete anos, estuda na escola episcopal anexa à Catedral de Lisboa. 1210 (?) [&hellip;]</p>

<!-- This site is optimized with the Yoast SEO plugin v19.4 - https://yoast.com/wordpress/plugins/seo/ -->
<title>Cronologia - Convento Santo Antônio- Franciscanos</title>
<meta name="robots" content="index, follow, max-snippet:-1, max-image-preview:large, max-video-preview:-1" />
<link rel="canonical" href="https://franciscanos.org.br/conventosantoantonio/cronologia/" />
<meta property="og:locale" content="pt_BR" />
<meta property="og:type" content="article" />
<meta property="og:title" content="Cronologia - Convento Santo Antônio- Franciscanos" />
<meta property="og:description" content="[vc_row][vc_column width=&#8221;1/2&#8243;][vc_column_text] Acompanhe os passos de Santo Antônio [/vc_column_text][vc_single_image image=&#8221;187852&#8243; img_size=&#8221;full&#8221; css_animation=&#8221;flipInX&#8221;][vc_column_text]1195 – Segundo a tradição mais corrente, nasce em Lisboa, filho de Martim Afonso e Maria. De família “nobre e poderosa”. Batizado com o nome de Fernando. 1202-1209 – Durante aproximadamente sete anos, estuda na escola episcopal anexa à Catedral de Lisboa. 1210 (?) [&hellip;]" />
<meta property="og:url" content="https://franciscanos.org.br/conventosantoantonio/cronologia/" />
<meta property="og:site_name" content="Convento Santo Antônio- Franciscanos" />
<meta property="article:modified_time" content="2021-09-23T17:50:52+00:00" />
<meta name="twitter:card" content="summary_large_image" />
<meta name="twitter:label1" content="Est. tempo de leitura" />
	<meta name="twitter:data1" content="4 minutos" />
<script type="application/ld+json" class="yoast-schema-graph">{"@context":"https://schema.org","@graph":[{"@type":"WebSite","@id":"https://franciscanos.org.br/conventosantoantonio/#website","url":"https://franciscanos.org.br/conventosantoantonio/","name":"Convento Santo Antônio- Franciscanos","description":"Província Franciscana da Imaculada Conceição do Brasil - Ordem dos Frades Menores","potentialAction":[{"@type":"SearchAction","target":{"@type":"EntryPoint","urlTemplate":"https://franciscanos.org.br/conventosantoantonio/?s={search_term_string}"},"query-input":"required name=search_term_string"}],"inLanguage":"pt-BR"},{"@type":"WebPage","@id":"https://franciscanos.org.br/conventosantoantonio/cronologia/","url":"https://franciscanos.org.br/conventosantoantonio/cronologia/","name":"Cronologia - Convento Santo Antônio- Franciscanos","isPartOf":{"@id":"https://franciscanos.org.br/conventosantoantonio/#website"},"datePublished":"2020-09-08T18:29:51+00:00","dateModified":"2021-09-23T17:50:52+00:00","breadcrumb":{"@id":"https://franciscanos.org.br/conventosantoantonio/cronologia/#breadcrumb"},"inLanguage":"pt-BR","potentialAction":[{"@type":"ReadAction","target":["https://franciscanos.org.br/conventosantoantonio/cronologia/"]}]},{"@type":"BreadcrumbList","@id":"https://franciscanos.org.br/conventosantoantonio/cronologia/#breadcrumb","itemListElement":[{"@type":"ListItem","position":1,"name":"Home","item":"https://franciscanos.org.br/conventosantoantonio/"},{"@type":"ListItem","position":2,"name":"Cronologia"}]}]}</script>
<!-- / Yoast SEO plugin. -->

Cronologia - Convento Santo Antônio- Franciscanos

[vc_row][vc_column width=&#8221;1/2&#8243;][vc_column_text] Acompanhe os passos de Santo Antônio [/vc_column_text][vc_single_image image=&#8221;187852&#8243; img_size=&#8221;full&#8221; css_animation=&#8221;flipInX&#8221;][vc_column_text]1195 – Segundo a tradição mais corrente, nasce em Lisboa, filho de Martim Afonso e Maria. De família “nobre e poderosa”. Batizado com o nome de Fernando. 1202-1209 – Durante aproximadamente sete anos, estuda na escola episcopal anexa à Catedral de Lisboa. 1210 (?) [&hellip;]

Convento Santo Antônio- Franciscanos

Província Franciscana da Imaculada Conceição do Brasil - Ordem dos Frades Menores
