{"id":187208,"date":"2020-09-08T15:29:28","date_gmt":"2020-09-08T18:29:28","guid":{"rendered":"https:\/\/franciscanos.org.br\/conventosantoantonio\/?page_id=187208"},"modified":"2021-09-23T15:45:47","modified_gmt":"2021-09-23T18:45:47","slug":"visitacao","status":"publish","type":"page","link":"https:\/\/franciscanos.org.br\/conventosantoantonio\/visitacao\/","title":{"rendered":"Patrim\u00f4nio religioso"},"content":{"rendered":"<p>[vc_row][vc_column width=&#8221;1\/2&#8243;][vc_column_text]<\/p>\n<h1>Mais um pouco da hist\u00f3ria<\/h1>\n<p>[\/vc_column_text][vc_single_image image=&#8221;187873&#8243; img_size=&#8221;full&#8221; css_animation=&#8221;flipInX&#8221;][vc_column_text]Fachada: A atual fachada \u00e9 resultado de uma amplia\u00e7\u00e3o da igreja no s\u00e9culo XVIII e de uma reforma na d\u00e9cada de 20 desse s\u00e9culo, quando foram inseridos elementos neocoloniais. A igreja n\u00e3o possui torres. Uma platibanda com tr\u00eas arcadas d\u00e1 um toque peculiar \u00e0 fachada de alvenaria, com finas pilastras de cantaria encimadas por coruch\u00e9us. O frontisp\u00edcio \u00e9 terminado por singelas formas sinuosas de cantaria. Os sinos est\u00e3o instalados em arcadas duplas, no telhado do convento, pr\u00f3ximas do beiral. No p\u00f3rtico, encontra-se um nicho de granito com a imagem de Santo Antonio do Relento.<\/p>\n<p>Interior: A igreja n\u00e3o possui altares e capelas laterais, tradi\u00e7\u00e3o da arquitetura franciscana. A decora\u00e7\u00e3o barroca est\u00e1 concentrada na capela-mor, inteiramente recoberta de talha dourada. Os altares possuem arquivolta e datam do in\u00edcio do s\u00e9c.XVIII, apresentando folhas de acanto, cachos de uvas, folhas de parreiras e meninos. A base da talha da capela-mor \u00e9 vermelha, enquanto que a dos altares laterais e do p\u00falpito \u00e9 azul. A nave apresenta ainda grandes pinturas com cercaduras de talha, retangulares e octogonais. Os 16 pain\u00e9is pict\u00f3ricos do teto e das laterais da capela-mor destacam-se da talha por seu fundo escuro.<\/p>\n<p>Planta: Nave \u00fanica, capela-mor com tribunas e teto abobadado com clarab\u00f3ia, coro e depend\u00eancias.<\/p>\n<p>CRONOLOGIA<\/p>\n<p>1592 &#8211; Chegam ao Rio os primeiros frades franciscanos.<br \/>\n1607 &#8211; Os frades recebem doa\u00e7\u00e3o do terreno do convento, localizado no Morro do Carmo, que passa ent\u00e3o a se chamar Morro de Santo Antonio.<br \/>\n1608 &#8211; Pedra fundamental do convento. (Projeto: frei Francisco dos Santos).<br \/>\n1615 &#8211; Celebra\u00e7\u00e3o da primeira missa na igreja do convento.<br \/>\n1617\/28 &#8211; Conclus\u00e3o da igreja.<br \/>\n1619 &#8211; Constru\u00e7\u00e3o da Capela da Imaculada Concei\u00e7\u00e3o.<br \/>\n1620\/24 &#8211; Execu\u00e7\u00e3o dos ret\u00e1bulos.<br \/>\n1629\/30 &#8211; Douramento dos ret\u00e1bulos.<br \/>\n1653 &#8211; Reconstru\u00e7\u00e3o da Capela da Imaculada Concei\u00e7\u00e3o.<br \/>\n1696 &#8211; Segundo projeto do convento, por Francisco da Porci\u00fancula.<br \/>\n1701 &#8211; um alpendre \u00e9 acrescentado \u00e0 igreja.<br \/>\n1710 &#8211; Constru\u00e7\u00e3o da Capela da Porci\u00fancula, no claustro. A imagem de Santo Ant\u00f4nio recebe a patente de capit\u00e3o de infantaria por ter inspirado uma rea\u00e7\u00e3o ao ataque dos cors\u00e1rios franceses.<br \/>\n1714 &#8211; Constru\u00e7\u00e3o da sacristia.<br \/>\n1748 &#8211; Obras de amplia\u00e7\u00e3o do convento.<br \/>\n1761\/64 &#8211; Constru\u00e7\u00e3o da Capela do Ecce Homo, no claustro.<br \/>\n1773 &#8211; Constru\u00e7\u00e3o da Biblioteca e da Capela de Jesus, Maria e Jos\u00e9 (claustro).<br \/>\n1777 &#8211; O p\u00f3rtico recebe a imagem de Santo Ant\u00f4nio do Relento.<br \/>\n1810 &#8211; D.Jo\u00e3o VI promove \u00e0 sargento-mor a imagem de Santo Ant\u00f4nio.<br \/>\n1814 &#8211; A imagem de Santo Ant\u00f4nio \u00e9 promovida a tenente-coronel.<br \/>\n1910 &#8211; 17 fam\u00edlias que viviam nos terrenos do convento s\u00e3o desalojadas e t\u00eam suas casas demolidas. Com o material resultante da demoli\u00e7\u00e3o, \u00e9 constru\u00eddo o muro na parte sul.<br \/>\n1920 &#8211; Reconstru\u00e7\u00e3o da fachada, em estilo neocolonial.<br \/>\n1932 &#8211; O \u00f3rg\u00e3o barroco de 1758 \u00e9 substitu\u00eddo por outro.<br \/>\n1936 &#8211; Constru\u00eddo o Mausol\u00e9u Imperial.<br \/>\n1953 &#8211; Segunda restaura\u00e7\u00e3o do Convento.<br \/>\n1954 &#8211; Constru\u00e7\u00e3o do t\u00fanel.<br \/>\n1984 &#8211; Terceira restaura\u00e7\u00e3o do Convento.[\/vc_column_text][vc_column_text][\/vc_column_text][vc_single_image image=&#8221;187876&#8243; img_size=&#8221;full&#8221;][\/vc_column][vc_column width=&#8221;1\/2&#8243;][vc_column_text]<\/p>\n<p>[\/vc_column_text][vc_column_text]<\/p>\n<p>[\/vc_column_text][vc_single_image image=&#8221;187869&#8243; img_size=&#8221;full&#8221; css_animation=&#8221;flipInX&#8221;][vc_column_text]Entre as principais curiosidades do Convento, est\u00e1 uma que faz parte inclusive da hist\u00f3ria do pa\u00eds. \u00c9 que o Convento de Santo Ant\u00f4nio teve papel fundamental na Independ\u00eancia do Brasil, pois o grande mentor pol\u00edtico de Dom Pedro foi Frei Sampaio, com quem o pr\u00edncipe se aconselhava quase diariamente. Foi ele quem escreveu o discurso do Fico e, ainda hoje, no local se conserva a mesa da cela de Frei Sampaio, na qual teria escrito tamb\u00e9m todo o esbo\u00e7o da primeira constitui\u00e7\u00e3o do imp\u00e9rio brasileiro. Ali\u00e1s, era na cela de Frei Sampaio que se agrupavam os homens mais importantes do grupo que lutava pela Independ\u00eancia. O Convento chegou at\u00e9 a ser chamado por historiadores de &#8220;\u00fatero da independ\u00eancia&#8221;.[\/vc_column_text][vc_single_image image=&#8221;187874&#8243; img_size=&#8221;full&#8221; css_animation=&#8221;flipInX&#8221;][vc_column_text]<b>PATRIM\u00d4NIO<\/b><\/p>\n<p>&#8211; Imagem de Santo Ant\u00f4nio (capela-mor)<br \/>\n&#8211; Imagem de S\u00e3o Francisco (lado da Ep\u00edstola)<br \/>\n&#8211; Imagem da Imaculada Concei\u00e7\u00e3o (1620\/30) &#8211; lado do Evangelho<br \/>\n&#8211; Pinturas da capela-mor &#8211; epis\u00f3dios da vida de Santo Ant\u00f4nio. An\u00f4nimos (oito no teto e oito nas paredes)<br \/>\n&#8211; Pinturas do arco-cruzeiro (s\u00e9c.XX)<br \/>\n&#8211; Bustos dos santos franciscanos m\u00e1rtires (1597) &#8211; balaustrada do coro<br \/>\n&#8211; Ret\u00e1bulos barrocos da nave<br \/>\n&#8211; \u00d3rg\u00e3o alem\u00e3o de 1932 &#8211; do original, em estilo barroco, de 1758, s\u00f3 restaram os seis anjos que adornam as caixas.<br \/>\n&#8211; Confession\u00e1rios &#8211; com delicados trabalhos em madeira.<br \/>\n&#8211; Pinturas da capela-mor &#8211; com cercadura de talha, contando a vida de Santo Ant\u00f4nio<br \/>\n&#8211; Anjos com Lumin\u00e1rias (dois)<br \/>\n&#8211; P\u00falpito em madeira<br \/>\n&#8211; Imagem de Santo Antonio do Relento &#8211; orat\u00f3rio em nicho de granito, no exterior<\/p>\n<p>SACRISTIA<br \/>\n&#8211; Pinturas maiores (cinco) do teto &#8211; cenas da vida de Santo Ant\u00f4nio<br \/>\n&#8211; Pinturas menores (doze) &#8211; paisagens e emblemas de Santo Ant\u00f4nio<br \/>\n&#8211; Pain\u00e9is de azulejos (s\u00e9c.XVII) &#8211; cenas da vida de Santo Ant\u00f4nio<br \/>\n&#8211; Arcaz (1745) &#8211; cenas da vida de Santo Ant\u00f4nio<br \/>\n&#8211; Piso de m\u00e1rmore de Extremoz<br \/>\n&#8211; Lavabo de m\u00e1rmore portugu\u00eas com a est\u00e1tua da Pureza<\/p>\n<p>Claustro<br \/>\n&#8211; Capela da Porci\u00fancula<br \/>\n&#8211; Capela de N.S.das Dores<br \/>\n&#8211; Capela de S\u00e3o Joaquim<br \/>\n&#8211; Capela do Ecce Homo &#8211; com imagem de N.S.da Concei\u00e7\u00e3o<br \/>\n&#8211; Capela de Jesus, Maria e Jos\u00e9<br \/>\n&#8211; Nicho com imagem de Cristo Crucificado<br \/>\n&#8211; Nichos com representa\u00e7\u00f5es do nascimento e morte de S\u00e3o Francisco<\/p>\n<p>Mausol\u00e9u Imperial<br \/>\n&#8211; T\u00famulos de d.Jo\u00e3o Carlos Barromeu (filho de d.Pedro I e d.Leopoldina), de d.Antonio Afonso e d.Afonso (filhos de d.Pedro II e d.Teresa Cristina) e o antigo esquife de d.Leopoldina.[\/vc_column_text][\/vc_column][\/vc_row]<\/p>\n","protected":false},"excerpt":{"rendered":"<p>[vc_row][vc_column width=&#8221;1\/2&#8243;][vc_column_text] Mais um pouco da hist\u00f3ria [\/vc_column_text][vc_single_image image=&#8221;187873&#8243; img_size=&#8221;full&#8221; css_animation=&#8221;flipInX&#8221;][vc_column_text]Fachada: A atual fachada \u00e9 resultado de uma amplia\u00e7\u00e3o da igreja no s\u00e9culo XVIII e de uma reforma na d\u00e9cada de 20 desse s\u00e9culo, quando foram inseridos elementos neocoloniais. A igreja n\u00e3o possui torres. Uma platibanda com tr\u00eas arcadas d\u00e1 um toque peculiar \u00e0 fachada [&hellip;]<\/p>\n","protected":false},"author":2,"featured_media":0,"parent":0,"menu_order":0,"comment_status":"closed","ping_status":"closed","template":"","meta":[],"yoast_head":"<!-- This site is optimized with the Yoast SEO plugin v19.4 - https:\/\/yoast.com\/wordpress\/plugins\/seo\/ -->\n<title>Patrim\u00f4nio religioso - Convento Santo Ant\u00f4nio- Franciscanos<\/title>\n<meta name=\"robots\" content=\"index, follow, max-snippet:-1, max-image-preview:large, max-video-preview:-1\" \/>\n<link rel=\"canonical\" href=\"https:\/\/franciscanos.org.br\/conventosantoantonio\/visitacao\/\" \/>\n<meta property=\"og:locale\" content=\"pt_BR\" \/>\n<meta property=\"og:type\" content=\"article\" \/>\n<meta property=\"og:title\" content=\"Patrim\u00f4nio religioso - Convento Santo Ant\u00f4nio- Franciscanos\" \/>\n<meta property=\"og:description\" content=\"[vc_row][vc_column width=&#8221;1\/2&#8243;][vc_column_text] Mais um pouco da hist\u00f3ria [\/vc_column_text][vc_single_image image=&#8221;187873&#8243; img_size=&#8221;full&#8221; css_animation=&#8221;flipInX&#8221;][vc_column_text]Fachada: A atual fachada \u00e9 resultado de uma amplia\u00e7\u00e3o da igreja no s\u00e9culo XVIII e de uma reforma na d\u00e9cada de 20 desse s\u00e9culo, quando foram inseridos elementos neocoloniais. A igreja n\u00e3o possui torres. Uma platibanda com tr\u00eas arcadas d\u00e1 um toque peculiar \u00e0 fachada [&hellip;]\" \/>\n<meta property=\"og:url\" content=\"https:\/\/franciscanos.org.br\/conventosantoantonio\/visitacao\/\" \/>\n<meta property=\"og:site_name\" content=\"Convento Santo Ant\u00f4nio- Franciscanos\" \/>\n<meta property=\"article:modified_time\" content=\"2021-09-23T18:45:47+00:00\" \/>\n<meta name=\"twitter:card\" content=\"summary_large_image\" \/>\n<meta name=\"twitter:label1\" content=\"Est. tempo de leitura\" \/>\n\t<meta name=\"twitter:data1\" content=\"5 minutos\" \/>\n<script type=\"application\/ld+json\" class=\"yoast-schema-graph\">{\"@context\":\"https:\/\/schema.org\",\"@graph\":[{\"@type\":\"WebSite\",\"@id\":\"https:\/\/franciscanos.org.br\/conventosantoantonio\/#website\",\"url\":\"https:\/\/franciscanos.org.br\/conventosantoantonio\/\",\"name\":\"Convento Santo Ant\u00f4nio- Franciscanos\",\"description\":\"Prov\u00edncia Franciscana da Imaculada Concei\u00e7\u00e3o do Brasil - Ordem dos Frades Menores\",\"potentialAction\":[{\"@type\":\"SearchAction\",\"target\":{\"@type\":\"EntryPoint\",\"urlTemplate\":\"https:\/\/franciscanos.org.br\/conventosantoantonio\/?s={search_term_string}\"},\"query-input\":\"required name=search_term_string\"}],\"inLanguage\":\"pt-BR\"},{\"@type\":\"WebPage\",\"@id\":\"https:\/\/franciscanos.org.br\/conventosantoantonio\/visitacao\/\",\"url\":\"https:\/\/franciscanos.org.br\/conventosantoantonio\/visitacao\/\",\"name\":\"Patrim\u00f4nio religioso - Convento Santo Ant\u00f4nio- Franciscanos\",\"isPartOf\":{\"@id\":\"https:\/\/franciscanos.org.br\/conventosantoantonio\/#website\"},\"datePublished\":\"2020-09-08T18:29:28+00:00\",\"dateModified\":\"2021-09-23T18:45:47+00:00\",\"breadcrumb\":{\"@id\":\"https:\/\/franciscanos.org.br\/conventosantoantonio\/visitacao\/#breadcrumb\"},\"inLanguage\":\"pt-BR\",\"potentialAction\":[{\"@type\":\"ReadAction\",\"target\":[\"https:\/\/franciscanos.org.br\/conventosantoantonio\/visitacao\/\"]}]},{\"@type\":\"BreadcrumbList\",\"@id\":\"https:\/\/franciscanos.org.br\/conventosantoantonio\/visitacao\/#breadcrumb\",\"itemListElement\":[{\"@type\":\"ListItem\",\"position\":1,\"name\":\"Home\",\"item\":\"https:\/\/franciscanos.org.br\/conventosantoantonio\/\"},{\"@type\":\"ListItem\",\"position\":2,\"name\":\"Patrim\u00f4nio religioso\"}]}]}<\/script>\n<!-- \/ Yoast SEO plugin. -->","yoast_head_json":{"title":"Patrim\u00f4nio religioso - Convento Santo Ant\u00f4nio- Franciscanos","robots":{"index":"index","follow":"follow","max-snippet":"max-snippet:-1","max-image-preview":"max-image-preview:large","max-video-preview":"max-video-preview:-1"},"canonical":"https:\/\/franciscanos.org.br\/conventosantoantonio\/visitacao\/","og_locale":"pt_BR","og_type":"article","og_title":"Patrim\u00f4nio religioso - Convento Santo Ant\u00f4nio- Franciscanos","og_description":"[vc_row][vc_column width=&#8221;1\/2&#8243;][vc_column_text] Mais um pouco da hist\u00f3ria [\/vc_column_text][vc_single_image image=&#8221;187873&#8243; img_size=&#8221;full&#8221; css_animation=&#8221;flipInX&#8221;][vc_column_text]Fachada: A atual fachada \u00e9 resultado de uma amplia\u00e7\u00e3o da igreja no s\u00e9culo XVIII e de uma reforma na d\u00e9cada de 20 desse s\u00e9culo, quando foram inseridos elementos neocoloniais. A igreja n\u00e3o possui torres. Uma platibanda com tr\u00eas arcadas d\u00e1 um toque peculiar \u00e0 fachada [&hellip;]","og_url":"https:\/\/franciscanos.org.br\/conventosantoantonio\/visitacao\/","og_site_name":"Convento Santo Ant\u00f4nio- Franciscanos","article_modified_time":"2021-09-23T18:45:47+00:00","twitter_card":"summary_large_image","twitter_misc":{"Est. tempo de leitura":"5 minutos"},"schema":{"@context":"https:\/\/schema.org","@graph":[{"@type":"WebSite","@id":"https:\/\/franciscanos.org.br\/conventosantoantonio\/#website","url":"https:\/\/franciscanos.org.br\/conventosantoantonio\/","name":"Convento Santo Ant\u00f4nio- Franciscanos","description":"Prov\u00edncia Franciscana da Imaculada Concei\u00e7\u00e3o do Brasil - Ordem dos Frades Menores","potentialAction":[{"@type":"SearchAction","target":{"@type":"EntryPoint","urlTemplate":"https:\/\/franciscanos.org.br\/conventosantoantonio\/?s={search_term_string}"},"query-input":"required name=search_term_string"}],"inLanguage":"pt-BR"},{"@type":"WebPage","@id":"https:\/\/franciscanos.org.br\/conventosantoantonio\/visitacao\/","url":"https:\/\/franciscanos.org.br\/conventosantoantonio\/visitacao\/","name":"Patrim\u00f4nio religioso - Convento Santo Ant\u00f4nio- Franciscanos","isPartOf":{"@id":"https:\/\/franciscanos.org.br\/conventosantoantonio\/#website"},"datePublished":"2020-09-08T18:29:28+00:00","dateModified":"2021-09-23T18:45:47+00:00","breadcrumb":{"@id":"https:\/\/franciscanos.org.br\/conventosantoantonio\/visitacao\/#breadcrumb"},"inLanguage":"pt-BR","potentialAction":[{"@type":"ReadAction","target":["https:\/\/franciscanos.org.br\/conventosantoantonio\/visitacao\/"]}]},{"@type":"BreadcrumbList","@id":"https:\/\/franciscanos.org.br\/conventosantoantonio\/visitacao\/#breadcrumb","itemListElement":[{"@type":"ListItem","position":1,"name":"Home","item":"https:\/\/franciscanos.org.br\/conventosantoantonio\/"},{"@type":"ListItem","position":2,"name":"Patrim\u00f4nio religioso"}]}]}},"_links":{"self":[{"href":"https:\/\/franciscanos.org.br\/conventosantoantonio\/wp-json\/wp\/v2\/pages\/187208"}],"collection":[{"href":"https:\/\/franciscanos.org.br\/conventosantoantonio\/wp-json\/wp\/v2\/pages"}],"about":[{"href":"https:\/\/franciscanos.org.br\/conventosantoantonio\/wp-json\/wp\/v2\/types\/page"}],"author":[{"embeddable":true,"href":"https:\/\/franciscanos.org.br\/conventosantoantonio\/wp-json\/wp\/v2\/users\/2"}],"replies":[{"embeddable":true,"href":"https:\/\/franciscanos.org.br\/conventosantoantonio\/wp-json\/wp\/v2\/comments?post=187208"}],"version-history":[{"count":15,"href":"https:\/\/franciscanos.org.br\/conventosantoantonio\/wp-json\/wp\/v2\/pages\/187208\/revisions"}],"predecessor-version":[{"id":187879,"href":"https:\/\/franciscanos.org.br\/conventosantoantonio\/wp-json\/wp\/v2\/pages\/187208\/revisions\/187879"}],"wp:attachment":[{"href":"https:\/\/franciscanos.org.br\/conventosantoantonio\/wp-json\/wp\/v2\/media?parent=187208"}],"curies":[{"name":"wp","href":"https:\/\/api.w.org\/{rel}","templated":true}]}}