{"id":187206,"date":"2020-09-08T15:29:16","date_gmt":"2020-09-08T18:29:16","guid":{"rendered":"https:\/\/franciscanos.org.br\/conventosantoantonio\/?page_id=187206"},"modified":"2023-09-06T08:35:04","modified_gmt":"2023-09-06T11:35:04","slug":"celebracoes","status":"publish","type":"page","link":"https:\/\/franciscanos.org.br\/conventosantoantonio\/celebracoes\/","title":{"rendered":"Missas, confiss\u00f5es e atendimentos"},"content":{"rendered":"<p>[vc_row][vc_column width=&#8221;1\/2&#8243;][vc_column_text][\/vc_column_text][vc_single_image image=&#8221;188272&#8243; img_size=&#8221;full&#8221; css_animation=&#8221;flipInX&#8221;][vc_column_text]<\/p>\n<h1><span style=\"color: #000000;\"><strong>HOR\u00c1RIOS DE MISSAS<\/strong><\/span><\/h1>\n<h3>DE SEGUNDA SEXTA:\u00a010h, 12h*, 15h e 18h*<\/h3>\n<p><strong>TER\u00c7A-FEIRA<\/strong>:\u00a0 \u00a0 8h30, 10h, 12h*, 15h e 18h*, com b\u00ean\u00e7\u00e3o de Santo Ant\u00f4nio e distribui\u00e7\u00e3o dos p\u00e3ezinhos em todas as Missas.<\/p>\n<h4><strong>*Com transmiss\u00e3o ao vivo pelo Facebook e YouTube do Convento Santo Ant\u00f4nio<\/strong><\/h4>\n<hr \/>\n<h3>MISSAS AOS S\u00c1BADOS E FERIADOS:\u00a010h*<\/h3>\n<h4>*Apenas com transmiss\u00e3o ao vivo<\/h4>\n<hr \/>\n<h3>MISSAS AOS DOMINGOS:\u00a010h*<\/h3>\n<h4>*Presencial e com transmiss\u00e3o ao vivo<\/h4>\n<p>[\/vc_column_text][vc_column_text][\/vc_column_text][\/vc_column][vc_column width=&#8221;1\/2&#8243;][vc_single_image image=&#8221;187848&#8243; img_size=&#8221;full&#8221; css_animation=&#8221;flipInX&#8221;][vc_column_text]<\/p>\n<h1><strong>CONFISS\u00d5ES<\/strong><\/h1>\n<h3>De segunda a sexta: Das 9h \u00e0s 17h30;<br \/>\nAos s\u00e1bados e\u00a0domingos: N\u00e3o h\u00e1 confiss\u00f5es<\/h3>\n<hr \/>\n<p><strong>ACONSELHAMENTO<\/strong><\/p>\n<p>Os fi\u00e9is ter\u00e3o oportunidade para aconselhamento espiritual todos os dias, durante os hor\u00e1rios das Confiss\u00f5es. Conselheiros escolhidos podem ser solicitados na portaria.[\/vc_column_text][vc_column_text][\/vc_column_text][vc_column_text]<\/p>\n<hr \/>\n<p>[\/vc_column_text][\/vc_column][\/vc_row]<\/p>\n","protected":false},"excerpt":{"rendered":"<p>[vc_row][vc_column width=&#8221;1\/2&#8243;][vc_column_text][\/vc_column_text][vc_single_image image=&#8221;188272&#8243; img_size=&#8221;full&#8221; css_animation=&#8221;flipInX&#8221;][vc_column_text] HOR\u00c1RIOS DE MISSAS DE SEGUNDA SEXTA:\u00a010h, 12h*, 15h e 18h* TER\u00c7A-FEIRA:\u00a0 \u00a0 8h30, 10h, 12h*, 15h e 18h*, com b\u00ean\u00e7\u00e3o de Santo Ant\u00f4nio e distribui\u00e7\u00e3o dos p\u00e3ezinhos em todas as Missas. *Com transmiss\u00e3o ao vivo pelo Facebook e YouTube do Convento Santo Ant\u00f4nio MISSAS AOS S\u00c1BADOS E FERIADOS:\u00a010h* *Apenas com [&hellip;]<\/p>\n","protected":false},"author":2,"featured_media":0,"parent":0,"menu_order":0,"comment_status":"closed","ping_status":"closed","template":"","meta":[],"yoast_head":"<!-- This site is optimized with the Yoast SEO plugin v19.4 - https:\/\/yoast.com\/wordpress\/plugins\/seo\/ -->\n<title>Missas, confiss\u00f5es e atendimentos - Convento Santo Ant\u00f4nio- Franciscanos<\/title>\n<meta name=\"robots\" content=\"index, follow, max-snippet:-1, max-image-preview:large, max-video-preview:-1\" \/>\n<link rel=\"canonical\" href=\"https:\/\/franciscanos.org.br\/conventosantoantonio\/celebracoes\/\" \/>\n<meta property=\"og:locale\" content=\"pt_BR\" \/>\n<meta property=\"og:type\" content=\"article\" \/>\n<meta property=\"og:title\" content=\"Missas, confiss\u00f5es e atendimentos - Convento Santo Ant\u00f4nio- Franciscanos\" \/>\n<meta property=\"og:description\" content=\"[vc_row][vc_column width=&#8221;1\/2&#8243;][vc_column_text][\/vc_column_text][vc_single_image image=&#8221;188272&#8243; img_size=&#8221;full&#8221; css_animation=&#8221;flipInX&#8221;][vc_column_text] HOR\u00c1RIOS DE MISSAS DE SEGUNDA SEXTA:\u00a010h, 12h*, 15h e 18h* TER\u00c7A-FEIRA:\u00a0 \u00a0 8h30, 10h, 12h*, 15h e 18h*, com b\u00ean\u00e7\u00e3o de Santo Ant\u00f4nio e distribui\u00e7\u00e3o dos p\u00e3ezinhos em todas as Missas. *Com transmiss\u00e3o ao vivo pelo Facebook e YouTube do Convento Santo Ant\u00f4nio MISSAS AOS S\u00c1BADOS E FERIADOS:\u00a010h* *Apenas com [&hellip;]\" \/>\n<meta property=\"og:url\" content=\"https:\/\/franciscanos.org.br\/conventosantoantonio\/celebracoes\/\" \/>\n<meta property=\"og:site_name\" content=\"Convento Santo Ant\u00f4nio- Franciscanos\" \/>\n<meta property=\"article:modified_time\" content=\"2023-09-06T11:35:04+00:00\" \/>\n<meta name=\"twitter:card\" content=\"summary_large_image\" \/>\n<meta name=\"twitter:label1\" content=\"Est. tempo de leitura\" \/>\n\t<meta name=\"twitter:data1\" content=\"1 minuto\" \/>\n<script type=\"application\/ld+json\" class=\"yoast-schema-graph\">{\"@context\":\"https:\/\/schema.org\",\"@graph\":[{\"@type\":\"WebSite\",\"@id\":\"https:\/\/franciscanos.org.br\/conventosantoantonio\/#website\",\"url\":\"https:\/\/franciscanos.org.br\/conventosantoantonio\/\",\"name\":\"Convento Santo Ant\u00f4nio- Franciscanos\",\"description\":\"Prov\u00edncia Franciscana da Imaculada Concei\u00e7\u00e3o do Brasil - Ordem dos Frades Menores\",\"potentialAction\":[{\"@type\":\"SearchAction\",\"target\":{\"@type\":\"EntryPoint\",\"urlTemplate\":\"https:\/\/franciscanos.org.br\/conventosantoantonio\/?s={search_term_string}\"},\"query-input\":\"required name=search_term_string\"}],\"inLanguage\":\"pt-BR\"},{\"@type\":\"WebPage\",\"@id\":\"https:\/\/franciscanos.org.br\/conventosantoantonio\/celebracoes\/\",\"url\":\"https:\/\/franciscanos.org.br\/conventosantoantonio\/celebracoes\/\",\"name\":\"Missas, confiss\u00f5es e atendimentos - Convento Santo Ant\u00f4nio- Franciscanos\",\"isPartOf\":{\"@id\":\"https:\/\/franciscanos.org.br\/conventosantoantonio\/#website\"},\"datePublished\":\"2020-09-08T18:29:16+00:00\",\"dateModified\":\"2023-09-06T11:35:04+00:00\",\"breadcrumb\":{\"@id\":\"https:\/\/franciscanos.org.br\/conventosantoantonio\/celebracoes\/#breadcrumb\"},\"inLanguage\":\"pt-BR\",\"potentialAction\":[{\"@type\":\"ReadAction\",\"target\":[\"https:\/\/franciscanos.org.br\/conventosantoantonio\/celebracoes\/\"]}]},{\"@type\":\"BreadcrumbList\",\"@id\":\"https:\/\/franciscanos.org.br\/conventosantoantonio\/celebracoes\/#breadcrumb\",\"itemListElement\":[{\"@type\":\"ListItem\",\"position\":1,\"name\":\"Home\",\"item\":\"https:\/\/franciscanos.org.br\/conventosantoantonio\/\"},{\"@type\":\"ListItem\",\"position\":2,\"name\":\"Missas, confiss\u00f5es e atendimentos\"}]}]}<\/script>\n<!-- \/ Yoast SEO plugin. -->","yoast_head_json":{"title":"Missas, confiss\u00f5es e atendimentos - Convento Santo Ant\u00f4nio- Franciscanos","robots":{"index":"index","follow":"follow","max-snippet":"max-snippet:-1","max-image-preview":"max-image-preview:large","max-video-preview":"max-video-preview:-1"},"canonical":"https:\/\/franciscanos.org.br\/conventosantoantonio\/celebracoes\/","og_locale":"pt_BR","og_type":"article","og_title":"Missas, confiss\u00f5es e atendimentos - Convento Santo Ant\u00f4nio- Franciscanos","og_description":"[vc_row][vc_column width=&#8221;1\/2&#8243;][vc_column_text][\/vc_column_text][vc_single_image image=&#8221;188272&#8243; img_size=&#8221;full&#8221; css_animation=&#8221;flipInX&#8221;][vc_column_text] HOR\u00c1RIOS DE MISSAS DE SEGUNDA SEXTA:\u00a010h, 12h*, 15h e 18h* TER\u00c7A-FEIRA:\u00a0 \u00a0 8h30, 10h, 12h*, 15h e 18h*, com b\u00ean\u00e7\u00e3o de Santo Ant\u00f4nio e distribui\u00e7\u00e3o dos p\u00e3ezinhos em todas as Missas. *Com transmiss\u00e3o ao vivo pelo Facebook e YouTube do Convento Santo Ant\u00f4nio MISSAS AOS S\u00c1BADOS E FERIADOS:\u00a010h* *Apenas com [&hellip;]","og_url":"https:\/\/franciscanos.org.br\/conventosantoantonio\/celebracoes\/","og_site_name":"Convento Santo Ant\u00f4nio- Franciscanos","article_modified_time":"2023-09-06T11:35:04+00:00","twitter_card":"summary_large_image","twitter_misc":{"Est. tempo de leitura":"1 minuto"},"schema":{"@context":"https:\/\/schema.org","@graph":[{"@type":"WebSite","@id":"https:\/\/franciscanos.org.br\/conventosantoantonio\/#website","url":"https:\/\/franciscanos.org.br\/conventosantoantonio\/","name":"Convento Santo Ant\u00f4nio- Franciscanos","description":"Prov\u00edncia Franciscana da Imaculada Concei\u00e7\u00e3o do Brasil - Ordem dos Frades Menores","potentialAction":[{"@type":"SearchAction","target":{"@type":"EntryPoint","urlTemplate":"https:\/\/franciscanos.org.br\/conventosantoantonio\/?s={search_term_string}"},"query-input":"required name=search_term_string"}],"inLanguage":"pt-BR"},{"@type":"WebPage","@id":"https:\/\/franciscanos.org.br\/conventosantoantonio\/celebracoes\/","url":"https:\/\/franciscanos.org.br\/conventosantoantonio\/celebracoes\/","name":"Missas, confiss\u00f5es e atendimentos - Convento Santo Ant\u00f4nio- Franciscanos","isPartOf":{"@id":"https:\/\/franciscanos.org.br\/conventosantoantonio\/#website"},"datePublished":"2020-09-08T18:29:16+00:00","dateModified":"2023-09-06T11:35:04+00:00","breadcrumb":{"@id":"https:\/\/franciscanos.org.br\/conventosantoantonio\/celebracoes\/#breadcrumb"},"inLanguage":"pt-BR","potentialAction":[{"@type":"ReadAction","target":["https:\/\/franciscanos.org.br\/conventosantoantonio\/celebracoes\/"]}]},{"@type":"BreadcrumbList","@id":"https:\/\/franciscanos.org.br\/conventosantoantonio\/celebracoes\/#breadcrumb","itemListElement":[{"@type":"ListItem","position":1,"name":"Home","item":"https:\/\/franciscanos.org.br\/conventosantoantonio\/"},{"@type":"ListItem","position":2,"name":"Missas, confiss\u00f5es e atendimentos"}]}]}},"_links":{"self":[{"href":"https:\/\/franciscanos.org.br\/conventosantoantonio\/wp-json\/wp\/v2\/pages\/187206"}],"collection":[{"href":"https:\/\/franciscanos.org.br\/conventosantoantonio\/wp-json\/wp\/v2\/pages"}],"about":[{"href":"https:\/\/franciscanos.org.br\/conventosantoantonio\/wp-json\/wp\/v2\/types\/page"}],"author":[{"embeddable":true,"href":"https:\/\/franciscanos.org.br\/conventosantoantonio\/wp-json\/wp\/v2\/users\/2"}],"replies":[{"embeddable":true,"href":"https:\/\/franciscanos.org.br\/conventosantoantonio\/wp-json\/wp\/v2\/comments?post=187206"}],"version-history":[{"count":27,"href":"https:\/\/franciscanos.org.br\/conventosantoantonio\/wp-json\/wp\/v2\/pages\/187206\/revisions"}],"predecessor-version":[{"id":188972,"href":"https:\/\/franciscanos.org.br\/conventosantoantonio\/wp-json\/wp\/v2\/pages\/187206\/revisions\/188972"}],"wp:attachment":[{"href":"https:\/\/franciscanos.org.br\/conventosantoantonio\/wp-json\/wp\/v2\/media?parent=187206"}],"curies":[{"name":"wp","href":"https:\/\/api.w.org\/{rel}","templated":true}]}}

Missas, confissões e atendimentos

<p>[vc_row][vc_column width=&#8221;1/2&#8243;][vc_column_text][/vc_column_text][vc_single_image image=&#8221;188272&#8243; img_size=&#8221;full&#8221; css_animation=&#8221;flipInX&#8221;][vc_column_text]</p>
<h1><span style="color: #000000;"><strong>HORÁRIOS DE MISSAS</strong></span></h1>
<h3>DE SEGUNDA SEXTA: 10h, 12h*, 15h e 18h*</h3>
<p><strong>TERÇA-FEIRA</strong>:    8h30, 10h, 12h*, 15h e 18h*, com bênção de Santo Antônio e distribuição dos pãezinhos em todas as Missas.</p>
<h4><strong>*Com transmissão ao vivo pelo Facebook e YouTube do Convento Santo Antônio</strong></h4>
<hr />
<h3>MISSAS AOS SÁBADOS E FERIADOS: 10h*</h3>
<h4>*Apenas com transmissão ao vivo</h4>
<hr />
<h3>MISSAS AOS DOMINGOS: 10h*</h3>
<h4>*Presencial e com transmissão ao vivo</h4>
<p>[/vc_column_text][vc_column_text][/vc_column_text][/vc_column][vc_column width=&#8221;1/2&#8243;][vc_single_image image=&#8221;187848&#8243; img_size=&#8221;full&#8221; css_animation=&#8221;flipInX&#8221;][vc_column_text]</p>
<h1><strong>CONFISSÕES</strong></h1>
<h3>De segunda a sexta: Das 9h às 17h30;<br />
Aos sábados e domingos: Não há confissões</h3>
<hr />
<p><strong>ACONSELHAMENTO</strong></p>
<p>Os fiéis terão oportunidade para aconselhamento espiritual todos os dias, durante os horários das Confissões. Conselheiros escolhidos podem ser solicitados na portaria.[/vc_column_text][vc_column_text][/vc_column_text][vc_column_text]</p>
<hr />
<p>[/vc_column_text][/vc_column][/vc_row]</p>

<p>[vc_row][vc_column width=&#8221;1/2&#8243;][vc_column_text][/vc_column_text][vc_single_image image=&#8221;188272&#8243; img_size=&#8221;full&#8221; css_animation=&#8221;flipInX&#8221;][vc_column_text] HORÁRIOS DE MISSAS DE SEGUNDA SEXTA: 10h, 12h*, 15h e 18h* TERÇA-FEIRA:    8h30, 10h, 12h*, 15h e 18h*, com bênção de Santo Antônio e distribuição dos pãezinhos em todas as Missas. *Com transmissão ao vivo pelo Facebook e YouTube do Convento Santo Antônio MISSAS AOS SÁBADOS E FERIADOS: 10h* *Apenas com [&hellip;]</p>

<!-- This site is optimized with the Yoast SEO plugin v19.4 - https://yoast.com/wordpress/plugins/seo/ -->
<title>Missas, confissões e atendimentos - Convento Santo Antônio- Franciscanos</title>
<meta name="robots" content="index, follow, max-snippet:-1, max-image-preview:large, max-video-preview:-1" />
<link rel="canonical" href="https://franciscanos.org.br/conventosantoantonio/celebracoes/" />
<meta property="og:locale" content="pt_BR" />
<meta property="og:type" content="article" />
<meta property="og:title" content="Missas, confissões e atendimentos - Convento Santo Antônio- Franciscanos" />
<meta property="og:description" content="[vc_row][vc_column width=&#8221;1/2&#8243;][vc_column_text][/vc_column_text][vc_single_image image=&#8221;188272&#8243; img_size=&#8221;full&#8221; css_animation=&#8221;flipInX&#8221;][vc_column_text] HORÁRIOS DE MISSAS DE SEGUNDA SEXTA: 10h, 12h*, 15h e 18h* TERÇA-FEIRA:    8h30, 10h, 12h*, 15h e 18h*, com bênção de Santo Antônio e distribuição dos pãezinhos em todas as Missas. *Com transmissão ao vivo pelo Facebook e YouTube do Convento Santo Antônio MISSAS AOS SÁBADOS E FERIADOS: 10h* *Apenas com [&hellip;]" />
<meta property="og:url" content="https://franciscanos.org.br/conventosantoantonio/celebracoes/" />
<meta property="og:site_name" content="Convento Santo Antônio- Franciscanos" />
<meta property="article:modified_time" content="2023-09-06T11:35:04+00:00" />
<meta name="twitter:card" content="summary_large_image" />
<meta name="twitter:label1" content="Est. tempo de leitura" />
	<meta name="twitter:data1" content="1 minuto" />
<script type="application/ld+json" class="yoast-schema-graph">{"@context":"https://schema.org","@graph":[{"@type":"WebSite","@id":"https://franciscanos.org.br/conventosantoantonio/#website","url":"https://franciscanos.org.br/conventosantoantonio/","name":"Convento Santo Antônio- Franciscanos","description":"Província Franciscana da Imaculada Conceição do Brasil - Ordem dos Frades Menores","potentialAction":[{"@type":"SearchAction","target":{"@type":"EntryPoint","urlTemplate":"https://franciscanos.org.br/conventosantoantonio/?s={search_term_string}"},"query-input":"required name=search_term_string"}],"inLanguage":"pt-BR"},{"@type":"WebPage","@id":"https://franciscanos.org.br/conventosantoantonio/celebracoes/","url":"https://franciscanos.org.br/conventosantoantonio/celebracoes/","name":"Missas, confissões e atendimentos - Convento Santo Antônio- Franciscanos","isPartOf":{"@id":"https://franciscanos.org.br/conventosantoantonio/#website"},"datePublished":"2020-09-08T18:29:16+00:00","dateModified":"2023-09-06T11:35:04+00:00","breadcrumb":{"@id":"https://franciscanos.org.br/conventosantoantonio/celebracoes/#breadcrumb"},"inLanguage":"pt-BR","potentialAction":[{"@type":"ReadAction","target":["https://franciscanos.org.br/conventosantoantonio/celebracoes/"]}]},{"@type":"BreadcrumbList","@id":"https://franciscanos.org.br/conventosantoantonio/celebracoes/#breadcrumb","itemListElement":[{"@type":"ListItem","position":1,"name":"Home","item":"https://franciscanos.org.br/conventosantoantonio/"},{"@type":"ListItem","position":2,"name":"Missas, confissões e atendimentos"}]}]}</script>
<!-- / Yoast SEO plugin. -->

Missas, confissões e atendimentos - Convento Santo Antônio- Franciscanos

[vc_row][vc_column width=&#8221;1/2&#8243;][vc_column_text][/vc_column_text][vc_single_image image=&#8221;188272&#8243; img_size=&#8221;full&#8221; css_animation=&#8221;flipInX&#8221;][vc_column_text] HORÁRIOS DE MISSAS DE SEGUNDA SEXTA: 10h, 12h*, 15h e 18h* TERÇA-FEIRA:    8h30, 10h, 12h*, 15h e 18h*, com bênção de Santo Antônio e distribuição dos pãezinhos em todas as Missas. *Com transmissão ao vivo pelo Facebook e YouTube do Convento Santo Antônio MISSAS AOS SÁBADOS E FERIADOS: 10h* *Apenas com [&hellip;]

Convento Santo Antônio- Franciscanos

Província Franciscana da Imaculada Conceição do Brasil - Ordem dos Frades Menores
