{"id":187200,"date":"2020-09-08T15:28:36","date_gmt":"2020-09-08T18:28:36","guid":{"rendered":"https:\/\/franciscanos.org.br\/conventosantoantonio\/?page_id=187200"},"modified":"2024-02-07T14:34:44","modified_gmt":"2024-02-07T17:34:44","slug":"fraternidade","status":"publish","type":"page","link":"https:\/\/franciscanos.org.br\/conventosantoantonio\/fraternidade\/","title":{"rendered":"Fraternidade do Convento"},"content":{"rendered":"<p>[vc_row][vc_column]<a href=\"https:\/\/franciscanos.org.br\/conventosantoantonio\/wp-content\/uploads\/2022\/07\/fraternidade_2022.jpeg\" class=\"fluidbox-image\" data-margin=\"10px 10px\" data-float=\"left\"><img src=\"https:\/\/franciscanos.org.br\/conventosantoantonio\/wp-content\/uploads\/2022\/07\/fraternidade_2022.jpeg\" width=\"5000\" style=\"float:left;margin:10px 10px\" alt=\"\" \/><\/a>[\/vc_column][\/vc_row][vc_row][vc_column width=&#8221;1\/2&#8243;][vc_column_text]<strong>Frei Walter Ferreira Junior<\/strong><br \/>\n<em>Guardi\u00e3o do Convento e Reitor do Santu\u00e1rio Santo Ant\u00f4nio<\/em><br \/>\nNatural de Ivaipor\u00e3 (PR), nasceu dia 3 de maio de 1962. Ingressou na Ordem dos Frades Menores no dia 10 de janeiro de 1986 e fez sua profiss\u00e3o solene no dia 17 de setembro de 1991. Foi ordenado presb\u00edtero no dia 8 de janeiro de 1994.<\/p>\n<p><strong>Frei Gustavo Wayand Medella<\/strong><br \/>\n<em>Vig\u00e1rio Provincial, Secret\u00e1rio de Evangeliza\u00e7\u00e3o e Animador das Juventudes<\/em><br \/>\nNatural de Petr\u00f3polis (RJ), nasceu dia 19 de setembro de 1978. Ingressou na Ordem dos Frades Menores no dia 8 de janeiro de 2004 e fez sua profiss\u00e3o solene no dia 3 de outubro de 2010. Foi ordenado presb\u00edtero no dia 2 de julho de 2011.<\/p>\n<p><strong>Frei R\u00f3ger Brunorio<\/strong><br \/>\n<em>Curador provincial dos bens culturais, vig\u00e1rio da casa e animador do SAV local<\/em><br \/>\nNatural de Vila Velha (ES), nasceu no dia 12 de junho de 1973. Ingressou na Ordem dos Frades Menores no dia 15 de janeiro de 1994 e fez sua profiss\u00e3o solene no dia 4 de setembro de 1999.<\/p>\n<p><strong>Frei Jos\u00e9 Pereira<\/strong><br \/>\n<em>Atendente conventual<\/em><br \/>\nNatural de Inadaial (SC), nasceu dia 30 de abril de 1942. Ingressou na Ordem dos Frades Menores no dia 19 de dezembro de 1962 e fez sua profiss\u00e3o solene no dia 15 de dezembro de 1967. Foi ordenado presb\u00edtero no dia 22 de dezembro de 1968.<\/p>\n<p><strong>Frei Anselmo Fracasso<\/strong><br \/>\n<em>Atendente conventual<\/em><br \/>\nNatural de Gaurama, Rio Grande do Sul (RS), nasceu dia 31 de outubro de 1930. Ingressou na Ordem dos Frades Menores no dia 19 de dezembro de 1959 e fez sua profiss\u00e3o solene no dia 30 de agosto de 1962. Foi ordenado presb\u00edtero no dia 4 de outubro de 1962.<\/p>\n<p><strong>Frei Geraldo Hagedorn<\/strong><br \/>\n<em>Atendente conventual<\/em><br \/>\nNatural de Liesborn, Alemanha, nasceu dia 10 de agosto de 1930. Ingressou na Ordem dos Frades Menores no dia 17 de dezembro de 1953 e fez sua profiss\u00e3o solene no dia 23 de dezembro de 1957. Foi ordenado presb\u00edtero no dia 12 de dezembro de 1959.<\/p>\n<p><strong>Frei Guido Scottini<\/strong><br \/>\n<em>Atendente conventual<\/em><br \/>\nNatural do Rodeio (SC), nasceu dia 29 de setembro de 1935. Ingressou na Ordem dos Frades Menores no dia 19 de dezembro de 1960 e fez sua profiss\u00e3o solene no dia 02 de fevereiro de 1965. Foi ordenado presb\u00edtero no dia 21 de dezembro de 1966.[\/vc_column_text][\/vc_column][vc_column width=&#8221;1\/2&#8243;][vc_column_text]<strong>Frei Felipe Medeiros Carretta<\/strong><br \/>\n<em>A servi\u00e7o da evangeliza\u00e7\u00e3o<\/em><br \/>\nNatural de Vila Velha (ES), nasceu dia 02 de julho de 1993. Ingressou na Ordem dos Frades Menores no dia 05 de janeiro de 2016 e fez sua profiss\u00e3o solene no dia 13 de novembro de 2021.<\/p>\n<p><strong>Frei Jos\u00e9 Ulisses de Moraes<\/strong><br \/>\n<em>Servi\u00e7o fraterno<\/em><br \/>\nNatural de Toledo (MG), nasceu dia 25 de janeiro de 1962. Ingressou na Ordem dos Frades Menores no dia 10 de janeiro de 199 e fez sua profiss\u00e3o solene no dia 24 de janeiro de 1998.<\/p>\n<p><strong>Frei Neylor Jos\u00e9 Tonin<\/strong><br \/>\n<em>Atendente conventual<\/em><br \/>\nNatural de Luzerna (SC), nasceu dia 6 de junho de 1938. Ingressou na Ordem dos Frades Menores no dia 19 de dezembro de 1958 e fez a profiss\u00e3o solene no dia 2 de fevereiro de 1963. Foi ordenado presb\u00edtero no dia 15 de dezembro de 1964.<\/p>\n<p><strong>Frei S\u00e9rgio de Souza<\/strong><br \/>\n<em>Atendente conventual<\/em><br \/>\nNatural de Pacaembu (SP), nasceu dia 31 de julho de 1949. Ingressou na Ordem dos Frades Menores no dia 10 de janeiro de 1977 e fez sua profiss\u00e3o solene no dia 1\u00b0 de agosto de 1981. Foi ordenado presb\u00edtero no dia 16 de julho de 1983.<\/p>\n<p><strong>Frei Cl\u00e1udio C\u00e9sar Broca de Siqueira<\/strong><br \/>\n<em>Atendente conventual<\/em><br \/>\nNatural de Guaratinguet\u00e1 (SP), nasceu dia 9 de mar\u00e7o de 1972. Ingressou na Ordem dos Frades Menores no dia 10 de janeiro de 1997 e fez sua profiss\u00e3o solene no dia 2 de agosto de 2003. Foi ordenado presb\u00edtero no dia 10 de fevereiro de 2007.<\/p>\n<p><strong>Frei Arc\u00e2ngelo Raimundo Buzzi<\/strong><br \/>\n<em>A servi\u00e7o das Clarissas<\/em><br \/>\nNatural de Santa Maria (SC), nasceu dia 31 de agosto de 1930. Ingressou na Ordem dos Frades Menores no dia 19 de dezembro de 1951 e fez sua profiss\u00e3o solene no dia 20 de dezembro de 1955. Foi ordenado presb\u00edtero no dia 16 de fevereiro de 1957.<\/p>\n<p><strong>Frei Luiz Colossi<\/strong><br \/>\n<em>Atendente Conventual<\/em><br \/>\nNatural de Conc\u00f3rdia (SC), nasceu dia 23 de dezembro de 1955. Ingressou na Ordem dos Frades Menores no dia 20 de janeiro de 1984 e fez sua profiss\u00e3o solene no dia 2 de dezembro de 1980. Foi ordenado presb\u00edtero no dia 1\u00b0 de fevereiro de 1992.[\/vc_column_text][\/vc_column][\/vc_row]<\/p>\n","protected":false},"excerpt":{"rendered":"<p>[vc_row][vc_column][\/vc_column][\/vc_row][vc_row][vc_column width=&#8221;1\/2&#8243;][vc_column_text]Frei Walter Ferreira Junior Guardi\u00e3o do Convento e Reitor do Santu\u00e1rio Santo Ant\u00f4nio Natural de Ivaipor\u00e3 (PR), nasceu dia 3 de maio de 1962. Ingressou na Ordem dos Frades Menores no dia 10 de janeiro de 1986 e fez sua profiss\u00e3o solene no dia 17 de setembro de 1991. Foi ordenado presb\u00edtero no dia [&hellip;]<\/p>\n","protected":false},"author":2,"featured_media":188314,"parent":0,"menu_order":0,"comment_status":"closed","ping_status":"closed","template":"","meta":[],"yoast_head":"<!-- This site is optimized with the Yoast SEO plugin v19.4 - https:\/\/yoast.com\/wordpress\/plugins\/seo\/ -->\n<title>Fraternidade do Convento - Convento Santo Ant\u00f4nio- Franciscanos<\/title>\n<meta name=\"robots\" content=\"index, follow, max-snippet:-1, max-image-preview:large, max-video-preview:-1\" \/>\n<link rel=\"canonical\" href=\"https:\/\/franciscanos.org.br\/conventosantoantonio\/fraternidade\/\" \/>\n<meta property=\"og:locale\" content=\"pt_BR\" \/>\n<meta property=\"og:type\" content=\"article\" \/>\n<meta property=\"og:title\" content=\"Fraternidade do Convento - Convento Santo Ant\u00f4nio- Franciscanos\" \/>\n<meta property=\"og:description\" content=\"[vc_row][vc_column][\/vc_column][\/vc_row][vc_row][vc_column width=&#8221;1\/2&#8243;][vc_column_text]Frei Walter Ferreira Junior Guardi\u00e3o do Convento e Reitor do Santu\u00e1rio Santo Ant\u00f4nio Natural de Ivaipor\u00e3 (PR), nasceu dia 3 de maio de 1962. Ingressou na Ordem dos Frades Menores no dia 10 de janeiro de 1986 e fez sua profiss\u00e3o solene no dia 17 de setembro de 1991. Foi ordenado presb\u00edtero no dia [&hellip;]\" \/>\n<meta property=\"og:url\" content=\"https:\/\/franciscanos.org.br\/conventosantoantonio\/fraternidade\/\" \/>\n<meta property=\"og:site_name\" content=\"Convento Santo Ant\u00f4nio- Franciscanos\" \/>\n<meta property=\"article:modified_time\" content=\"2024-02-07T17:34:44+00:00\" \/>\n<meta property=\"og:image\" content=\"https:\/\/franciscanos.org.br\/conventosantoantonio\/wp-content\/uploads\/2022\/07\/fraternidade_2022.jpeg\" \/>\n\t<meta property=\"og:image:width\" content=\"1440\" \/>\n\t<meta property=\"og:image:height\" content=\"1080\" \/>\n\t<meta property=\"og:image:type\" content=\"image\/jpeg\" \/>\n<meta name=\"twitter:card\" content=\"summary_large_image\" \/>\n<meta name=\"twitter:label1\" content=\"Est. tempo de leitura\" \/>\n\t<meta name=\"twitter:data1\" content=\"5 minutos\" \/>\n<script type=\"application\/ld+json\" class=\"yoast-schema-graph\">{\"@context\":\"https:\/\/schema.org\",\"@graph\":[{\"@type\":\"WebSite\",\"@id\":\"https:\/\/franciscanos.org.br\/conventosantoantonio\/#website\",\"url\":\"https:\/\/franciscanos.org.br\/conventosantoantonio\/\",\"name\":\"Convento Santo Ant\u00f4nio- Franciscanos\",\"description\":\"Prov\u00edncia Franciscana da Imaculada Concei\u00e7\u00e3o do Brasil - Ordem dos Frades Menores\",\"potentialAction\":[{\"@type\":\"SearchAction\",\"target\":{\"@type\":\"EntryPoint\",\"urlTemplate\":\"https:\/\/franciscanos.org.br\/conventosantoantonio\/?s={search_term_string}\"},\"query-input\":\"required name=search_term_string\"}],\"inLanguage\":\"pt-BR\"},{\"@type\":\"WebPage\",\"@id\":\"https:\/\/franciscanos.org.br\/conventosantoantonio\/fraternidade\/\",\"url\":\"https:\/\/franciscanos.org.br\/conventosantoantonio\/fraternidade\/\",\"name\":\"Fraternidade do Convento - Convento Santo Ant\u00f4nio- Franciscanos\",\"isPartOf\":{\"@id\":\"https:\/\/franciscanos.org.br\/conventosantoantonio\/#website\"},\"datePublished\":\"2020-09-08T18:28:36+00:00\",\"dateModified\":\"2024-02-07T17:34:44+00:00\",\"breadcrumb\":{\"@id\":\"https:\/\/franciscanos.org.br\/conventosantoantonio\/fraternidade\/#breadcrumb\"},\"inLanguage\":\"pt-BR\",\"potentialAction\":[{\"@type\":\"ReadAction\",\"target\":[\"https:\/\/franciscanos.org.br\/conventosantoantonio\/fraternidade\/\"]}]},{\"@type\":\"BreadcrumbList\",\"@id\":\"https:\/\/franciscanos.org.br\/conventosantoantonio\/fraternidade\/#breadcrumb\",\"itemListElement\":[{\"@type\":\"ListItem\",\"position\":1,\"name\":\"Home\",\"item\":\"https:\/\/franciscanos.org.br\/conventosantoantonio\/\"},{\"@type\":\"ListItem\",\"position\":2,\"name\":\"Fraternidade do Convento\"}]}]}<\/script>\n<!-- \/ Yoast SEO plugin. -->","yoast_head_json":{"title":"Fraternidade do Convento - Convento Santo Ant\u00f4nio- Franciscanos","robots":{"index":"index","follow":"follow","max-snippet":"max-snippet:-1","max-image-preview":"max-image-preview:large","max-video-preview":"max-video-preview:-1"},"canonical":"https:\/\/franciscanos.org.br\/conventosantoantonio\/fraternidade\/","og_locale":"pt_BR","og_type":"article","og_title":"Fraternidade do Convento - Convento Santo Ant\u00f4nio- Franciscanos","og_description":"[vc_row][vc_column][\/vc_column][\/vc_row][vc_row][vc_column width=&#8221;1\/2&#8243;][vc_column_text]Frei Walter Ferreira Junior Guardi\u00e3o do Convento e Reitor do Santu\u00e1rio Santo Ant\u00f4nio Natural de Ivaipor\u00e3 (PR), nasceu dia 3 de maio de 1962. Ingressou na Ordem dos Frades Menores no dia 10 de janeiro de 1986 e fez sua profiss\u00e3o solene no dia 17 de setembro de 1991. Foi ordenado presb\u00edtero no dia [&hellip;]","og_url":"https:\/\/franciscanos.org.br\/conventosantoantonio\/fraternidade\/","og_site_name":"Convento Santo Ant\u00f4nio- Franciscanos","article_modified_time":"2024-02-07T17:34:44+00:00","og_image":[{"width":1440,"height":1080,"url":"https:\/\/franciscanos.org.br\/conventosantoantonio\/wp-content\/uploads\/2022\/07\/fraternidade_2022.jpeg","type":"image\/jpeg"}],"twitter_card":"summary_large_image","twitter_misc":{"Est. tempo de leitura":"5 minutos"},"schema":{"@context":"https:\/\/schema.org","@graph":[{"@type":"WebSite","@id":"https:\/\/franciscanos.org.br\/conventosantoantonio\/#website","url":"https:\/\/franciscanos.org.br\/conventosantoantonio\/","name":"Convento Santo Ant\u00f4nio- Franciscanos","description":"Prov\u00edncia Franciscana da Imaculada Concei\u00e7\u00e3o do Brasil - Ordem dos Frades Menores","potentialAction":[{"@type":"SearchAction","target":{"@type":"EntryPoint","urlTemplate":"https:\/\/franciscanos.org.br\/conventosantoantonio\/?s={search_term_string}"},"query-input":"required name=search_term_string"}],"inLanguage":"pt-BR"},{"@type":"WebPage","@id":"https:\/\/franciscanos.org.br\/conventosantoantonio\/fraternidade\/","url":"https:\/\/franciscanos.org.br\/conventosantoantonio\/fraternidade\/","name":"Fraternidade do Convento - Convento Santo Ant\u00f4nio- Franciscanos","isPartOf":{"@id":"https:\/\/franciscanos.org.br\/conventosantoantonio\/#website"},"datePublished":"2020-09-08T18:28:36+00:00","dateModified":"2024-02-07T17:34:44+00:00","breadcrumb":{"@id":"https:\/\/franciscanos.org.br\/conventosantoantonio\/fraternidade\/#breadcrumb"},"inLanguage":"pt-BR","potentialAction":[{"@type":"ReadAction","target":["https:\/\/franciscanos.org.br\/conventosantoantonio\/fraternidade\/"]}]},{"@type":"BreadcrumbList","@id":"https:\/\/franciscanos.org.br\/conventosantoantonio\/fraternidade\/#breadcrumb","itemListElement":[{"@type":"ListItem","position":1,"name":"Home","item":"https:\/\/franciscanos.org.br\/conventosantoantonio\/"},{"@type":"ListItem","position":2,"name":"Fraternidade do Convento"}]}]}},"_links":{"self":[{"href":"https:\/\/franciscanos.org.br\/conventosantoantonio\/wp-json\/wp\/v2\/pages\/187200"}],"collection":[{"href":"https:\/\/franciscanos.org.br\/conventosantoantonio\/wp-json\/wp\/v2\/pages"}],"about":[{"href":"https:\/\/franciscanos.org.br\/conventosantoantonio\/wp-json\/wp\/v2\/types\/page"}],"author":[{"embeddable":true,"href":"https:\/\/franciscanos.org.br\/conventosantoantonio\/wp-json\/wp\/v2\/users\/2"}],"replies":[{"embeddable":true,"href":"https:\/\/franciscanos.org.br\/conventosantoantonio\/wp-json\/wp\/v2\/comments?post=187200"}],"version-history":[{"count":27,"href":"https:\/\/franciscanos.org.br\/conventosantoantonio\/wp-json\/wp\/v2\/pages\/187200\/revisions"}],"predecessor-version":[{"id":189010,"href":"https:\/\/franciscanos.org.br\/conventosantoantonio\/wp-json\/wp\/v2\/pages\/187200\/revisions\/189010"}],"wp:featuredmedia":[{"embeddable":true,"href":"https:\/\/franciscanos.org.br\/conventosantoantonio\/wp-json\/wp\/v2\/media\/188314"}],"wp:attachment":[{"href":"https:\/\/franciscanos.org.br\/conventosantoantonio\/wp-json\/wp\/v2\/media?parent=187200"}],"curies":[{"name":"wp","href":"https:\/\/api.w.org\/{rel}","templated":true}]}}