{"version":"1.0","provider_name":"Convento Santo Ant\u00f4nio- Franciscanos","provider_url":"https:\/\/franciscanos.org.br\/conventosantoantonio","author_name":"webmaster","author_url":"https:\/\/franciscanos.org.br\/conventosantoantonio\/author\/webmaster\/","title":"Prov\u00edncia - Convento Santo Ant\u00f4nio- Franciscanos","type":"rich","width":600,"height":338,"html":"<blockquote class=\"wp-embedded-content\" data-secret=\"LhmzCmBx2z\"><a href=\"https:\/\/franciscanos.org.br\/conventosantoantonio\/provincia\/\">Prov\u00edncia<\/a><\/blockquote><iframe sandbox=\"allow-scripts\" security=\"restricted\" src=\"https:\/\/franciscanos.org.br\/conventosantoantonio\/provincia\/embed\/#?secret=LhmzCmBx2z\" width=\"600\" height=\"338\" title=\"&#8220;Prov\u00edncia&#8221; &#8212; Convento Santo Ant\u00f4nio- Franciscanos\" data-secret=\"LhmzCmBx2z\" frameborder=\"0\" marginwidth=\"0\" marginheight=\"0\" scrolling=\"no\" class=\"wp-embedded-content\"><\/iframe><script type=\"text\/javascript\">\n\/*! This file is auto-generated *\/\n!function(c,l){\"use strict\";var e=!1,o=!1;if(l.querySelector)if(c.addEventListener)e=!0;if(c.wp=c.wp||{},c.wp.receiveEmbedMessage);else if(c.wp.receiveEmbedMessage=function(e){var t=e.data;if(!t);else if(!(t.secret||t.message||t.value));else if(\/[^a-zA-Z0-9]\/.test(t.secret));else{for(var r,s,a,i=l.querySelectorAll('iframe[data-secret=\"'+t.secret+'\"]'),n=l.querySelectorAll('blockquote[data-secret=\"'+t.secret+'\"]'),o=0;o<n.length;o++)n[o].style.display=\"none\";for(o=0;o<i.length;o++)if(r=i[o],e.source!==r.contentWindow);else{if(r.removeAttribute(\"style\"),\"height\"===t.message){if(1e3<(s=parseInt(t.value,10)))s=1e3;else if(~~s<200)s=200;r.height=s}if(\"link\"===t.message)if(s=l.createElement(\"a\"),a=l.createElement(\"a\"),s.href=r.getAttribute(\"src\"),a.href=t.value,a.host===s.host)if(l.activeElement===r)c.top.location.href=t.value}}},e)c.addEventListener(\"message\",c.wp.receiveEmbedMessage,!1),l.addEventListener(\"DOMContentLoaded\",t,!1),c.addEventListener(\"load\",t,!1);function t(){if(o);else{o=!0;for(var e,t,r,s=-1!==navigator.appVersion.indexOf(\"MSIE 10\"),a=!!navigator.userAgent.match(\/Trident.*rv:11\\.\/),i=l.querySelectorAll(\"iframe.wp-embedded-content\"),n=0;n<i.length;n++){if(!(r=(t=i[n]).getAttribute(\"data-secret\")))r=Math.random().toString(36).substr(2,10),t.src+=\"#?secret=\"+r,t.setAttribute(\"data-secret\",r);if(s||a)(e=t.cloneNode(!0)).removeAttribute(\"security\"),t.parentNode.replaceChild(e,t);t.contentWindow.postMessage({message:\"ready\",secret:r},\"*\")}}}}(window,document);\n<\/script>\n","thumbnail_url":"https:\/\/franciscanos.org.br\/conventosantoantonio\/wp-content\/uploads\/2020\/09\/convento_210921_2.jpg","thumbnail_width":800,"thumbnail_height":729,"description":"[vc_row][vc_column width=&#8221;1\/2&#8243;][vc_column_text] Uma hist\u00f3ria de 348 anos [\/vc_column_text][vc_single_image image=&#8221;187386&#8243; img_size=&#8221;full&#8221; css_animation=&#8221;flipInX&#8221;][vc_column_text]No dia 15 de julho de 2022, quando a Ordem dos Frades Menores celebra a festa lit\u00fargica de S\u00e3o Boaventura de Bagnoregio (1217-1274), a nossa Prov\u00edncia Franciscana da Imaculada Concei\u00e7\u00e3o do Brasil celebra seus 347 anos de exist\u00eancia. Foi no dia 15 de julho de [&hellip;]"}

Convento Santo Antônio- Franciscanos

Província - Convento Santo Antônio- Franciscanos

<blockquote class="wp-embedded-content" data-secret="LhmzCmBx2z"><a href="https://franciscanos.org.br/conventosantoantonio/provincia/">Província</a></blockquote><iframe sandbox="allow-scripts" security="restricted" src="https://franciscanos.org.br/conventosantoantonio/provincia/embed/#?secret=LhmzCmBx2z" width="600" height="338" title="&#8220;Província&#8221; &#8212; Convento Santo Antônio- Franciscanos" data-secret="LhmzCmBx2z" frameborder="0" marginwidth="0" marginheight="0" scrolling="no" class="wp-embedded-content"></iframe><script type="text/javascript">
/*! This file is auto-generated */
!function(c,l){"use strict";var e=!1,o=!1;if(l.querySelector)if(c.addEventListener)e=!0;if(c.wp=c.wp||{},c.wp.receiveEmbedMessage);else if(c.wp.receiveEmbedMessage=function(e){var t=e.data;if(!t);else if(!(t.secret||t.message||t.value));else if(/[^a-zA-Z0-9]/.test(t.secret));else{for(var r,s,a,i=l.querySelectorAll('iframe[data-secret="'+t.secret+'"]'),n=l.querySelectorAll('blockquote[data-secret="'+t.secret+'"]'),o=0;o<n.length;o++)n[o].style.display="none";for(o=0;o<i.length;o++)if(r=i[o],e.source!==r.contentWindow);else{if(r.removeAttribute("style"),"height"===t.message){if(1e3<(s=parseInt(t.value,10)))s=1e3;else if(~~s<200)s=200;r.height=s}if("link"===t.message)if(s=l.createElement("a"),a=l.createElement("a"),s.href=r.getAttribute("src"),a.href=t.value,a.host===s.host)if(l.activeElement===r)c.top.location.href=t.value}}},e)c.addEventListener("message",c.wp.receiveEmbedMessage,!1),l.addEventListener("DOMContentLoaded",t,!1),c.addEventListener("load",t,!1);function t(){if(o);else{o=!0;for(var e,t,r,s=-1!==navigator.appVersion.indexOf("MSIE 10"),a=!!navigator.userAgent.match(/Trident.*rv:11\./),i=l.querySelectorAll("iframe.wp-embedded-content"),n=0;n<i.length;n++){if(!(r=(t=i[n]).getAttribute("data-secret")))r=Math.random().toString(36).substr(2,10),t.src+="#?secret="+r,t.setAttribute("data-secret",r);if(s||a)(e=t.cloneNode(!0)).removeAttribute("security"),t.parentNode.replaceChild(e,t);t.contentWindow.postMessage({message:"ready",secret:r},"*")}}}}(window,document);
</script>

[vc_row][vc_column width=&#8221;1/2&#8243;][vc_column_text] Uma história de 348 anos [/vc_column_text][vc_single_image image=&#8221;187386&#8243; img_size=&#8221;full&#8221; css_animation=&#8221;flipInX&#8221;][vc_column_text]No dia 15 de julho de 2022, quando a Ordem dos Frades Menores celebra a festa litúrgica de São Boaventura de Bagnoregio (1217-1274), a nossa Província Franciscana da Imaculada Conceição do Brasil celebra seus 347 anos de existência. Foi no dia 15 de julho de [&hellip;]
