{"id":13472,"date":"2018-10-25T09:53:31","date_gmt":"2018-10-25T12:53:31","guid":{"rendered":"http:\/\/franciscanos.org.br\/carisma\/?page_id=13472"},"modified":"2020-08-18T20:55:25","modified_gmt":"2020-08-18T23:55:25","slug":"as-ordens","status":"publish","type":"page","link":"https:\/\/franciscanos.org.br\/carisma\/as-ordens","title":{"rendered":"As ordens"},"content":{"rendered":"<p>[vc_row parallax=&#8221;content-moving&#8221; parallax_image=&#8221;175071&#8243;][vc_column][vc_empty_space][vc_custom_heading text=&#8221;As tr\u00eas ordens&#8221; font_container=&#8221;tag:h2|font_size:50px|text_align:center|color:%23ffffff|line_height:50px&#8221; google_fonts=&#8221;font_family:Playfair%20Display%3Aregular%2Citalic%2C700%2C700italic%2C900%2C900italic|font_style:700%20bold%20regular%3A700%3Anormal&#8221;][vc_empty_space height=&#8221;50px&#8221;][\/vc_column][\/vc_row][vc_section][vc_row][vc_column width=&#8221;1\/6&#8243;][\/vc_column][vc_column width=&#8221;2\/3&#8243;][vc_empty_space height=&#8221;100px&#8221;][vc_row_inner][vc_column_inner width=&#8221;1\/2&#8243;][vc_custom_heading text=&#8221;Primeira Ordem&#8221; font_container=&#8221;tag:h2|font_size:20px|text_align:left|color:%23a34c00|line_height:20px&#8221; google_fonts=&#8221;font_family:Playfair%20Display%3Aregular%2Citalic%2C700%2C700italic%2C900%2C900italic|font_style:700%20bold%20regular%3A700%3Anormal&#8221; css=&#8221;.vc_custom_1541649154531{margin-bottom: 0px !important;}&#8221;][vc_custom_heading text=&#8221;Ordem dos Frades Menores&#8221; font_container=&#8221;tag:h2|font_size:30px|text_align:left|color:%23a57626|line_height:30px&#8221; google_fonts=&#8221;font_family:Playfair%20Display%3Aregular%2Citalic%2C700%2C700italic%2C900%2C900italic|font_style:700%20bold%20regular%3A700%3Anormal&#8221;][vc_empty_space][vc_column_text]Ap\u00f3s a convers\u00e3o, pouco a pouco, ao redor de Francisco se forma um grupo disposto a viver toda essa experi\u00eancia de comunh\u00e3o com o mist\u00e9rio de Deus que se lhe revelava. Jovens de Assis, na It\u00e1lia, v\u00e3o pelo mundo afora como andarilhos, mas vivendo a experi\u00eancia de fraternidade. Tudo e todos passam a ser sentidos como irm\u00e3os e irm\u00e3s, pois o frade n\u00e3o \u00e9 mais senhor de nada e de ningu\u00e9m.<\/p>\n<p>\u201cEssa pobreza de itinerantes e mendigos ser\u00e1 vivida pelos frades em estreita comunh\u00e3o com Cristo que n\u00e3o tinha uma pedra onde reclinar a cabe\u00e7a e que vivia tamb\u00e9m da generosidade dos que lhe davam hospedagem\u2026\u201d (Leclerc).<\/p>\n<p>A Ordem Franciscana foi criada como uma Ordem de Irm\u00e3os, que assumiam a miss\u00e3o de viver e pregar o Evangelho. N\u00e3o era uma Ordem Clerical (Ordem composta por sacerdotes), como outras que j\u00e1 existiam. O pr\u00f3prio Francisco n\u00e3o quis ser sacerdote e os primeiros frades tamb\u00e9m n\u00e3o tinham esse objetivo.<\/p>\n<p>Desde o in\u00edcio, por\u00e9m, como mostra a hist\u00f3ria de Frei Silvestre, houve o ingresso de alguns sacerdotes j\u00e1 formados, que desejavam ser franciscanos. Algum tempo depois, sobretudo quando Santo Ant\u00f4nio, professor de Teologia, ingressou na Ordem, passou a ensinar Teologia aos frades e alguns deles passaram a se ordenar sacerdotes.<\/p>\n<p>Mais tarde, devido principalmente \u00e0s necessidades da Igreja, a maioria dos frades passou a se ordenar. Mas at\u00e9 hoje, dentro da ordem Franciscana, convivem como irm\u00e3os, em igualdade de condi\u00e7\u00f5es, frades sacerdotes e n\u00e3o sacerdotes (estes chamados outrora de irm\u00e3os leigos, por n\u00e3o serem sacerdotes), cada um exercendo a sua fun\u00e7\u00e3o.<\/p>\n<p>Esse \u00e9, sem d\u00favidas, um dos aspectos mais belos da Ordem criada por S\u00e3o Francisco.<\/p>\n<p>Mais tarde, a Ordem se dividiu em tr\u00eas ramos: Ordem dos Frades Menores (OFM), Capuchinhos (OFMCap) e Conventuais (OFMConv).<\/p>\n<p>Os termos \u201cfranciscanismo\u201d e \u201cfranciscano\u201d n\u00e3o reclamam profundos conhecimentos das evolu\u00e7\u00f5es lingu\u00edsticas para revelarem sua origem.<\/p>\n<p>Atr\u00e1s deles, esconde-se o nome FRANCISCO, que no caso vem especificado com o top\u00f4nimo de ASSIS.[\/vc_column_text][\/vc_column_inner][vc_column_inner width=&#8221;1\/2&#8243;][vc_single_image image=&#8221;175078&#8243; img_size=&#8221;full&#8221; alignment=&#8221;center&#8221; css_animation=&#8221;fadeInRight&#8221;][\/vc_column_inner][\/vc_row_inner][\/vc_column][vc_column width=&#8221;1\/6&#8243;][\/vc_column][\/vc_row][vc_row][vc_column][vc_empty_space height=&#8221;70px&#8221;][vc_zigzag color=&#8221;chino&#8221;][vc_empty_space height=&#8221;50px&#8221;][\/vc_column][\/vc_row][vc_row][vc_column width=&#8221;1\/6&#8243;][\/vc_column][vc_column width=&#8221;2\/3&#8243;][vc_empty_space height=&#8221;100px&#8221;][vc_row_inner][vc_column_inner width=&#8221;1\/2&#8243;][vc_single_image image=&#8221;175077&#8243; img_size=&#8221;full&#8221; alignment=&#8221;center&#8221; css_animation=&#8221;fadeInLeft&#8221;][\/vc_column_inner][vc_column_inner width=&#8221;1\/2&#8243;][vc_custom_heading text=&#8221;Segunda Ordem&#8221; font_container=&#8221;tag:h2|font_size:20px|text_align:left|color:%23a34c00|line_height:20px&#8221; google_fonts=&#8221;font_family:Playfair%20Display%3Aregular%2Citalic%2C700%2C700italic%2C900%2C900italic|font_style:700%20bold%20regular%3A700%3Anormal&#8221; css=&#8221;.vc_custom_1541649220329{margin-bottom: 0px !important;}&#8221;][vc_custom_heading text=&#8221;Clarissas&#8221; font_container=&#8221;tag:h2|font_size:30px|text_align:left|color:%23a57626|line_height:30px&#8221; google_fonts=&#8221;font_family:Playfair%20Display%3Aregular%2Citalic%2C700%2C700italic%2C900%2C900italic|font_style:700%20bold%20regular%3A700%3Anormal&#8221;][vc_empty_space][vc_column_text]Francisco, al\u00e9m de fundar a 1\u00aa Ordem Franciscana (masculina), foi tamb\u00e9m o fundador da 2\u00aa Ordem Franciscana, conhecida tamb\u00e9m por Ordem de Santa Clara, abrindo assim a viv\u00eancia do ideal franciscano para o ramo feminino. A primeira religiosa franciscana foi a jovem Clara Offreduccio, mais tarde chamada de Santa Clara de Assis, jovem de fam\u00edlia nobre e admiradora de Francisco desde que o conhecera como \u201cRei da Juventude\u201d pelas ruas e festas de Assis. Passou a admir\u00e1-lo mais ainda, quando se tornou um inflamado pregador da alegria e da paz, da pobreza e do amor de Deus, n\u00e3o s\u00f3 atrav\u00e9s de palavras, mas com o exemplo de sua pr\u00f3pria vida.<\/p>\n<p>Era isso precisamente o que almejava a jovem Clara. N\u00e3o estava satisfeita com os esplendores do pal\u00e1cio de sua fam\u00edlia, nem com o sonho do futuro enlace principesco ao qual seus pais a estavam encaminhando. Sonhava com uma vida mais cheia de sentido, que lhe trouxesse uma verdadeira felicidade e realiza\u00e7\u00e3o. O estilo de vida dos frades a atra\u00eda cada vez mais.<\/p>\n<p>Depois de muitas conversas com Francisco, aos 18 de mar\u00e7o de 1212 (Domingo de Ramos), saiu de casa sorrateiramente em plena noite, acompanhada apenas de sua prima Pac\u00edfica e de outra fiel amiga, e foi procurar Francisco na Igrejinha de Santa Maria dos Anjos, onde ele e seus companheiros j\u00e1 a aguardavam.<\/p>\n<p>Frente ao altar, Francisco cortou-lhe os longos e dourados cabelos, cobrindo-lhe a cabe\u00e7a com um v\u00e9u, sinal de que a donzela Clara fizera a sua consagra\u00e7\u00e3o como Esposa de Cristo. Nem a ira dos seus parentes, nem as l\u00e1grimas de seus pais conseguiram faz\u00ea-la retroceder em seu prop\u00f3sito. Poucos dias depois, sua irm\u00e3, In\u00eas, veio lhe fazer companhia, imbu\u00edda do mesmo ideal. Alguns anos ap\u00f3s, sua m\u00e3e, Ortulana, juntamente com sua terceira filha Beatriz, seguiu Clara, indo morar com ela no conventinho de S\u00e3o Dami\u00e3o, que foi a primeira moradia das seguidoras de S\u00e3o Francisco.<\/p>\n<p>Com o correr dos anos, rainhas e princesas, juntamente com humildes camponesas, ingressaram naquele convento para viver, \u00e0 luz do Evangelho, a fascinante aventura das Damas Pobres, seguidoras de S\u00e3o Francisco, muitas das quais se tornaram grandes exemplos de santidade para toda a Igreja.<\/p>\n<p>As Irm\u00e3s Clarissas vivem um estilo de vida contemplativa, sendo enclausuradas. Quer dizer que n\u00e3o t\u00eam, normalmente, uma atividade p\u00fablica no meio do povo, dedicando-se mais \u00e0 ora\u00e7\u00e3o, \u00e0 medita\u00e7\u00e3o e aos trabalhos internos dos mosteiros.<\/p>\n<p><strong>Conhe\u00e7a mais: <a href=\"http:\/\/www.clarissas.net.br\/\">http:\/\/www.clarissas.net.br\/<\/a><\/strong>[\/vc_column_text][\/vc_column_inner][\/vc_row_inner][vc_empty_space height=&#8221;100px&#8221;][\/vc_column][vc_column width=&#8221;1\/6&#8243;][\/vc_column][\/vc_row][vc_row][vc_column][vc_empty_space height=&#8221;70px&#8221;][vc_zigzag color=&#8221;chino&#8221;][vc_empty_space height=&#8221;50px&#8221;][\/vc_column][\/vc_row][vc_row][vc_column width=&#8221;1\/6&#8243;][\/vc_column][vc_column width=&#8221;2\/3&#8243;][vc_empty_space height=&#8221;100px&#8221;][vc_row_inner][vc_column_inner width=&#8221;1\/2&#8243;][vc_custom_heading text=&#8221;Terceira Ordem&#8221; font_container=&#8221;tag:h2|font_size:20px|text_align:left|color:%23a34c00|line_height:20px&#8221; google_fonts=&#8221;font_family:Playfair%20Display%3Aregular%2Citalic%2C700%2C700italic%2C900%2C900italic|font_style:700%20bold%20regular%3A700%3Anormal&#8221; css=&#8221;.vc_custom_1541649393115{margin-bottom: 0px !important;}&#8221;][vc_custom_heading text=&#8221;Ordem Franciscana Secular&#8221; font_container=&#8221;tag:h2|font_size:30px|text_align:left|color:%23a57626|line_height:30px&#8221; google_fonts=&#8221;font_family:Playfair%20Display%3Aregular%2Citalic%2C700%2C700italic%2C900%2C900italic|font_style:700%20bold%20regular%3A700%3Anormal&#8221;][vc_empty_space][vc_column_text]Os franciscanos seculares constituem uma verdadeira Ordem na Igreja. N\u00e3o formam um mero movimento ou associa\u00e7\u00e3o qualquer. A OFS \u00e9 uma ordem reconhecida como tal pela Igreja, que lhe apresenta uma forma de vida chamada Regra.<\/p>\n<p>Como tal, ela \u00e9 acolhida, aceita e aben\u00e7oada pela Igreja em todas as partes do mundo. Ela faz parte da grande Fam\u00edlia Franciscana e contribui para a plenitude de seu carisma.<\/p>\n<p>A Ordem Franciscana Secular \u00e9 constitu\u00edda por Fraternidades abertas a todos os crist\u00e3os seculares.<\/p>\n<p>Nelas h\u00e1 lugar para jovens, para casados, vi\u00favos e celibat\u00e1rios no mundo; para cl\u00e9rigos e leigos; para todas as classes sociais, todas as profiss\u00f5es, para todas as ra\u00e7as; para homens e mulheres. H\u00e1 lugar para todos porque se busca viver segundo o Santo Evangelho como irm\u00e3o e irm\u00e3s da penit\u00eancia.<\/p>\n<p>O projeto de vida de todo crist\u00e3o e especialmente de todo franciscano secular \u00e9 o seguimento da vida de Nosso Senhor Jesus Cristo, conforme os ensinamentos que nos foram revelados atrav\u00e9s do Santo Evangelho. Por isso, \u201cA Regra e a vida dos franciscanos seculares \u00e9 esta: observar o Evangelho de Nosso Senhor Jesus Cristo, segundo o exemplo de S\u00e3o Francisco de Assis, que fez do Cristo o inspirador e o centro de sua vida com Deus e com os homens (Rg 4; 1Cel, 18, 115).<\/p>\n<p>A OFS se articula em Fraternidades de v\u00e1rios n\u00edveis: local, regional, nacional e internacional. E toda fraternidade, de qualquer n\u00edvel, goza de autonomia administrativa, econ\u00f4mica e financeira. Por\u00e9m, as fraternidades dos diversos n\u00edveis est\u00e3o coordenadas e ligadas entre si segundo a Regra, as CCGG, o ritual e os estatutos.<\/p>\n<p>As rela\u00e7\u00f5es entre a Juventude Franciscana (JUFRA) e a OFS devem ser marcadas pelo esp\u00edrito de uma comunh\u00e3o vital e rec\u00edproca. Por esta raz\u00e3o, a experi\u00eancia vivida na Juventude Franciscana encontra a sua realiza\u00e7\u00e3o natural na OFS.<\/p>\n<p>A padroeira da Ordem III \u00e9 Santa Isabel da Hungria (imagem ao lado)<\/p>\n<p><strong>Conhe\u00e7a mais:<\/strong>\u00a0<a href=\"http:\/\/ofs.org.br\/\" target=\"_blank\" rel=\"noopener noreferrer\">http:\/\/ofs.org.br\/<\/a>[\/vc_column_text][\/vc_column_inner][vc_column_inner width=&#8221;1\/2&#8243;][vc_single_image image=&#8221;175076&#8243; img_size=&#8221;full&#8221; alignment=&#8221;center&#8221; css_animation=&#8221;fadeInRight&#8221;][\/vc_column_inner][\/vc_row_inner][vc_empty_space height=&#8221;100px&#8221;][\/vc_column][vc_column width=&#8221;1\/6&#8243;][\/vc_column][\/vc_row][\/vc_section]<\/p>\n","protected":false},"excerpt":{"rendered":"<p>[vc_row parallax=&#8221;content-moving&#8221; parallax_image=&#8221;175071&#8243;][vc_column][vc_empty_space][vc_custom_heading text=&#8221;As tr\u00eas ordens&#8221; font_container=&#8221;tag:h2|font_size:50px|text_align:center|color:%23ffffff|line_height:50px&#8221; google_fonts=&#8221;font_family:Playfair%20Display%3Aregular%2Citalic%2C700%2C700italic%2C900%2C900italic|font_style:700%20bold%20regular%3A700%3Anormal&#8221;][vc_empty_space height=&#8221;50px&#8221;][\/vc_column][\/vc_row][vc_section][vc_row][vc_column width=&#8221;1\/6&#8243;][\/vc_column][vc_column width=&#8221;2\/3&#8243;][vc_empty_space height=&#8221;100px&#8221;][vc_row_inner][vc_column_inner width=&#8221;1\/2&#8243;][vc_custom_heading text=&#8221;Primeira Ordem&#8221; font_container=&#8221;tag:h2|font_size:20px|text_align:left|color:%23a34c00|line_height:20px&#8221; google_fonts=&#8221;font_family:Playfair%20Display%3Aregular%2Citalic%2C700%2C700italic%2C900%2C900italic|font_style:700%20bold%20regular%3A700%3Anormal&#8221; css=&#8221;.vc_custom_1541649154531{margin-bottom: 0px !important;}&#8221;][vc_custom_heading text=&#8221;Ordem dos Frades Menores&#8221; font_container=&#8221;tag:h2|font_size:30px|text_align:left|color:%23a57626|line_height:30px&#8221; google_fonts=&#8221;font_family:Playfair%20Display%3Aregular%2Citalic%2C700%2C700italic%2C900%2C900italic|font_style:700%20bold%20regular%3A700%3Anormal&#8221;][vc_empty_space][vc_column_text]Ap\u00f3s a convers\u00e3o, pouco a pouco, ao redor de Francisco se forma um grupo disposto a viver toda essa experi\u00eancia de comunh\u00e3o com o mist\u00e9rio de Deus que se lhe [&hellip;]<\/p>\n","protected":false},"author":1,"featured_media":0,"parent":0,"menu_order":0,"comment_status":"closed","ping_status":"closed","template":"page-full.php","meta":[],"yoast_head":"<!-- This site is optimized with the Yoast SEO plugin v19.2 - https:\/\/yoast.com\/wordpress\/plugins\/seo\/ -->\n<title>As ordens - Carisma - Franciscanos<\/title>\n<meta name=\"robots\" content=\"index, follow, max-snippet:-1, max-image-preview:large, max-video-preview:-1\" \/>\n<link rel=\"canonical\" href=\"https:\/\/franciscanos.org.br\/carisma\/as-ordens\" \/>\n<meta property=\"og:locale\" content=\"pt_BR\" \/>\n<meta property=\"og:type\" content=\"article\" \/>\n<meta property=\"og:title\" content=\"As ordens - Carisma - Franciscanos\" \/>\n<meta property=\"og:description\" content=\"[vc_row parallax=&#8221;content-moving&#8221; parallax_image=&#8221;175071&#8243;][vc_column][vc_empty_space][vc_custom_heading text=&#8221;As tr\u00eas ordens&#8221; font_container=&#8221;tag:h2|font_size:50px|text_align:center|color:%23ffffff|line_height:50px&#8221; google_fonts=&#8221;font_family:Playfair%20Display%3Aregular%2Citalic%2C700%2C700italic%2C900%2C900italic|font_style:700%20bold%20regular%3A700%3Anormal&#8221;][vc_empty_space height=&#8221;50px&#8221;][\/vc_column][\/vc_row][vc_section][vc_row][vc_column width=&#8221;1\/6&#8243;][\/vc_column][vc_column width=&#8221;2\/3&#8243;][vc_empty_space height=&#8221;100px&#8221;][vc_row_inner][vc_column_inner width=&#8221;1\/2&#8243;][vc_custom_heading text=&#8221;Primeira Ordem&#8221; font_container=&#8221;tag:h2|font_size:20px|text_align:left|color:%23a34c00|line_height:20px&#8221; google_fonts=&#8221;font_family:Playfair%20Display%3Aregular%2Citalic%2C700%2C700italic%2C900%2C900italic|font_style:700%20bold%20regular%3A700%3Anormal&#8221; css=&#8221;.vc_custom_1541649154531{margin-bottom: 0px !important;}&#8221;][vc_custom_heading text=&#8221;Ordem dos Frades Menores&#8221; font_container=&#8221;tag:h2|font_size:30px|text_align:left|color:%23a57626|line_height:30px&#8221; google_fonts=&#8221;font_family:Playfair%20Display%3Aregular%2Citalic%2C700%2C700italic%2C900%2C900italic|font_style:700%20bold%20regular%3A700%3Anormal&#8221;][vc_empty_space][vc_column_text]Ap\u00f3s a convers\u00e3o, pouco a pouco, ao redor de Francisco se forma um grupo disposto a viver toda essa experi\u00eancia de comunh\u00e3o com o mist\u00e9rio de Deus que se lhe [&hellip;]\" \/>\n<meta property=\"og:url\" content=\"https:\/\/franciscanos.org.br\/carisma\/as-ordens\" \/>\n<meta property=\"og:site_name\" content=\"Carisma - Franciscanos\" \/>\n<meta property=\"article:modified_time\" content=\"2020-08-18T23:55:25+00:00\" \/>\n<meta name=\"author\" content=\"admin\" \/>\n<meta name=\"twitter:card\" content=\"summary_large_image\" \/>\n<meta name=\"twitter:label1\" content=\"Est. tempo de leitura\" \/>\n\t<meta name=\"twitter:data1\" content=\"9 minutos\" \/>\n<script type=\"application\/ld+json\" class=\"yoast-schema-graph\">{\"@context\":\"https:\/\/schema.org\",\"@graph\":[{\"@type\":\"WebSite\",\"@id\":\"https:\/\/franciscanos.org.br\/carisma\/#website\",\"url\":\"https:\/\/franciscanos.org.br\/carisma\/\",\"name\":\"Carisma - Franciscanos\",\"description\":\"Prov\u00edncia Franciscana da Imaculada Concei\u00e7\u00e3o do Brasil - Ordem dos Frades Menores\",\"potentialAction\":[{\"@type\":\"SearchAction\",\"target\":{\"@type\":\"EntryPoint\",\"urlTemplate\":\"https:\/\/franciscanos.org.br\/carisma\/?s={search_term_string}\"},\"query-input\":\"required name=search_term_string\"}],\"inLanguage\":\"pt-BR\"},{\"@type\":\"WebPage\",\"@id\":\"https:\/\/franciscanos.org.br\/carisma\/as-ordens#webpage\",\"url\":\"https:\/\/franciscanos.org.br\/carisma\/as-ordens\",\"name\":\"As ordens - Carisma - Franciscanos\",\"isPartOf\":{\"@id\":\"https:\/\/franciscanos.org.br\/carisma\/#website\"},\"datePublished\":\"2018-10-25T12:53:31+00:00\",\"dateModified\":\"2020-08-18T23:55:25+00:00\",\"breadcrumb\":{\"@id\":\"https:\/\/franciscanos.org.br\/carisma\/as-ordens#breadcrumb\"},\"inLanguage\":\"pt-BR\",\"potentialAction\":[{\"@type\":\"ReadAction\",\"target\":[\"https:\/\/franciscanos.org.br\/carisma\/as-ordens\"]}]},{\"@type\":\"BreadcrumbList\",\"@id\":\"https:\/\/franciscanos.org.br\/carisma\/as-ordens#breadcrumb\",\"itemListElement\":[{\"@type\":\"ListItem\",\"position\":1,\"name\":\"Home\",\"item\":\"https:\/\/franciscanos.org.br\/carisma\"},{\"@type\":\"ListItem\",\"position\":2,\"name\":\"As ordens\"}]}]}<\/script>\n<!-- \/ Yoast SEO plugin. -->","yoast_head_json":{"title":"As ordens - Carisma - Franciscanos","robots":{"index":"index","follow":"follow","max-snippet":"max-snippet:-1","max-image-preview":"max-image-preview:large","max-video-preview":"max-video-preview:-1"},"canonical":"https:\/\/franciscanos.org.br\/carisma\/as-ordens","og_locale":"pt_BR","og_type":"article","og_title":"As ordens - Carisma - Franciscanos","og_description":"[vc_row parallax=&#8221;content-moving&#8221; parallax_image=&#8221;175071&#8243;][vc_column][vc_empty_space][vc_custom_heading text=&#8221;As tr\u00eas ordens&#8221; font_container=&#8221;tag:h2|font_size:50px|text_align:center|color:%23ffffff|line_height:50px&#8221; google_fonts=&#8221;font_family:Playfair%20Display%3Aregular%2Citalic%2C700%2C700italic%2C900%2C900italic|font_style:700%20bold%20regular%3A700%3Anormal&#8221;][vc_empty_space height=&#8221;50px&#8221;][\/vc_column][\/vc_row][vc_section][vc_row][vc_column width=&#8221;1\/6&#8243;][\/vc_column][vc_column width=&#8221;2\/3&#8243;][vc_empty_space height=&#8221;100px&#8221;][vc_row_inner][vc_column_inner width=&#8221;1\/2&#8243;][vc_custom_heading text=&#8221;Primeira Ordem&#8221; font_container=&#8221;tag:h2|font_size:20px|text_align:left|color:%23a34c00|line_height:20px&#8221; google_fonts=&#8221;font_family:Playfair%20Display%3Aregular%2Citalic%2C700%2C700italic%2C900%2C900italic|font_style:700%20bold%20regular%3A700%3Anormal&#8221; css=&#8221;.vc_custom_1541649154531{margin-bottom: 0px !important;}&#8221;][vc_custom_heading text=&#8221;Ordem dos Frades Menores&#8221; font_container=&#8221;tag:h2|font_size:30px|text_align:left|color:%23a57626|line_height:30px&#8221; google_fonts=&#8221;font_family:Playfair%20Display%3Aregular%2Citalic%2C700%2C700italic%2C900%2C900italic|font_style:700%20bold%20regular%3A700%3Anormal&#8221;][vc_empty_space][vc_column_text]Ap\u00f3s a convers\u00e3o, pouco a pouco, ao redor de Francisco se forma um grupo disposto a viver toda essa experi\u00eancia de comunh\u00e3o com o mist\u00e9rio de Deus que se lhe [&hellip;]","og_url":"https:\/\/franciscanos.org.br\/carisma\/as-ordens","og_site_name":"Carisma - Franciscanos","article_modified_time":"2020-08-18T23:55:25+00:00","author":"admin","twitter_card":"summary_large_image","twitter_misc":{"Est. tempo de leitura":"9 minutos"},"schema":{"@context":"https:\/\/schema.org","@graph":[{"@type":"WebSite","@id":"https:\/\/franciscanos.org.br\/carisma\/#website","url":"https:\/\/franciscanos.org.br\/carisma\/","name":"Carisma - Franciscanos","description":"Prov\u00edncia Franciscana da Imaculada Concei\u00e7\u00e3o do Brasil - Ordem dos Frades Menores","potentialAction":[{"@type":"SearchAction","target":{"@type":"EntryPoint","urlTemplate":"https:\/\/franciscanos.org.br\/carisma\/?s={search_term_string}"},"query-input":"required name=search_term_string"}],"inLanguage":"pt-BR"},{"@type":"WebPage","@id":"https:\/\/franciscanos.org.br\/carisma\/as-ordens#webpage","url":"https:\/\/franciscanos.org.br\/carisma\/as-ordens","name":"As ordens - Carisma - Franciscanos","isPartOf":{"@id":"https:\/\/franciscanos.org.br\/carisma\/#website"},"datePublished":"2018-10-25T12:53:31+00:00","dateModified":"2020-08-18T23:55:25+00:00","breadcrumb":{"@id":"https:\/\/franciscanos.org.br\/carisma\/as-ordens#breadcrumb"},"inLanguage":"pt-BR","potentialAction":[{"@type":"ReadAction","target":["https:\/\/franciscanos.org.br\/carisma\/as-ordens"]}]},{"@type":"BreadcrumbList","@id":"https:\/\/franciscanos.org.br\/carisma\/as-ordens#breadcrumb","itemListElement":[{"@type":"ListItem","position":1,"name":"Home","item":"https:\/\/franciscanos.org.br\/carisma"},{"@type":"ListItem","position":2,"name":"As ordens"}]}]}},"_links":{"self":[{"href":"https:\/\/franciscanos.org.br\/carisma\/wp-json\/wp\/v2\/pages\/13472"}],"collection":[{"href":"https:\/\/franciscanos.org.br\/carisma\/wp-json\/wp\/v2\/pages"}],"about":[{"href":"https:\/\/franciscanos.org.br\/carisma\/wp-json\/wp\/v2\/types\/page"}],"author":[{"embeddable":true,"href":"https:\/\/franciscanos.org.br\/carisma\/wp-json\/wp\/v2\/users\/1"}],"replies":[{"embeddable":true,"href":"https:\/\/franciscanos.org.br\/carisma\/wp-json\/wp\/v2\/comments?post=13472"}],"version-history":[{"count":3,"href":"https:\/\/franciscanos.org.br\/carisma\/wp-json\/wp\/v2\/pages\/13472\/revisions"}],"predecessor-version":[{"id":177106,"href":"https:\/\/franciscanos.org.br\/carisma\/wp-json\/wp\/v2\/pages\/13472\/revisions\/177106"}],"wp:attachment":[{"href":"https:\/\/franciscanos.org.br\/carisma\/wp-json\/wp\/v2\/media?parent=13472"}],"curies":[{"name":"wp","href":"https:\/\/api.w.org\/{rel}","templated":true}]}}